000
CXUS53 KLMK 011027
CF6LOU
PRELIMINARY LOCAL CLIMATOLOGICAL DATA (WS FORM: F-6)

                                          STATION:   LOUISVILLE BOWMAN KY
                                          MONTH:     APRIL
                                          YEAR:      2016
                                          LATITUDE:   38 13 N
                                          LONGITUDE:  85 40 W

  TEMPERATURE IN F:       :PCPN:    SNOW:  WIND      :SUNSHINE: SKY     :PK WND
================================================================================
1   2   3   4   5  6A  6B    7    8   9   10  11  12  13   14  15   16   17  18
                                     12Z  AVG MX 2MIN
DY MAX MIN AVG DEP HDD CDD  WTR  SNW DPTH SPD SPD DIR MIN PSBL S-S WX    SPD DR
================================================================================

 1  64  49  57   5   8   0    T    M    M  9.8 24 260   M    M   4        36 250
 2  58  40  49  -4  16   0 0.00    M    M 16.8 38 280   M    M   2        52 270
 3  63  31  47  -6  18   0 0.00    M    M  7.8 17 210   M    M   0        23 200
 4  71  39  55   2  10   0 0.00    M    M 12.5 22 320   M    M   1        31 360
 5  52  33  43 -11  22   0 0.00    M    M  6.6 13  60   M    M   2        18 340
 6  68  40  54   0  11   0 0.04    M    M 11.4 29 290   M    M   4 8      40 270
 7  51  41  46  -8  19   0    T    M    M 12.9 29 280   M    M   9        35 280
 8  49  33  41 -14  24   0 0.09    M    M  7.8 30 270   M    M   7 8      44 280
 9  47  33  40 -15  25   0 0.00    M    M  9.2 21 300   M    M   3        27 300
10  62  35  49  -6  16   0 0.02    M    M  9.2 21 180   M    M   8        27 190
11  66  45  56   0   9   0 0.85    M    M  8.9 23 310   M    M   9 13     37 200
12  58  35  47  -9  18   0 0.00    M    M  4.4 13 360   M    M   0 1      19  50
13  66  40  53  -3  12   0 0.00    M    M  6.6 14 100   M    M   0        20  60
14  73  41  57   0   8   0 0.00    M    M  5.7 12  60   M    M   1        16  60
15  79  49  64   7   1   0 0.00    M    M  3.5 12 100   M    M   2 8      15  90
16  78  52  65   8   0   0 0.00    M    M  3.2 14  70   M    M   0        19  50
17  83  48  66   8   0   1 0.00    M    M  1.4 10  60   M    M   0        13  50
18  86  50  68  10   0   3 0.00    M    M  1.4  9 270   M    M   0 8      12 270
19  83  55  69  11   0   4 0.00    M    M  1.1  9 230   M    M   1        11 200
20  85  57  71  12   0   6    T    M    M  4.6 17 300   M    M   1        24 280
21  73  58  66   7   0   1 0.30    M    M  5.8 22 280   M    M   6 1      26 270
22  70  55  63   4   2   0 0.16    M    M  5.3 17 310   M    M   5 13     22 320
23  70  52  61   1   4   0 0.00    M    M  4.4 10 350   M    M   5 18     17 340
24  78  45  62   2   3   0 0.00    M    M  2.8 10 170   M    M   0        15 220
25  83  55  69   9   0   4 0.00    M    M  6.9 20 230   M    M   2        27 240
26  84  63  74  14   0   9 0.35    M    M  6.9 31 280   M    M   6 13     44 270
27  72  60  66   5   0   1 0.79    M    M  3.9 22 220   M    M   8 13     32 230
28  79  61  70   9   0   5    T    M    M  7.8 22 280   M    M   5        29 260
29  71  54  63   2   2   0 0.00    M    M  4.2 14  60   M    M   2        19  60
30  67  58  63   1   2   0 0.53    M    M  5.4 13  70   M    M  10 1      17  70
================================================================================
SM 2089 1407       230  34  3.13    M    198.2          M      103
================================================================================
AV 69.6 46.9                               6.6 FASTST   M    M   3    MAX(MPH)
                                 MISC ---->  # 38 280               # 52  270
================================================================================
NOTES:
# LAST OF SEVERAL OCCURRENCES

COLUMN 17 PEAK WIND IN M.P.H.

PRELIMINARY LOCAL CLIMATOLOGICAL DATA (WS FORM: F-6) , PAGE 2

                                          STATION:  LOUISVILLE BOWMAN KY
                                          MONTH:    APRIL
                                          YEAR:     2016
                                          LATITUDE:   38 13 N
                                          LONGITUDE:  85 40 W

[TEMPERATURE DATA]      [PRECIPITATION DATA]       SYMBOLS USED IN COLUMN 16

AVERAGE MONTHLY: 58.3   TOTAL FOR MONTH:   3.13    1 = FOG OR MIST
DPTR FM NORMAL:   1.2   DPTR FM NORMAL:   -0.95    2 = FOG REDUCING VISIBILITY
HIGHEST:    86 ON 18    GRTST 24HR  1.16 ON 31- 1      TO 1/4 MILE OR LESS
LOWEST:     31 ON  3                               3 = THUNDER
                        SNOW, ICE PELLETS, HAIL    4 = ICE PELLETS
                        TOTAL MONTH:    M          5 = HAIL
                        GRTST 24HR    M  ON   M    6 = FREEZING RAIN OR DRIZZLE
                        GRTST DEPTH:  M  ON   M    7 = DUSTSTORM OR SANDSTORM:
                                                       VSBY 1/2 MILE OR LESS
                                                   8 = SMOKE OR HAZE
[NO. OF DAYS WITH]      [WEATHER - DAYS WITH]      9 = BLOWING SNOW
                                                   X = TORNADO
MAX 32 OR BELOW:   0    0.01 INCH OR MORE:   9
MAX 90 OR ABOVE:   0    0.10 INCH OR MORE:   6
MIN 32 OR BELOW:   1    0.50 INCH OR MORE:   3
MIN  0 OR BELOW:   0    1.00 INCH OR MORE:   0

[HDD (BASE 65) ]
TOTAL THIS MO.   230    CLEAR  (SCALE 0-3)  17
DPTR FM NORMAL   -38    PTCLDY (SCALE 4-7)  10
TOTAL FM JUL 1  3382    CLOUDY (SCALE 8-10)  3
DPTR FM NORMAL  -809

[CDD (BASE 65) ]
TOTAL THIS MO.    34
DPTR FM NORMAL     4    [PRESSURE DATA]
TOTAL FM JAN 1    38    HIGHEST SLP 30.47 ON  5
DPTR FM NORMAL     4    LOWEST  SLP 29.58 ON  6

[REMARKS]
#FINAL-04-16#
