000
CXUS54 KLZK 011130
CF6LRF
PRELIMINARY LOCAL CLIMATOLOGICAL DATA (WS FORM: F-6)

                                          STATION:   Jacksonville/Little Rock AFB
                                          MONTH:     AUGUST
                                          YEAR:      2015
                                          LATITUDE:   34 55 N
                                          LONGITUDE:  92  9 W

  TEMPERATURE IN F:       :PCPN:    SNOW:  WIND      :SUNSHINE: SKY     :PK WND
================================================================================
1   2   3   4   5  6A  6B    7    8   9   10  11  12  13   14  15   16   17  18
                                     12Z  AVG MX 2MIN
DY MAX MIN AVG DEP HDD CDD  WTR  SNW DPTH SPD SPD DIR MIN PSBL S-S WX    SPD DR
================================================================================

 1  98  66  82  -1   0  17 0.00  0.0    0  2.4 10 190   M    M   0         M  M
 2  98  67  83   0   0  18 0.00  0.0    0  3.5 10 200   M    M   0         M  M
 3  99  68  84   2   0  19 0.00  0.0    0  3.1  8 130   M    M   1         M  M
 4  99  69  84   2   0  19    T  0.0    0  3.7 10 190   M    M   2         M  M
 5  99  74  87   5   0  22 0.02  0.0    0  5.9 17 220   M    M   3 3      23 220
 6  96  73  85   3   0  20 0.16  0.0    0  4.7 12  50   M    M   3 13      M  M
 7 103  76  90   8   0  25 0.00  0.0    0  7.0 15 180   M    M   1        20 180
 8   M   M   M   M   M   M    T    M    0  5.8 13  70   M    M   1        21  50
 9 100  74  87   5   0  22 0.00  0.0    0  4.6 12  70   M    M   1         M  M
10  96  76  86   4   0  21 0.00  0.0    0  5.1 18  30   M    M   2        38  30
11  96  74  85   3   0  20 0.00  0.0    0  5.1 13  60   M    M   2         M  M
12  91  68  80  -2   0  15 0.00  0.0    0  7.2 15  90   M    M   2        18  40
13  89  63  76  -6   0  11 0.00  0.0    0  5.3 13  80   M    M   0        18  90
14  90  63  77  -5   0  12 0.00  0.0    0  5.9 14  80   M    M   0        21  80
15  92  64  78  -3   0  13 0.00  0.0    0  6.4 14  70   M    M   0        17  70
16  95  68  82   1   0  17 0.00  0.0    0  6.1 12  60   M    M   1        17  99
17  94  69  82   1   0  17 0.00  0.0    0  4.1  8 100   M    M   1         M  M
18  95  70  83   2   0  18 0.00  0.0    0  5.9 12 340   M    M   1 3      20 170
19  84  66  75  -6   0  10 0.72  0.0    0  5.6 16 320   M    M   9 13     33 310
20  81  60  71 -10   0   6 0.01  0.0    0  4.3  9  70   M    M   2         M  M
21  86  63  75  -5   0  10 0.00  0.0    0  3.5  9  60   M    M   5         M  M
22   M   M   M   M   M   M 0.45  0.0    0  3.1 12 320   M    M   4 13     18 320
23  87  69  78  -2   0  13 0.28  0.0    M  2.3  7 270   M    M   4 138     M  M
24  85  64  75  -5   0  10 0.00  0.0    0  3.7  7  99   M    M   5         M  M
25  88  55  72  -8   0   7    T  0.0    0  2.7  8 340   M    M   0         M  M
26  89  61  75  -4   0  10 0.00  0.0    0  2.9 12 360   M    M   0         M  M
27  85  61  73  -6   0   8 0.00  0.0    0  3.9  9  80   M    M   0         M  M
28  87  58  73  -6   0   8 0.00  0.0    0  2.4  9  90   M    M   1         M  M
29  87  65  76  -3   0  11    T  0.0    0  2.2  6 160   M    M   3 8       M  M
30  95  65  80   1   0  15 0.00  0.0    0  3.6 10 230   M    M   0        17 230
31  94  68  81   3   0  16    T  0.0    0  2.9  8 130   M    M   1         M  M
================================================================================
SM 2678 1937         0 430  1.64     0.0 134.9          M       55
================================================================================
AV 92.3 66.8                               4.4 FASTST   M    M   2    MAX(MPH)
                                 MISC ---->    18   M               # 38   30
================================================================================
NOTES:
# LAST OF SEVERAL OCCURRENCES

COLUMN 17 PEAK WIND IN M.P.H.

PRELIMINARY LOCAL CLIMATOLOGICAL DATA (WS FORM: F-6) , PAGE 2

                                          STATION:  Jacksonville/Little Rock AFB
                                          MONTH:    AUGUST
                                          YEAR:     2015
                                          LATITUDE:   34 55 N
                                          LONGITUDE:  92  9 W

[TEMPERATURE DATA]      [PRECIPITATION DATA]       SYMBOLS USED IN COLUMN 16

AVERAGE MONTHLY: 79.6   TOTAL FOR MONTH:   1.64    1 = FOG OR MIST
DPTR FM NORMAL:  -1.4   DPTR FM NORMAL:       M    2 = FOG REDUCING VISIBILITY
HIGHEST:   103 ON  7    GRTST 24HR  0.72 ON 19-19      TO 1/4 MILE OR LESS
LOWEST:     55 ON 25                               3 = THUNDER
                        SNOW, ICE PELLETS, HAIL    4 = ICE PELLETS
                        TOTAL MONTH:   0.0 INCH    5 = HAIL
                        GRTST 24HR     0.0         6 = FREEZING RAIN OR DRIZZLE
                        GRTST DEPTH:   0           7 = DUSTSTORM OR SANDSTORM:
                                                       VSBY 1/2 MILE OR LESS
                                                   8 = SMOKE OR HAZE
[NO. OF DAYS WITH]      [WEATHER - DAYS WITH]      9 = BLOWING SNOW
                                                   X = TORNADO
MAX 32 OR BELOW:   0    0.01 INCH OR MORE:   6
MAX 90 OR ABOVE:  18    0.10 INCH OR MORE:   4
MIN 32 OR BELOW:   0    0.50 INCH OR MORE:   1
MIN  0 OR BELOW:   0    1.00 INCH OR MORE:   0

[HDD (BASE 65) ]
TOTAL THIS MO.     0    CLEAR  (SCALE 0-3)  25
DPTR FM NORMAL    -5    PTCLDY (SCALE 4-7)   5
TOTAL FM JUL 1     0    CLOUDY (SCALE 8-10)  1
DPTR FM NORMAL   -11

[CDD (BASE 65) ]
TOTAL THIS MO.   430
DPTR FM NORMAL   -63    [PRESSURE DATA]
TOTAL FM JAN 1  1694    HIGHEST SLP M ON M
DPTR FM NORMAL    23    LOWEST  SLP M ON M

[REMARKS]
#FINAL-08-15#
#FINAL-08-15#
