000
CXUS54 KFWD 190730
CF6LUD
PRELIMINARY LOCAL CLIMATOLOGICAL DATA (WS FORM: F-6)

                                          STATION:   DECATUR
                                          MONTH:     JANUARY
                                          YEAR:      2017
                                          LATITUDE:   33 15 N
                                          LONGITUDE:  97 30 W

  TEMPERATURE IN F:       :PCPN:    SNOW:  WIND      :SUNSHINE: SKY     :PK WND
================================================================================
1   2   3   4   5  6A  6B    7    8   9   10  11  12  13   14  15   16   17  18
                                     12Z  AVG MX 2MIN
DY MAX MIN AVG DEP HDD CDD  WTR  SNW DPTH SPD SPD DIR MIN PSBL S-S WX    SPD DR
================================================================================

 1  68  38  53  11  12   0 0.01  0.0    0  2.9  8 120   M    M   2 1       M  M
 2  69  51  60  18   5   0 0.00  0.0    0  7.7 15 240   M    M   3 12     20 240
 3  58  30  44   2  21   0 0.00  0.0    0 10.9 16 330   M    M   6 1      28 320
 4  38  27  33  -9  32   0 0.00  0.0    0  4.4  8 120   M    M   0         M  M
 5  34  21  28 -14  37   0 0.00  0.0    0  7.9 14  10   M    M   3 1      23 360
 6  21  18  20 -22  45   0    M    M    M  9.9 14  10   M    M   7        21  20
 7  39  10  25 -17  40   0 0.00  0.0    M  2.6  6 250   M    M   0         M  M
 8  46  26  36  -6  29   0 0.00  0.0    0 11.4 20 140   M    M   0        24 150
 9  67  33  50   8  15   0 0.00  0.0    0 14.0 21 180   M    M   0        29 170
10  75  57  66  24   0   1 0.00  0.0    0  9.3 24 180   M    M   0        31 180
11  78  56  67  25   0   2 0.00  0.0    0 14.3 21 190   M    M   0        29 190
12  68  42  55  13  10   0 0.00  0.0    0  8.2 13 180   M    M   8        20 180
13  44  35  40  -2  25   0 0.01  0.0    0  5.7  8 330   M    M  10 1       M  M
14  40  34  37  -5  28   0 0.00  0.0    0  4.7  7  30   M    M  10 12      M  M
15  61  39  50   8  15   0 0.01  0.0    0  5.7 14 120   M    M  10 12     22 120
16   M  46   M   M   M   M 0.00  0.0    0  6.7 10 240   M    M   5 128     M  M
17   M   M   M   M   M   M 0.00  0.0    0  4.1 10 320   M    M   3         M  M
18   M   M   M   M   M   M 0.00  0.0    0  2.9  9 280   M    M   8 12      M  M
================================================================================
SM  806  563       314   3  0.03     0.0 133.3          M       75
================================================================================
AV 53.7 35.2                               7.4 FASTST   M    M   4    MAX(MPH)
                                 MISC ---->    24   M                 31    M
================================================================================
NOTES:
# LAST OF SEVERAL OCCURRENCES

COLUMN 17 PEAK WIND IN M.P.H.

PRELIMINARY LOCAL CLIMATOLOGICAL DATA (WS FORM: F-6) , PAGE 2

                                          STATION:  DECATUR
                                          MONTH:    JANUARY
                                          YEAR:     2017
                                          LATITUDE:   33 15 N
                                          LONGITUDE:  97 30 W

[TEMPERATURE DATA]      [PRECIPITATION DATA]       SYMBOLS USED IN COLUMN 16

AVERAGE MONTHLY: 44.5   TOTAL FOR MONTH:   0.03    1 = FOG OR MIST
DPTR FM NORMAL:   2.5   DPTR FM NORMAL:   -0.91    2 = FOG REDUCING VISIBILITY
HIGHEST:    78 ON 11    GRTST 24HR  0.01 ON 15-15      TO 1/4 MILE OR LESS
LOWEST:     10 ON  7                               3 = THUNDER
                        SNOW, ICE PELLETS, HAIL    4 = ICE PELLETS
                        TOTAL MONTH:   0.0 INCH    5 = HAIL
                        GRTST 24HR     0.0         6 = FREEZING RAIN OR DRIZZLE
                        GRTST DEPTH:   0           7 = DUSTSTORM OR SANDSTORM:
                                                       VSBY 1/2 MILE OR LESS
                                                   8 = SMOKE OR HAZE
[NO. OF DAYS WITH]      [WEATHER - DAYS WITH]      9 = BLOWING SNOW
                                                   X = TORNADO
MAX 32 OR BELOW:   1    0.01 INCH OR MORE:   3
MAX 90 OR ABOVE:   0    0.10 INCH OR MORE:   0
MIN 32 OR BELOW:   6    0.50 INCH OR MORE:   0
MIN  0 OR BELOW:   0    1.00 INCH OR MORE:   0

[HDD (BASE 65) ]
TOTAL THIS MO.   314    CLEAR  (SCALE 0-3)   9
DPTR FM NORMAL  -100    PTCLDY (SCALE 4-7)   5
TOTAL FM JUL 1  1029    CLOUDY (SCALE 8-10)  4
DPTR FM NORMAL  -531

[CDD (BASE 65) ]
TOTAL THIS MO.     3
DPTR FM NORMAL     3    [PRESSURE DATA]
TOTAL FM JAN 1     3    HIGHEST SLP M ON M
DPTR FM NORMAL     3    LOWEST  SLP M ON M

[REMARKS]
