000
CXUS54 KHGX 171415
CF6LVJ
PRELIMINARY LOCAL CLIMATOLOGICAL DATA (WS FORM: F-6)

                                          STATION:   HOUSTON/CLOVER_FIELD
                                          MONTH:     AUGUST
                                          YEAR:      2017
                                          LATITUDE:   29 31 N
                                          LONGITUDE:  95 14 W

  TEMPERATURE IN F:       :PCPN:    SNOW:  WIND      :SUNSHINE: SKY     :PK WND
================================================================================
1   2   3   4   5  6A  6B    7    8   9   10  11  12  13   14  15   16   17  18
                                     12Z  AVG MX 2MIN
DY MAX MIN AVG DEP HDD CDD  WTR  SNW DPTH SPD SPD DIR MIN PSBL S-S WX    SPD DR
================================================================================

 1  95  77  86   3   0  21 0.00  0.0    0  7.2 17  70   M    M   2        23 100
 2  90  77  84   0   0  19 0.16  0.0    0  3.7 21  60   M    M   4 13     25  60
 3  92  78  85   1   0  20 0.06  0.0    0  2.7 12 140   M    M   5 18     14 140
 4  96  78  87   3   0  22 0.00  0.0    0  3.1 17 130   M    M   3 138    21 130
 5  91  78  85   1   0  20 0.67  0.0    0  4.4 14 280   M    M   1 38     18 130
 6  93  81  87   3   0  22 0.05  0.0    0  7.3 20 170   M    M   1 3      25 170
 7  92  77  85   1   0  20 0.59  0.0    0  5.1 22 270   M    M   3 38     31 260
 8  90  77  84   0   0  19 0.22  0.0    0  3.8 14 200   M    M   7 1      23 200
 9  95  77  86   2   0  21 0.00  0.0    0  4.0 13 170   M    M   4 18     17 180
10  97  79  88   4   0  23 0.02  0.0    0  4.0 13 170   M    M   1 3      16 220
11  96  81  89   5   0  24 0.00  0.0    0  3.8 14 200   M    M   1 13     18 200
12  98  80  89   5   0  24 0.00  0.0    0  5.1 15 180   M    M   2        21 180
13  98  80  89   5   0  24 0.00  0.0    0  6.7 14 190   M    M   1        19 200
14  97  81  89   5   0  24 0.00  0.0    0  6.7 17 170   M    M   1        22 160
15  97  81  89   5   0  24 0.00  0.0    0  5.9 17 170   M    M   2        25 170
16  96  83  90   6   0  25    T  0.0    0  9.0 18 180   M    M   2        27 180
================================================================================
SM 1513 1265         0 352  1.77     0.0  82.5          M       40
================================================================================
AV 94.6 79.1                               5.2 FASTST   M    M   3    MAX(MPH)
                                 MISC ---->  # 22 270               # 31  260
================================================================================
NOTES:
# LAST OF SEVERAL OCCURRENCES

COLUMN 17 PEAK WIND IN M.P.H.

PRELIMINARY LOCAL CLIMATOLOGICAL DATA (WS FORM: F-6) , PAGE 2

                                          STATION:  HOUSTON/CLOVER_FIELD
                                          MONTH:    AUGUST
                                          YEAR:     2017
                                          LATITUDE:   29 31 N
                                          LONGITUDE:  95 14 W

[TEMPERATURE DATA]      [PRECIPITATION DATA]       SYMBOLS USED IN COLUMN 16

AVERAGE MONTHLY: 86.8   TOTAL FOR MONTH:   1.77    1 = FOG OR MIST
DPTR FM NORMAL:   2.9   DPTR FM NORMAL:   -0.31    2 = FOG REDUCING VISIBILITY
HIGHEST:    98 ON 13,12 GRTST 24HR  0.67 ON  5- 5      TO 1/4 MILE OR LESS
LOWEST:     77 ON  9, 8                            3 = THUNDER
                        SNOW, ICE PELLETS, HAIL    4 = ICE PELLETS
                        TOTAL MONTH:   0.0 INCH    5 = HAIL
                        GRTST 24HR     0.0         6 = FREEZING RAIN OR DRIZZLE
                        GRTST DEPTH:   0           7 = DUSTSTORM OR SANDSTORM:
                                                       VSBY 1/2 MILE OR LESS
                                                   8 = SMOKE OR HAZE
[NO. OF DAYS WITH]      [WEATHER - DAYS WITH]      9 = BLOWING SNOW
                                                   X = TORNADO
MAX 32 OR BELOW:   0    0.01 INCH OR MORE:   7
MAX 90 OR ABOVE:  16    0.10 INCH OR MORE:   4
MIN 32 OR BELOW:   0    0.50 INCH OR MORE:   2
MIN  0 OR BELOW:   0    1.00 INCH OR MORE:   0

[HDD (BASE 65) ]
TOTAL THIS MO.     0    CLEAR  (SCALE 0-3)  11
DPTR FM NORMAL     0    PTCLDY (SCALE 4-7)   5
TOTAL FM JUL 1     0    CLOUDY (SCALE 8-10)  0
DPTR FM NORMAL     0

[CDD (BASE 65) ]
TOTAL THIS MO.   352
DPTR FM NORMAL    51    [PRESSURE DATA]
TOTAL FM JAN 1  2702    HIGHEST SLP M ON M
DPTR FM NORMAL   757    LOWEST  SLP 29.79 ON 14

[REMARKS]
