000
CXUS54 KHGX 011900
CF6LVJ
PRELIMINARY LOCAL CLIMATOLOGICAL DATA (WS FORM: F-6)

                                          STATION:   HOUSTON/CLOVER_FIELD
                                          MONTH:     JULY
                                          YEAR:      2014
                                          LATITUDE:   29 31 N
                                          LONGITUDE:  95 14 W

  TEMPERATURE IN F:       :PCPN:    SNOW:  WIND      :SUNSHINE: SKY     :PK WND
================================================================================
1   2   3   4   5  6A  6B    7    8   9   10  11  12  13   14  15   16   17  18
                                     12Z  AVG MX 2MIN
DY MAX MIN AVG DEP HDD CDD  WTR  SNW DPTH SPD SPD DIR MIN PSBL S-S WX    SPD DR
================================================================================

 1  93  76  85   2   0  20 0.00  0.0    0  5.7 16 170   M    M   2 3      20 170
 2  94  74  84   1   0  19 0.04  0.0    0  2.3 17 120   M    M   1 138    20 190
 3  95  74  85   2   0  20 0.00  0.0    0  3.3 20 350   M    M   1        24 340
 4  91  75  83   0   0  18 0.37  0.0    0  6.0 22  40   M    M   2 13     30  40
 5  90  75  83   0   0  18    T  0.0    0  4.3 18 150   M    M   0 138    26 140
 6  90  74  82  -1   0  17    T  0.0    0  4.3 16 180   M    M   1 138    20 190
 7  93  75  84   1   0  19 0.00  0.0    0  4.7 16 170   M    M   1 3      21 140
 8  93  76  85   2   0  20 0.00  0.0    0  5.1 14 140   M    M   1 3      19 160
 9  94  74  84   1   0  19 0.00  0.0    0  4.8 16 160   M    M   1        20 150
10  93  75  84   1   0  19 0.00  0.0    0  4.3 16 180   M    M   0 3      23 180
11  94  74  84   1   0  19 0.00  0.0    0  5.5 14 160   M    M   1        19 140
12  94  74  84   1   0  19 0.04  0.0    0  2.3 15 120   M    M   2        19 110
13  94  76  85   2   0  20    T  0.0    0  3.2 14  30   M    M   1 3      21 230
14  92  77  85   2   0  20 0.00  0.0    0  4.5 13 170   M    M   1 3      16 150
15  89  77  83   0   0  18 0.03  0.0    0  4.4 20 350   M    M   1        25 350
16  91  75  83   0   0  18    T  0.0    0  3.6 16 130   M    M   1 3      20 130
17  87  77  82  -1   0  17 0.34  0.0    0  7.0 18 170   M    M   2 13     24 160
18  85  77  81  -2   0  16 0.83  0.0    0  4.7 17 320   M    M   6 13     21 330
19  89  74  82  -1   0  17 0.00  0.0    0  6.1 13  40   M    M   8 18     15  20
20  92  77  85   2   0  20    T  0.0    0  5.0 15 140   M    M   5 138    19 130
21  95  78  87   4   0  22 0.03  0.0    0  3.8 15 170   M    M   2 13     22 190
22  95  77  86   3   0  21    T  0.0    0  2.5 12  70   M    M   3 13     14  80
23  92  75  84   1   0  19 1.17  0.0    0  4.6 25  50   M    M   1 138    31  50
24  90  75  83   0   0  18 0.07  0.0    0  2.9 17 200   M    M   2 138    26 200
25  94  76  85   2   0  20 0.00  0.0    0  3.5 14 200   M    M   1 18     21 190
26  92  77  85   2   0  20    T  0.0    0  5.2 17 170   M    M   1 3      23 170
27  94  77  86   3   0  21 0.00  0.0    0  5.2 15 180   M    M   1        21 170
28  97  76  87   4   0  22 0.00  0.0    0  4.6 13 190   M    M   1 1      17 190
29  96  77  87   4   0  22    T  0.0    0  3.6 22 350   M    M   3 13     27 350
30  92  75  84   1   0  19 0.00  0.0    0  5.5 14 120   M    M   2        19 100
31  93  77  85   2   0  20 0.08  0.0    0  5.8 15 170   M    M   1 3      20 180
================================================================================
SM 2863 2346         0 597  3.00     0.0 138.3          M       56
================================================================================
AV 92.4 75.7                               4.5 FASTST   M    M   2    MAX(MPH)
                                 MISC ---->  # 25  50               # 31   50
================================================================================
NOTES:
# LAST OF SEVERAL OCCURRENCES

COLUMN 17 PEAK WIND IN M.P.H.

PRELIMINARY LOCAL CLIMATOLOGICAL DATA (WS FORM: F-6) , PAGE 2

                                          STATION:  HOUSTON/CLOVER_FIELD
                                          MONTH:    JULY
                                          YEAR:     2014
                                          LATITUDE:   29 31 N
                                          LONGITUDE:  95 14 W

[TEMPERATURE DATA]      [PRECIPITATION DATA]       SYMBOLS USED IN COLUMN 16

AVERAGE MONTHLY: 84.0   TOTAL FOR MONTH:   3.00    1 = FOG OR MIST
DPTR FM NORMAL:   1.0   DPTR FM NORMAL:   -1.71    2 = FOG REDUCING VISIBILITY
HIGHEST:    97 ON 28    GRTST 24HR  1.17 ON 23-23      TO 1/4 MILE OR LESS
LOWEST:     74 ON 19,12                            3 = THUNDER
                        SNOW, ICE PELLETS, HAIL    4 = ICE PELLETS
                        TOTAL MONTH:   0.0 INCH    5 = HAIL
                        GRTST 24HR     0.0         6 = FREEZING RAIN OR DRIZZLE
                        GRTST DEPTH:   0           7 = DUSTSTORM OR SANDSTORM:
                                                       VSBY 1/2 MILE OR LESS
                                                   8 = SMOKE OR HAZE
[NO. OF DAYS WITH]      [WEATHER - DAYS WITH]      9 = BLOWING SNOW
                                                   X = TORNADO
MAX 32 OR BELOW:   0    0.01 INCH OR MORE:  10
MAX 90 OR ABOVE:  27    0.10 INCH OR MORE:   4
MIN 32 OR BELOW:   0    0.50 INCH OR MORE:   2
MIN  0 OR BELOW:   0    1.00 INCH OR MORE:   1

[HDD (BASE 65) ]
TOTAL THIS MO.     0    CLEAR  (SCALE 0-3)  28
DPTR FM NORMAL     0    PTCLDY (SCALE 4-7)   2
TOTAL FM JUL 1     0    CLOUDY (SCALE 8-10)  1
DPTR FM NORMAL     0

[CDD (BASE 65) ]
TOTAL THIS MO.   597
DPTR FM NORMAL    41    [PRESSURE DATA]
TOTAL FM JAN 1  1701    HIGHEST SLP 30.20 ON  4
DPTR FM NORMAL    57    LOWEST  SLP 29.84 ON 18

[REMARKS]
#FINAL-07-14#
