000
CXUS56 KMTR 261000
CF6LVK
PRELIMINARY LOCAL CLIMATOLOGICAL DATA (WS FORM: F-6)

                                          STATION:   LIVERMORE AIRPORT
                                          MONTH:     MARCH
                                          YEAR:      2017
                                          LATITUDE:   37 42 N
                                          LONGITUDE: 121 49 W

  TEMPERATURE IN F:       :PCPN:    SNOW:  WIND      :SUNSHINE: SKY     :PK WND
================================================================================
1   2   3   4   5  6A  6B    7    8   9   10  11  12  13   14  15   16   17  18
                                     12Z  AVG MX 2MIN
DY MAX MIN AVG DEP HDD CDD  WTR  SNW DPTH SPD SPD DIR MIN PSBL S-S WX    SPD DR
================================================================================

 1  61  32  47  -6  18   0 0.00  0.0    0  2.7 10  80   M    M   0        13  60
 2  64  32  48  -5  17   0 0.00  0.0    0  4.1 14  60   M    M   0        19  30
 3  69  34  52  -1  13   0 0.00  0.0    0  2.6 14 300   M    M   0        18 290
 4  60  47  54   1  11   0 0.28  0.0    0  9.7 22 280   M    M   7 1      27 290
 5  51  40  46  -7  19   0 0.30    M    0 10.5 30 260   M    M   6 1      37 250
 6  56  39  48  -5  17   0 0.02    M    0  4.6 15 280   M    M   6 8      18 280
 7  60  33  47  -6  18   0    T    M    0  2.2 12  60   M    M   2        16  60
 8  69  37  53   0  12   0 0.00  0.0    0  2.1 10  60   M    M   0        14  60
 9  72  42  57   4   8   0 0.00  0.0    0  1.9 12  60   M    M   0        14  60
10  70  49  60   7   5   0 0.00  0.0    0  2.5 12  50   M    M   0        14  60
11  75  45  60   7   5   0 0.00  0.0    0  3.5 13 290   M    M   0        15 290
12  77  43  60   6   5   0 0.00  0.0    0  1.9 10 300   M    M   0        13 290
13  75  42  59   5   6   0 0.00  0.0    0  4.7 16  40   M    M   0        20  60
14  82  46  64  10   1   0 0.00  0.0    0  2.5 12  60   M    M   0        14  60
15  70  48  59   5   6   0 0.00  0.0    0  5.9 20 290   M    M   1 18     24 290
16  73  50  62   8   3   0 0.00  0.0    0  4.8 15 280   M    M   5        18 300
17  77  43  60   6   5   0 0.00  0.0    0  2.0  8  60   M    M   0        10  60
18  71  49  60   6   5   0 0.00  0.0    0  3.0 15 300   M    M   1        17 310
19  70  50  60   6   5   0 0.00  0.0    0  3.1 15 280   M    M   0        20 280
20  63  53  58   4   7   0 0.31  0.0    0  5.4 18 240   M    M   6 1      23 220
21  67  55  61   7   4   0 0.06  0.0    0  9.2 21 260   M    M   6 1      27 260
22  61  46  54   0  11   0 0.70    M    0  9.3 21 270   M    M   5 1      26 250
23  63  42  53  -1  12   0    T  0.0    0  4.8 17 280   M    M   3        22 270
24  58  50  54   0  11   0 0.12  0.0    0  3.5 18 200   M    M  10 18     26 210
25  65  49  57   3   8   0 0.00  0.0    0  5.9 15 270   M    M   5 1      19 250
================================================================================
SM 1679 1096       232   0  1.79     0.0 112.4          M       63
================================================================================
AV 67.2 43.8                               4.5 FASTST   M    M   3    MAX(MPH)
                                 MISC ---->  # 30 260               # 37  250
================================================================================
NOTES:
# LAST OF SEVERAL OCCURRENCES

COLUMN 17 PEAK WIND IN M.P.H.

PRELIMINARY LOCAL CLIMATOLOGICAL DATA (WS FORM: F-6) , PAGE 2

                                          STATION:  LIVERMORE AIRPORT
                                          MONTH:    MARCH
                                          YEAR:     2017
                                          LATITUDE:   37 42 N
                                          LONGITUDE: 121 49 W

[TEMPERATURE DATA]      [PRECIPITATION DATA]       SYMBOLS USED IN COLUMN 16

AVERAGE MONTHLY: 55.5   TOTAL FOR MONTH:   1.79    1 = FOG OR MIST
DPTR FM NORMAL:   1.9   DPTR FM NORMAL:   -0.02    2 = FOG REDUCING VISIBILITY
HIGHEST:    82 ON 14    GRTST 24HR  0.70 ON 22-22      TO 1/4 MILE OR LESS
LOWEST:     32 ON  2, 1                            3 = THUNDER
                        SNOW, ICE PELLETS, HAIL    4 = ICE PELLETS
                        TOTAL MONTH:   0.0 INCH    5 = HAIL
                        GRTST 24HR     0.0         6 = FREEZING RAIN OR DRIZZLE
                        GRTST DEPTH:   0           7 = DUSTSTORM OR SANDSTORM:
                                                       VSBY 1/2 MILE OR LESS
                                                   8 = SMOKE OR HAZE
[NO. OF DAYS WITH]      [WEATHER - DAYS WITH]      9 = BLOWING SNOW
                                                   X = TORNADO
MAX 32 OR BELOW:   0    0.01 INCH OR MORE:   7
MAX 90 OR ABOVE:   0    0.10 INCH OR MORE:   5
MIN 32 OR BELOW:   2    0.50 INCH OR MORE:   1
MIN  0 OR BELOW:   0    1.00 INCH OR MORE:   0

[HDD (BASE 65) ]
TOTAL THIS MO.   232    CLEAR  (SCALE 0-3)  15
DPTR FM NORMAL   -57    PTCLDY (SCALE 4-7)   9
TOTAL FM JUL 1  2091    CLOUDY (SCALE 8-10)  1
DPTR FM NORMAL  -205

[CDD (BASE 65) ]
TOTAL THIS MO.     0
DPTR FM NORMAL     0    [PRESSURE DATA]
TOTAL FM JAN 1     0    HIGHEST SLP M ON M
DPTR FM NORMAL     0    LOWEST  SLP 29.82 ON  5

[REMARKS]
