689
CXUS56 KMTR 251000
CF6LVK
PRELIMINARY LOCAL CLIMATOLOGICAL DATA (WS FORM: F-6)

                                          STATION:   LIVERMORE AIRPORT
                                          MONTH:     JULY
                                          YEAR:      2016
                                          LATITUDE:   37 42 N
                                          LONGITUDE: 121 49 W

  TEMPERATURE IN F:       :PCPN:    SNOW:  WIND      :SUNSHINE: SKY     :PK WND
================================================================================
1   2   3   4   5  6A  6B    7    8   9   10  11  12  13   14  15   16   17  18
                                     12Z  AVG MX 2MIN
DY MAX MIN AVG DEP HDD CDD  WTR  SNW DPTH SPD SPD DIR MIN PSBL S-S WX    SPD DR
================================================================================

 1  91  59  75   4   0  10 0.00  0.0    0  7.5 16 290   M    M   0        20 280
 2  89  57  73   2   0   8 0.00  0.0    0  8.1 18 310   M    M   0        23 310
 3  89  56  73   2   0   8 0.00  0.0    0  8.0 15 300   M    M   0        18 310
 4  84  56  70  -2   0   5 0.00  0.0    0 10.5 18 290   M    M   0 8      23 290
 5  81  55  68  -4   0   3 0.00  0.0    0 11.7 20 290   M    M   3        25 300
 6  78  54  66  -6   0   1 0.00  0.0    0 10.6 22 290   M    M   0 8      27 300
 7  76  54  65  -7   0   0 0.00  0.0    0 12.7 22 280   M    M   1        27 290
 8  85  56  71  -1   0   6 0.00  0.0    0 10.1 18 280   M    M   4        22 290
 9  81  57  69  -3   0   4 0.00  0.0    0 11.3 23 260   M    M   3        29 280
10  82  56  69  -3   0   4 0.00  0.0    0  8.1 16 250   M    M   1        24 270
11  90  55  73   1   0   8 0.00  0.0    0  6.1 21 270   M    M   0        24 270
12  85  55  70  -2   0   5 0.00  0.0    0  8.5 17 300   M    M   0        22 310
13  98  54  76   4   0  11 0.00  0.0    0  4.5 17 280   M    M   0        22 290
14  99  59  79   6   0  14 0.00  0.0    0  5.9 16 290   M    M   0        20 300
15  94  56  75   2   0  10 0.00  0.0    0  7.3 18 290   M    M   0        21 290
16  88  57  73   0   0   8 0.00  0.0    0 10.1 17 290   M    M   0        23 290
17  81  55  68  -5   0   3 0.00  0.0    0 11.2 22 290   M    M   1        26 280
18  75  57  66  -7   0   1 0.00  0.0    0 10.3 21 290   M    M   4        26 290
19  80  55  68  -5   0   3 0.00  0.0    0  8.2 21 260   M    M   2 8      24 260
20  88  54  71  -2   0   6 0.00  0.0    0  8.2 18 280   M    M   0        22 280
21  82  53  68  -5   0   3 0.00  0.0    0  8.9 20 290   M    M   1        25 280
22  93  52  73   0   0   8 0.00  0.0    0  6.0 17 280   M    M   0        20 260
23 101  56  79   6   0  14 0.00  0.0    0  5.6 18 260   M    M   0        22 280
24 101  59  80   7   0  15 0.00  0.0    0  6.3 18 300   M    M   0        22 290
================================================================================
SM 2091 1337         0 158  0.00     0.0 205.7          M       20
================================================================================
AV 87.1 55.7                               8.6 FASTST   M    M   1    MAX(MPH)
                                 MISC ---->  # 23 260               # 29  280
================================================================================
NOTES:
# LAST OF SEVERAL OCCURRENCES

COLUMN 17 PEAK WIND IN M.P.H.

PRELIMINARY LOCAL CLIMATOLOGICAL DATA (WS FORM: F-6) , PAGE 2

                                          STATION:  LIVERMORE AIRPORT
                                          MONTH:    JULY
                                          YEAR:     2016
                                          LATITUDE:   37 42 N
                                          LONGITUDE: 121 49 W

[TEMPERATURE DATA]      [PRECIPITATION DATA]       SYMBOLS USED IN COLUMN 16

AVERAGE MONTHLY: 71.4   TOTAL FOR MONTH:   0.00    1 = FOG OR MIST
DPTR FM NORMAL:  -0.9   DPTR FM NORMAL:    0.00    2 = FOG REDUCING VISIBILITY
HIGHEST:   101 ON 24,23 GRTST 24HR    T  ON 16-17      TO 1/4 MILE OR LESS
LOWEST:     52 ON 22                               3 = THUNDER
                        SNOW, ICE PELLETS, HAIL    4 = ICE PELLETS
                        TOTAL MONTH:   0.0 INCH    5 = HAIL
                        GRTST 24HR     0.0         6 = FREEZING RAIN OR DRIZZLE
                        GRTST DEPTH:   0           7 = DUSTSTORM OR SANDSTORM:
                                                       VSBY 1/2 MILE OR LESS
                                                   8 = SMOKE OR HAZE
[NO. OF DAYS WITH]      [WEATHER - DAYS WITH]      9 = BLOWING SNOW
                                                   X = TORNADO
MAX 32 OR BELOW:   0    0.01 INCH OR MORE:   0
MAX 90 OR ABOVE:   8    0.10 INCH OR MORE:   0
MIN 32 OR BELOW:   0    0.50 INCH OR MORE:   0
MIN  0 OR BELOW:   0    1.00 INCH OR MORE:   0

[HDD (BASE 65) ]
TOTAL THIS MO.     0    CLEAR  (SCALE 0-3)  21
DPTR FM NORMAL     0    PTCLDY (SCALE 4-7)   3
TOTAL FM JUL 1     0    CLOUDY (SCALE 8-10)  0
DPTR FM NORMAL     0

[CDD (BASE 65) ]
TOTAL THIS MO.   158
DPTR FM NORMAL   -20    [PRESSURE DATA]
TOTAL FM JAN 1   438    HIGHEST SLP M ON M
DPTR FM NORMAL    97    LOWEST  SLP 29.82 ON  1

[REMARKS]
