000
CXUS53 KDMX 310920
CF6LWD
PRELIMINARY LOCAL CLIMATOLOGICAL DATA (WS FORM: F-6)

                                          STATION:   LAMONI IA
                                          MONTH:     MAY
                                          YEAR:      2016
                                          LATITUDE:   40 37 N
                                          LONGITUDE:  93 56 W

  TEMPERATURE IN F:       :PCPN:    SNOW:  WIND      :SUNSHINE: SKY     :PK WND
================================================================================
1   2   3   4   5  6A  6B    7    8   9   10  11  12  13   14  15   16   17  18
                                     12Z  AVG MX 2MIN
DY MAX MIN AVG DEP HDD CDD  WTR  SNW DPTH SPD SPD DIR MIN PSBL S-S WX    SPD DR
================================================================================

 1  50  45  48  -8  17   0 0.32  0.0    0  9.2 15  50   M    M  10 12     20  50
 2  62  43  53  -4  12   0 0.00  0.0    0  6.1 15  10   M    M   7        18  50
 3  67  43  55  -2  10   0 0.00  0.0    0  9.4 21 280   M    M   3        25 250
 4  65  47  56  -1   9   0 0.00  0.0    0 12.7 22 350   M    M   1        30 350
 5  70  44  57  -1   8   0 0.00  0.0    0  4.9 13  40   M    M   0 8      16  40
 6  80  49  65   7   0   0 0.00  0.0    0 11.5 20 230   M    M   0        24 230
 7  76  56  66   8   0   1    T  0.0    0  9.4 22 340   M    M   2 38     26 340
 8  67  51  59   0   6   0 0.00  0.0    0  8.1 23 110   M    M   4        35 110
 9  69  57  63   4   2   0 0.07  0.0    0  9.7 18 150   M    M   8 13     25 130
10  76  53  65   6   0   0 0.25  0.0    0  3.3 14 300   M    M   3 1      18 280
11  75  54  65   5   0   0 0.46  0.0    0  6.2 18 320   M    M   5 13     24 330
12  66  48  57  -3   8   0 0.00  0.0    0 13.4 29 290   M    M   2        36 310
13  74  43  59  -1   6   0 0.32  0.0    0 14.3 31 350   M    M   4 3      42 340
14  57  39  48 -12  17   0 0.00  0.0    0 14.0 26 300   M    M   5        34 310
15  64  38  51 -10  14   0 0.00  0.0    0  6.5 17 260   M    M   1        22 230
16  52  48  50 -11  15   0 0.22    M    0  5.2 12 150   M    M   8 1      15 110
17  64  46  55  -7  10   0    T    M    0  4.3 20 360   M    M   8 12     23 360
18  67  42  55  -7  10   0 0.00  0.0    0  3.4  7 180   M    M   4 12     10  50
19  68  45  57  -5   8   0 0.00  0.0    0  5.9 15 180   M    M   1        19 190
20  64  47  56  -6   9   0 0.00  0.0    0  5.2 14 110   M    M   7        21 110
21  70  46  58  -5   7   0 0.00  0.0    0  5.1  9 140   M    M   0        13 140
22  78  48  63   0   2   0 0.00  0.0    0  8.8 17 180   M    M   0        25 180
23  73  58  66   2   0   1 0.01  0.0    0  9.9 18 220   M    M   3        26 200
24  81  61  71   7   0   6 0.06  0.0    0  7.2 15 170   M    M   3 13     19 170
25  81  64  73   9   0   8 0.05  0.0    0  8.4 21 200   M    M   4 3      26 200
26  77  61  69   5   0   4 0.94  0.0    0  6.4 23 310   M    M   3 13     31 310
27  77  60  69   4   0   4 0.52  0.0    0  4.7 13 230   M    M   6 1      16 210
28  73  61  67   2   0   2 0.36  0.0    0 10.4 22 250   M    M   7 1      26 250
29  82  56  69   3   0   4    T  0.0    0  6.7 17 280   M    M   1        20 280
30  85  62  74   8   0   9 0.00  0.0    0  8.7 18 180   M    M   0        25 160
================================================================================
SM 2110 1515       170  39  3.58     0.0 239.0          M      110
================================================================================
AV 70.3 50.5                               8.0 FASTST   M    M   4    MAX(MPH)
                                 MISC ---->  # 31 350               # 42  340
================================================================================
NOTES:
# LAST OF SEVERAL OCCURRENCES

COLUMN 17 PEAK WIND IN M.P.H.

PRELIMINARY LOCAL CLIMATOLOGICAL DATA (WS FORM: F-6) , PAGE 2

                                          STATION:  LAMONI IA
                                          MONTH:    MAY
                                          YEAR:     2016
                                          LATITUDE:   40 37 N
                                          LONGITUDE:  93 56 W

[TEMPERATURE DATA]      [PRECIPITATION DATA]       SYMBOLS USED IN COLUMN 16

AVERAGE MONTHLY: 60.4   TOTAL FOR MONTH:   3.58    1 = FOG OR MIST
DPTR FM NORMAL:  -0.6   DPTR FM NORMAL:   -1.52    2 = FOG REDUCING VISIBILITY
HIGHEST:    85 ON 30    GRTST 24HR  1.29 ON 26-27      TO 1/4 MILE OR LESS
LOWEST:     38 ON 15                               3 = THUNDER
                        SNOW, ICE PELLETS, HAIL    4 = ICE PELLETS
                        TOTAL MONTH:   0.0 INCH    5 = HAIL
                        GRTST 24HR     0.0         6 = FREEZING RAIN OR DRIZZLE
                        GRTST DEPTH:   0           7 = DUSTSTORM OR SANDSTORM:
                                                       VSBY 1/2 MILE OR LESS
                                                   8 = SMOKE OR HAZE
[NO. OF DAYS WITH]      [WEATHER - DAYS WITH]      9 = BLOWING SNOW
                                                   X = TORNADO
MAX 32 OR BELOW:   0    0.01 INCH OR MORE:  12
MAX 90 OR ABOVE:   0    0.10 INCH OR MORE:   8
MIN 32 OR BELOW:   0    0.50 INCH OR MORE:   2
MIN  0 OR BELOW:   0    1.00 INCH OR MORE:   0

[HDD (BASE 65) ]
TOTAL THIS MO.   170    CLEAR  (SCALE 0-3)  15
DPTR FM NORMAL     7    PTCLDY (SCALE 4-7)  13
TOTAL FM JUL 1  4956    CLOUDY (SCALE 8-10)  2
DPTR FM NORMAL -1102

[CDD (BASE 65) ]
TOTAL THIS MO.    39
DPTR FM NORMAL    -5    [PRESSURE DATA]
TOTAL FM JAN 1    45    HIGHEST SLP M ON M
DPTR FM NORMAL    -6    LOWEST  SLP 29.64 ON  9

[REMARKS]
