000
CXUS53 KILX 202300
CF6LWV
PRELIMINARY LOCAL CLIMATOLOGICAL DATA (WS FORM: F-6)

                                          STATION:   LAWRENCEVILLE IL AIRPORT
                                          MONTH:     NOVEMBER
                                          YEAR:      2017
                                          LATITUDE:   38 45 N
                                          LONGITUDE:  87 36 W

  TEMPERATURE IN F:       :PCPN:    SNOW:  WIND      :SUNSHINE: SKY     :PK WND
================================================================================
1   2   3   4   5  6A  6B    7    8   9   10  11  12  13   14  15   16   17  18
                                     12Z  AVG MX 2MIN
DY MAX MIN AVG DEP HDD CDD  WTR  SNW DPTH SPD SPD DIR MIN PSBL S-S WX    SPD DR
================================================================================

 1  61  36  49  -3  16   0 0.50    M    M  7.2 17 180   M    M  10 1      22 190
 2  71  61  66  14   0   1 0.52    M    M 11.7 20 320   M    M   9 13     25 200
 3  65  50  58   6   7   0 0.00    M    M 10.8 22 340   M    M   4 1      26 350
 4  69  51  60   9   5   0    T    M    M  8.8 17 200   M    M  10 18     22 180
 5  74  54  64  13   1   0 0.79    M    M 14.7 25 220   M    M  10 138    33 220
 6  56  48  52   2  13   0    M    M    M 10.5 18 330   M    M   9 1      21 330
 7  53  47  50   0  15   0 0.08    M    M 13.1 20  30   M    M  10 1      23  30
 8  55  36  46  -4  19   0 0.00    M    M  8.5 16  30   M    M   2        20  40
 9  57  31  44  -5  21   0 0.00    M    M  8.6 24 350   M    M   0 18     29 340
10  42  29  36 -13  29   0 0.00    M    M 10.2 17  40   M    M   0        20  40
11  47  27  37 -11  28   0 0.00    M    M  5.7  9 100   M    M   0        13  50
12  47  35  41  -7  24   0 0.00    M    M  7.3 16 320   M    M   9 18     18 320
13  50  35  43  -5  22   0 0.00    M    M  4.0 15 340   M    M   6 18     17 340
14  55  30  43  -4  22   0 0.00    M    M  7.2 15 120   M    M   2 18     19 150
15  52  41  47   0  18   0 0.39    M    M  9.3 18 210   M    M   8 123    22 210
16  45  31  38  -8  27   0 0.00    M    M  6.5 21 320   M    M   5 18     24 320
17  57  29  43  -3  22   0    T    M    M 11.3 24 180   M    M   7 18     29 190
18  68  38  53   8  12   0 0.47    M    M 23.8 40 200   M    M   9 123    49 190
19  41  28  35 -10  30   0 0.00    M    M 11.7 23 310   M    M   5        30 320
================================================================================
SM 1065  737       331   1  2.75    M    190.9          M      115
================================================================================
AV 56.1 38.8                              10.0 FASTST   M    M   6    MAX(MPH)
                                 MISC ---->  # 40 200               # 49  190
================================================================================
NOTES:
# LAST OF SEVERAL OCCURRENCES

COLUMN 17 PEAK WIND IN M.P.H.

PRELIMINARY LOCAL CLIMATOLOGICAL DATA (WS FORM: F-6) , PAGE 2

                                          STATION:  LAWRENCEVILLE IL AIRPORT
                                          MONTH:    NOVEMBER
                                          YEAR:     2017
                                          LATITUDE:   38 45 N
                                          LONGITUDE:  87 36 W

[TEMPERATURE DATA]      [PRECIPITATION DATA]       SYMBOLS USED IN COLUMN 16

AVERAGE MONTHLY: 47.4   TOTAL FOR MONTH:   2.75    1 = FOG OR MIST
DPTR FM NORMAL:  -1.3   DPTR FM NORMAL:    0.33    2 = FOG REDUCING VISIBILITY
HIGHEST:    74 ON  5    GRTST 24HR  0.79 ON  5- 5      TO 1/4 MILE OR LESS
LOWEST:     27 ON 11                               3 = THUNDER
                        SNOW, ICE PELLETS, HAIL    4 = ICE PELLETS
                        TOTAL MONTH:    M          5 = HAIL
                        GRTST 24HR    M  ON   M    6 = FREEZING RAIN OR DRIZZLE
                        GRTST DEPTH:  M  ON   M    7 = DUSTSTORM OR SANDSTORM:
                                                       VSBY 1/2 MILE OR LESS
                                                   8 = SMOKE OR HAZE
[NO. OF DAYS WITH]      [WEATHER - DAYS WITH]      9 = BLOWING SNOW
                                                   X = TORNADO
MAX 32 OR BELOW:   0    0.01 INCH OR MORE:   6
MAX 90 OR ABOVE:   0    0.10 INCH OR MORE:   5
MIN 32 OR BELOW:   7    0.50 INCH OR MORE:   3
MIN  0 OR BELOW:   0    1.00 INCH OR MORE:   0

[HDD (BASE 65) ]
TOTAL THIS MO.   331    CLEAR  (SCALE 0-3)   5
DPTR FM NORMAL    21    PTCLDY (SCALE 4-7)   6
TOTAL FM JUL 1   544    CLOUDY (SCALE 8-10)  8
DPTR FM NORMAL   -63

[CDD (BASE 65) ]
TOTAL THIS MO.     1
DPTR FM NORMAL     1    [PRESSURE DATA]
TOTAL FM JAN 1  1432    HIGHEST SLP M ON M
DPTR FM NORMAL    46    LOWEST  SLP 29.25 ON 18

[REMARKS]
