000
CXUS53 KILX 250900
CF6LWV
PRELIMINARY LOCAL CLIMATOLOGICAL DATA (WS FORM: F-6)

                                          STATION:   LAWRENCEVILLE IL AIRPORT
                                          MONTH:     MAY
                                          YEAR:      2016
                                          LATITUDE:   38 45 N
                                          LONGITUDE:  87 36 W

  TEMPERATURE IN F:       :PCPN:    SNOW:  WIND      :SUNSHINE: SKY     :PK WND
================================================================================
1   2   3   4   5  6A  6B    7    8   9   10  11  12  13   14  15   16   17  18
                                     12Z  AVG MX 2MIN
DY MAX MIN AVG DEP HDD CDD  WTR  SNW DPTH SPD SPD DIR MIN PSBL S-S WX    SPD DR
================================================================================

 1  78  58  68   6   0   3 0.21    M    M  7.9 24 310   M    M   4 13     31 290
 2  59  53  56  -6   9   0    T    M    M  6.6 16 350   M    M   9 1      19 350
 3  65  49  57  -5   8   0 0.00    M    M  8.3 15 310   M    M   7 1      18 340
 4  65  50  58  -4   7   0 0.21    M    M 12.1 35 310   M    M   7 1      44 340
 5  67  45  56  -7   9   0 0.00    M    M 11.5 21 350   M    M   6        27  40
 6  74  44  59  -4   6   0 0.00    M    M  7.1 15 300   M    M   1        21 320
 7  84  55  70   7   0   5 0.31    M    M 11.3 39 360   M    M   1 13     50 360
 8  70  52  61  -3   4   0 0.09    M    M  7.9 18 100   M    M   4 13     22 100
 9  71  59  65   1   0   0 0.12    M    M 11.5 23 180   M    M   9 13     28 190
10  70  61  66   2   0   1 0.37    M    M  9.7 23 160   M    M   9 1      27 160
11  83  60  72   7   0   7 1.26    M    M  9.5 38 240   M    M   7 1238   50 250
12  71  57  64  -1   1   0 0.33    M    M  8.9 23 180   M    M   6 13     29 180
13  71  50  61  -4   4   0 0.03    M    M  8.7 20 250   M    M   1        28 260
14  63  44  54 -12  11   0 0.08    M    M 16.3 30 310   M    M   6 1      37 310
15  62  42  52 -14  13   0 0.00    M    M  9.2 24 310   M    M   0        31 290
16  64  45  55 -11  10   0 0.19    M    M  8.0 15 160   M    M   6        20 170
17  55  50  53 -13  12   0 0.22    M    M  8.8 17  40   M    M  10 1      22  50
18  68  50  59  -8   6   0 0.00    M    M  5.0 13  30   M    M   8 1      16  30
19  72  46  59  -8   6   0 0.00    M    M  6.4 17  70   M    M   0 1      21  80
20  60  53  57 -10   8   0 0.47    M    M  6.1 15  60   M    M   7 18     19  70
21  75  53  64  -4   1   0    T    M    M  9.0 20  10   M    M   6 1      24  10
22  81  50  66  -2   0   1 0.00    M    M  6.3 13 330   M    M   0        18 300
23  81  52  67  -1   0   2 0.00    M    M  5.0 14 100   M    M   0        20  80
24  84  55  70   2   0   5 0.00    M    M  8.9 21 190   M    M   2 8      26 200
================================================================================
SM 1693 1233       115  24  3.89    M    210.0          M      116
================================================================================
AV 70.5 51.4                               8.8 FASTST   M    M   5    MAX(MPH)
                                 MISC ---->  # 39 360               # 50  360
================================================================================
NOTES:
# LAST OF SEVERAL OCCURRENCES

COLUMN 17 PEAK WIND IN M.P.H.

PRELIMINARY LOCAL CLIMATOLOGICAL DATA (WS FORM: F-6) , PAGE 2

                                          STATION:  LAWRENCEVILLE IL AIRPORT
                                          MONTH:    MAY
                                          YEAR:     2016
                                          LATITUDE:   38 45 N
                                          LONGITUDE:  87 36 W

[TEMPERATURE DATA]      [PRECIPITATION DATA]       SYMBOLS USED IN COLUMN 16

AVERAGE MONTHLY: 61.0   TOTAL FOR MONTH:   3.89    1 = FOG OR MIST
DPTR FM NORMAL:  -4.1   DPTR FM NORMAL:   -0.79    2 = FOG REDUCING VISIBILITY
HIGHEST:    84 ON 24, 7 GRTST 24HR  1.58 ON 11-12      TO 1/4 MILE OR LESS
LOWEST:     42 ON 15                               3 = THUNDER
                        SNOW, ICE PELLETS, HAIL    4 = ICE PELLETS
                        TOTAL MONTH:    M          5 = HAIL
                        GRTST 24HR    M  ON   M    6 = FREEZING RAIN OR DRIZZLE
                        GRTST DEPTH:  M  ON   M    7 = DUSTSTORM OR SANDSTORM:
                                                       VSBY 1/2 MILE OR LESS
                                                   8 = SMOKE OR HAZE
[NO. OF DAYS WITH]      [WEATHER - DAYS WITH]      9 = BLOWING SNOW
                                                   X = TORNADO
MAX 32 OR BELOW:   0    0.01 INCH OR MORE:  13
MAX 90 OR ABOVE:   0    0.10 INCH OR MORE:  10
MIN 32 OR BELOW:   0    0.50 INCH OR MORE:   1
MIN  0 OR BELOW:   0    1.00 INCH OR MORE:   1

[HDD (BASE 65) ]
TOTAL THIS MO.   115    CLEAR  (SCALE 0-3)   8
DPTR FM NORMAL    40    PTCLDY (SCALE 4-7)  12
TOTAL FM JUL 1  4069    CLOUDY (SCALE 8-10)  4
DPTR FM NORMAL  -597

[CDD (BASE 65) ]
TOTAL THIS MO.    24
DPTR FM NORMAL   -49    [PRESSURE DATA]
TOTAL FM JAN 1    45    HIGHEST SLP M ON M
DPTR FM NORMAL   -54    LOWEST  SLP 29.70 ON  4

[REMARKS]
