000
CXUS53 KILX 250900
CF6LWV
PRELIMINARY LOCAL CLIMATOLOGICAL DATA (WS FORM: F-6)

                                          STATION:   LAWRENCEVILLE IL AIRPORT
                                          MONTH:     JULY
                                          YEAR:      2016
                                          LATITUDE:   38 45 N
                                          LONGITUDE:  87 36 W

  TEMPERATURE IN F:       :PCPN:    SNOW:  WIND      :SUNSHINE: SKY     :PK WND
================================================================================
1   2   3   4   5  6A  6B    7    8   9   10  11  12  13   14  15   16   17  18
                                     12Z  AVG MX 2MIN
DY MAX MIN AVG DEP HDD CDD  WTR  SNW DPTH SPD SPD DIR MIN PSBL S-S WX    SPD DR
================================================================================

 1  86  62  74  -4   0   9 0.00    M    M  8.6 16 360   M    M   4        21 350
 2  75  57  66 -12   0   1    T    M    M  5.2 12  60   M    M   4        14  60
 3  75  61  68 -10   0   3 1.91    M    M  8.9 26 340   M    M   9 1      33 320
 4  80  68  74  -4   0   9 0.58    M    M  6.5 18 230   M    M   9 12     22 240
 5  86  72  79   1   0  14 0.00    M    M  4.7 10 210   M    M   6 1      13 200
 6  84  68  76  -2   0  11 0.33    M    M  9.4 40  20   M    M   3 138    55  20
 7  80  68  74  -4   0   9 0.04  0.0    0  6.9 18 150   M    M   3 1      23 160
 8  90  70  80   2   0  15 0.04    M    M  7.7 17 290   M    M   3 13     21 280
 9  84  67  76  -2   0  11 0.00    M    M  7.0 15 310   M    M   0        22 320
10  86  62  74  -4   0   9 0.00    M    M  3.6 10 150   M    M   0        16 170
11  88  66  77  -1   0  12 0.00    M    M  6.1 13 160   M    M   1        16 160
12  85  71  78   0   0  13    T    M    M  9.3 23 180   M    M   3 1      29 180
13  92  70  81   3   0  16 0.04    M    M 11.1 33 270   M    M   1 3      50 260
14  88  66  77  -1   0  12 0.75  0.0    0  7.4 28 320   M    M   2 13     43 230
15  87  69  78   0   0  13 0.00  0.0    0  5.3 15 320   M    M   0 1      19 300
16  84  64  74  -4   0   9 0.00  0.0    0  3.2  9 330   M    M   0        11  20
17  89  66  78   0   0  13 0.00  0.0    0  6.0 15 190   M    M   1        19 210
18  83  72  78   0   0  13 0.08  0.0    0  7.1 20 160   M    M   2 13     27  50
19  90  69  80   2   0  15 0.00    M    M  2.4 14 320   M    M   3 128    17 320
20  89  71  80   2   0  15 0.10    M    M  4.4 12 310   M    M   5 138    13 320
21  91  73  82   4   0  17 0.00    M    M  5.3 13 220   M    M   0 1      18 210
22  85  74  80   2   0  15 0.40    M    M  4.4 16  60   M    M   3 13     22  70
23  91  72  82   4   0  17 0.00    M    M  1.7  7 140   M    M   4 128     9 180
24  91  75  83   5   0  18 0.00    M    M  5.3 13 190   M    M   0 18     16 210
================================================================================
SM 2059 1633         0 289  4.27     0.0 147.5          M       66
================================================================================
AV 85.8 68.0                               6.1 FASTST   M    M   3    MAX(MPH)
                                 MISC ---->  # 40  20               # 55   20
================================================================================
NOTES:
# LAST OF SEVERAL OCCURRENCES

COLUMN 17 PEAK WIND IN M.P.H.

PRELIMINARY LOCAL CLIMATOLOGICAL DATA (WS FORM: F-6) , PAGE 2

                                          STATION:  LAWRENCEVILLE IL AIRPORT
                                          MONTH:    JULY
                                          YEAR:     2016
                                          LATITUDE:   38 45 N
                                          LONGITUDE:  87 36 W

[TEMPERATURE DATA]      [PRECIPITATION DATA]       SYMBOLS USED IN COLUMN 16

AVERAGE MONTHLY: 76.9   TOTAL FOR MONTH:   4.27    1 = FOG OR MIST
DPTR FM NORMAL:  -1.1   DPTR FM NORMAL:    0.66    2 = FOG REDUCING VISIBILITY
HIGHEST:    92 ON 13    GRTST 24HR  1.91 ON  3- 3      TO 1/4 MILE OR LESS
LOWEST:     57 ON  2                               3 = THUNDER
                        SNOW, ICE PELLETS, HAIL    4 = ICE PELLETS
                        TOTAL MONTH:   0.0 INCH    5 = HAIL
                        GRTST 24HR     0.0         6 = FREEZING RAIN OR DRIZZLE
                        GRTST DEPTH:   0           7 = DUSTSTORM OR SANDSTORM:
                                                       VSBY 1/2 MILE OR LESS
                                                   8 = SMOKE OR HAZE
[NO. OF DAYS WITH]      [WEATHER - DAYS WITH]      9 = BLOWING SNOW
                                                   X = TORNADO
MAX 32 OR BELOW:   0    0.01 INCH OR MORE:  10
MAX 90 OR ABOVE:   6    0.10 INCH OR MORE:   6
MIN 32 OR BELOW:   0    0.50 INCH OR MORE:   3
MIN  0 OR BELOW:   0    1.00 INCH OR MORE:   1

[HDD (BASE 65) ]
TOTAL THIS MO.     0    CLEAR  (SCALE 0-3)  16
DPTR FM NORMAL     0    PTCLDY (SCALE 4-7)   6
TOTAL FM JUL 1     0    CLOUDY (SCALE 8-10)  2
DPTR FM NORMAL     0

[CDD (BASE 65) ]
TOTAL THIS MO.   289
DPTR FM NORMAL   -23    [PRESSURE DATA]
TOTAL FM JAN 1   775    HIGHEST SLP M ON M
DPTR FM NORMAL    34    LOWEST  SLP 29.75 ON  7

[REMARKS]
