000
CXUS53 KILX 232300
CF6LWV
PRELIMINARY LOCAL CLIMATOLOGICAL DATA (WS FORM: F-6)

                                          STATION:   LAWRENCEVILLE IL AIRPORT
                                          MONTH:     SEPTEMBER
                                          YEAR:      2017
                                          LATITUDE:   38 45 N
                                          LONGITUDE:  87 36 W

  TEMPERATURE IN F:       :PCPN:    SNOW:  WIND      :SUNSHINE: SKY     :PK WND
================================================================================
1   2   3   4   5  6A  6B    7    8   9   10  11  12  13   14  15   16   17  18
                                     12Z  AVG MX 2MIN
DY MAX MIN AVG DEP HDD CDD  WTR  SNW DPTH SPD SPD DIR MIN PSBL S-S WX    SPD DR
================================================================================

 1  70  61  66  -8   0   1 0.00    M    M 14.5 22  40   M    M   5        27  60
 2  80  52  66  -8   0   1 0.00    M    M  6.9 17 320   M    M   0        27 320
 3  88  56  72  -2   0   7    T    M    M  4.0 13 310   M    M   3        17 290
 4  93  62  78   4   0  13    T    M    M 12.6 25 210   M    M   2 1      32 210
 5  77  55  66  -7   0   1 0.00    M    M 12.3 23 300   M    M   2        32 340
 6  71  48  60 -13   5   0 0.00    M    M  8.7 18 320   M    M   3        24 310
 7  76  45  61 -12   4   0 0.00    M    M  5.5 16 270   M    M   1        20 270
 8  83  49  66  -6   0   1 0.00    M    M  2.4 12 120   M    M   0        12 290
 9  83  53  68  -4   0   3 0.00    M    M  5.7 15  70   M    M   1 1      22  70
10  79  51  65  -7   0   0 0.00    M    M  8.0 16 100   M    M   0 8      22  90
11  76  51  64  -7   1   0 0.00    M    M  9.2 18  40   M    M   0        21  40
12  70  60  65  -6   0   0 0.02    M    M 10.0 21  50   M    M   6 1      25  20
13  70  62  66  -5   0   1 0.07    M    M  4.7 10 190   M    M  10 1      13 180
14  82  63  73   3   0   8 0.00    M    M  3.0  8 120   M    M   6 1      11 280
15  89  59  74   4   0   9 0.00    M    M  5.1 13 220   M    M   1 12     16 220
16  90  61  76   6   0  11 0.00    M    M  5.2 13 120   M    M   2 1      21 130
17  89  63  76   7   0  11    T    M    M  5.1 17 210   M    M   3 18     20 210
18  87  68  78   9   0  13 0.16    M    M  3.7 18 240   M    M   6 13     24 230
19  85  68  77   9   0  12 0.50    M    M  3.7 13 240   M    M   4 138    15 240
20  93  67  80  12   0  15 0.00    M    M  7.2 17 190   M    M   1 1      23 180
21  94  69  82  15   0  17 0.00    M    M  3.7 15 210   M    M   1 1      18 200
22  93  69  81  14   0  16 0.00    M    M  2.2 12 140   M    M   1 18     15 150
================================================================================
SM 1818 1292        10 140  0.75    M    143.4          M       58
================================================================================
AV 82.6 58.7                               6.5 FASTST   M    M   3    MAX(MPH)
                                 MISC ---->  # 25 210               # 32  210
================================================================================
NOTES:
# LAST OF SEVERAL OCCURRENCES

COLUMN 17 PEAK WIND IN M.P.H.

PRELIMINARY LOCAL CLIMATOLOGICAL DATA (WS FORM: F-6) , PAGE 2

                                          STATION:  LAWRENCEVILLE IL AIRPORT
                                          MONTH:    SEPTEMBER
                                          YEAR:     2017
                                          LATITUDE:   38 45 N
                                          LONGITUDE:  87 36 W

[TEMPERATURE DATA]      [PRECIPITATION DATA]       SYMBOLS USED IN COLUMN 16

AVERAGE MONTHLY: 70.7   TOTAL FOR MONTH:   0.75    1 = FOG OR MIST
DPTR FM NORMAL:  -0.3   DPTR FM NORMAL:   -1.54    2 = FOG REDUCING VISIBILITY
HIGHEST:    94 ON 21    GRTST 24HR  0.50 ON 19-19      TO 1/4 MILE OR LESS
LOWEST:     45 ON  7                               3 = THUNDER
                        SNOW, ICE PELLETS, HAIL    4 = ICE PELLETS
                        TOTAL MONTH:    M          5 = HAIL
                        GRTST 24HR    M  ON   M    6 = FREEZING RAIN OR DRIZZLE
                        GRTST DEPTH:  M  ON   M    7 = DUSTSTORM OR SANDSTORM:
                                                       VSBY 1/2 MILE OR LESS
                                                   8 = SMOKE OR HAZE
[NO. OF DAYS WITH]      [WEATHER - DAYS WITH]      9 = BLOWING SNOW
                                                   X = TORNADO
MAX 32 OR BELOW:   0    0.01 INCH OR MORE:   4
MAX 90 OR ABOVE:   5    0.10 INCH OR MORE:   2
MIN 32 OR BELOW:   0    0.50 INCH OR MORE:   1
MIN  0 OR BELOW:   0    1.00 INCH OR MORE:   0

[HDD (BASE 65) ]
TOTAL THIS MO.    10    CLEAR  (SCALE 0-3)  14
DPTR FM NORMAL    -2    PTCLDY (SCALE 4-7)   7
TOTAL FM JUL 1    10    CLOUDY (SCALE 8-10)  1
DPTR FM NORMAL    -3

[CDD (BASE 65) ]
TOTAL THIS MO.   140
DPTR FM NORMAL    -5    [PRESSURE DATA]
TOTAL FM JAN 1  1283    HIGHEST SLP M ON M
DPTR FM NORMAL   -45    LOWEST  SLP 29.72 ON 13

[REMARKS]
