000
CXUS55 KPUB 251059
CF6LXV
PRELIMINARY LOCAL CLIMATOLOGICAL DATA (WS FORM: F-6)

                                          STATION:   LEADVILLE CO
                                          MONTH:     MARCH
                                          YEAR:      2017
                                          LATITUDE:   39 15 N
                                          LONGITUDE: 106 18 W

  TEMPERATURE IN F:       :PCPN:    SNOW:  WIND      :SUNSHINE: SKY     :PK WND
================================================================================
1   2   3   4   5  6A  6B    7    8   9   10  11  12  13   14  15   16   17  18
                                     12Z  AVG MX 2MIN
DY MAX MIN AVG DEP HDD CDD  WTR  SNW DPTH SPD SPD DIR MIN PSBL S-S WX    SPD DR
================================================================================

 1  22  -2  10 -11  55   0    T    M    M 10.9 25 300   M    M   3 89     40 280
 2  29  -6  12  -9  53   0 0.00  0.0    M  7.9 21 300   M    M   0 8      26 300
 3  41   7  24   3  41   0 0.00  0.0    M  8.3 16 350   M    M   0        23 320
 4  41   5  23   2  42   0 0.00  0.0    M  5.9 20 170   M    M   0        28 160
 5  41  19  30   8  35   0    T    M    M 10.9 29 180   M    M   6        36 190
 6  29   5  17  -5  48   0 0.26    M    M 17.9 33 290   M    M  10 1289   47 250
 7  29   6  18  -4  47   0 0.01    M    M 12.5 32 290   M    M   4 189    46 300
 8  39  20  30   8  35   0    T    M    M 10.1 25 280   M    M   2 18     33 280
 9  44  23  34  12  31   0 0.00  0.0    M 11.8 26 300   M    M   0        38 330
10  47  16  32   9  33   0 0.00  0.0    M  5.0 17 300   M    M   1        27 290
11  43  23  33  10  32   0    T    M    M  5.4 16  10   M    M   3        20  10
12  38  21  30   7  35   0    T    M    M 12.4 31 280   M    M   6        43 280
13  40  20  30   7  35   0 0.00  0.0    M 14.9 25 290   M    M   2        39 340
14  45  25  35  11  30   0 0.00  0.0    M 10.8 24 300   M    M   1        30 300
15  51  26  39  15  26   0 0.00  0.0    M  7.5 21 300   M    M   0        30 300
16  50  25  38  14  27   0 0.00  0.0    M  8.3 22 310   M    M   0        32 300
17  51  26  39  15  26   0 0.00  0.0    M  4.8 16 250   M    M   2        24 340
18  53  22  38  14  27   0 0.00  0.0    M  4.7 15 210   M    M   0        21 210
19  51  26  39  14  26   0 0.00  0.0    M  6.6 20 280   M    M   0        25 280
20  51  27  39  14  26   0 0.00  0.0    0  5.4 17 270   M    M   3        23 250
21  50  22  36  11  29   0 0.00  0.0    0  5.7 21 180   M    M   2        35 170
22  50  26  38  13  27   0 0.00  0.0    M  7.4 24 190   M    M   2        35 190
23  45  28  37  11  28   0 0.01    M    M 11.8 31 170   M    M   7 18     40 160
24  39  22  31   5  34   0    T    M    0 12.3 22 360   M    M   6 1      30 350
================================================================================
SM 1019  432       828   0  0.28     0.0 219.2          M       60
================================================================================
AV 42.5 18.0                               9.1 FASTST   M    M   3    MAX(MPH)
                                 MISC ---->  # 33 290               # 47  250
================================================================================
NOTES:
# LAST OF SEVERAL OCCURRENCES

COLUMN 17 PEAK WIND IN M.P.H.

PRELIMINARY LOCAL CLIMATOLOGICAL DATA (WS FORM: F-6) , PAGE 2

                                          STATION:  LEADVILLE CO
                                          MONTH:    MARCH
                                          YEAR:     2017
                                          LATITUDE:   39 15 N
                                          LONGITUDE: 106 18 W

[TEMPERATURE DATA]      [PRECIPITATION DATA]       SYMBOLS USED IN COLUMN 16

AVERAGE MONTHLY: 30.2   TOTAL FOR MONTH:   0.28    1 = FOG OR MIST
DPTR FM NORMAL:   7.0   DPTR FM NORMAL:   -0.43    2 = FOG REDUCING VISIBILITY
HIGHEST:    53 ON 18    GRTST 24HR  0.26 ON  6- 6      TO 1/4 MILE OR LESS
LOWEST:     -6 ON  2                               3 = THUNDER
                        SNOW, ICE PELLETS, HAIL    4 = ICE PELLETS
                        TOTAL MONTH:   0.0 INCH    5 = HAIL
                        GRTST 24HR     0.0         6 = FREEZING RAIN OR DRIZZLE
                        GRTST DEPTH:   0           7 = DUSTSTORM OR SANDSTORM:
                                                       VSBY 1/2 MILE OR LESS
                                                   8 = SMOKE OR HAZE
[NO. OF DAYS WITH]      [WEATHER - DAYS WITH]      9 = BLOWING SNOW
                                                   X = TORNADO
MAX 32 OR BELOW:   4    0.01 INCH OR MORE:   3
MAX 90 OR ABOVE:   0    0.10 INCH OR MORE:   1
MIN 32 OR BELOW:  24    0.50 INCH OR MORE:   0
MIN  0 OR BELOW:   2    1.00 INCH OR MORE:   0

[HDD (BASE 65) ]
TOTAL THIS MO.   828    CLEAR  (SCALE 0-3)  15
DPTR FM NORMAL  -175    PTCLDY (SCALE 4-7)   8
TOTAL FM JUL 1  7984    CLOUDY (SCALE 8-10)  1
DPTR FM NORMAL  -729

[CDD (BASE 65) ]
TOTAL THIS MO.     0
DPTR FM NORMAL     0    [PRESSURE DATA]
TOTAL FM JAN 1     0    HIGHEST SLP M ON M
DPTR FM NORMAL     0    LOWEST  SLP 29.43 ON 23

[REMARKS]
