000
CXUS51 KRNK 310704
CF6LYH

PRELIMINARY LOCAL CLIMATOLOGICAL DATA (WS FORM: F-6)

                                          STATION:   LYNCHBURG VA
                                          MONTH:     MAY
                                          YEAR:      2016
                                          LATITUDE:   37 19 N
                                          LONGITUDE:  79 12 W

  TEMPERATURE IN F:       :PCPN:    SNOW:  WIND      :SUNSHINE: SKY     :PK WND
================================================================================
1   2   3   4   5  6A  6B    7    8   9   10  11  12  13   14  15   16   17  18
                                     12Z  AVG MX 2MIN
DY MAX MIN AVG DEP HDD CDD  WTR  SNW DPTH SPD SPD DIR MIN PSBL S-S WX    SPD DR
================================================================================

 1  74  52  63   4   2   0 1.71  0.0    0  5.0 16 160   M    M   7 13     21 300
 2  82  55  69   9   0   4 0.73  0.0    0  4.8 18 160   M    M   6 123    23  10
 3  75  55  65   5   0   0 0.18  0.0    0  3.7 17  10   M    M   5 13     24 360
 4  69  49  59  -1   6   0 0.00  0.0    0  3.6 14 210   M    M   6        20 260
 5  55  50  53  -7  12   0 1.45  0.0    0  5.3 15  30   M    M  10 13     20  30
 6  64  50  57  -4   8   0 0.27  0.0    0  3.2 17  40   M    M  10 1      23  40
 7  74  43  59  -2   6   0    T  0.0    0  3.7 14 200   M    M   6 1      20 210
 8  75  52  64   3   1   0 0.00  0.0    0  5.0 16 240   M    M   1        23 290
 9  74  53  64   3   1   0 0.00  0.0    0  3.2 12 200   M    M   1        13 200
10  66  55  61  -1   4   0 0.11  0.0    0  8.1 16  50   M    M  10 13     20  40
11  72  58  65   3   0   0 0.03  0.0    0  3.4 13 310   M    M   8 1      21 280
12  72  61  67   5   0   2 0.01  0.0    0  3.1 17 160   M    M   9 1      21 140
13  78  52  65   3   0   0 0.02  0.0    0  5.5 14 260   M    M   3        21 280
14  75  46  61  -1   4   0 0.04  0.0    0  6.4 21 270   M    M   1        32 290
15  62  40  51 -12  14   0 0.00  0.0    0  6.6 18 300   M    M   1        27 250
16  65  37  51 -12  14   0 0.00  0.0    0  3.0 10 210   M    M   2        16 160
17  58  50  54  -9  11   0 0.33  0.0    0  4.3 12  60   M    M  10 1      15  60
18  62  51  57  -7   8   0    T  0.0    0  7.6 16  40   M    M  10        21  50
19  66  48  57  -7   8   0 0.00  0.0    0  4.5 13  40   M    M   7 1      15  50
20  70  45  58  -6   7   0 0.44  0.0    0  3.8 10 100   M    M   7 12     15  50
21  68  55  62  -2   3   0 1.33  0.0    0  6.1 13  40   M    M   9 1      16  30
22  69  53  61  -4   4   0    T  0.0    0  4.3 16  50   M    M   9 1      22  40
23  69  52  61  -4   4   0 0.11  0.0    0  4.4 15  40   M    M   6 3      21  10
24  80  49  65   0   0   0 0.00  0.0    0  3.5 13 240   M    M   1        19 250
25  83  52  68   2   0   3 0.00  0.0    0  3.5 14 200   M    M   0        19 210
26  85  59  72   6   0   7 0.00  0.0    0  3.1 13 200   M    M   2        16 190
27  86  62  74   8   0   9 0.00  0.0    0  5.6 15 180   M    M   2        19 180
28  84  61  73   7   0   8 0.00  0.0    0  3.8 12 150   M    M   2        15 160
29  74  62  68   1   0   3 0.12  0.0    0  2.4  8  10   M    M   7 1      13 330
30  83  62  73   6   0   8 0.01  0.0    0  2.2  9 110   M    M   6 3      13 150
================================================================================
SM 2169 1569       117  44  6.89     0.0 132.7          M      164
================================================================================
AV 72.3 52.3                               4.4 FASTST   M    M   5    MAX(MPH)
                                 MISC ---->  # 21 270               # 32  290
================================================================================
NOTES:
# LAST OF SEVERAL OCCURRENCES

COLUMN 17 PEAK WIND IN M.P.H.

PRELIMINARY LOCAL CLIMATOLOGICAL DATA (WS FORM: F-6) , PAGE 2

                                          STATION:  LYNCHBURG VA
                                          MONTH:    MAY
                                          YEAR:     2016
                                          LATITUDE:   37 19 N
                                          LONGITUDE:  79 12 W

[TEMPERATURE DATA]      [PRECIPITATION DATA]       SYMBOLS USED IN COLUMN 16

AVERAGE MONTHLY: 62.3   TOTAL FOR MONTH:   6.89    1 = FOG OR MIST
DPTR FM NORMAL:  -0.7   DPTR FM NORMAL:    3.29    2 = FOG REDUCING VISIBILITY
HIGHEST:    86 ON 27    GRTST 24HR  1.84 ON 30- 1      TO 1/4 MILE OR LESS
LOWEST:     37 ON 16                               3 = THUNDER
                        SNOW, ICE PELLETS, HAIL    4 = ICE PELLETS
                        TOTAL MONTH:   0.0 INCH    5 = HAIL
                        GRTST 24HR     0.0         6 = FREEZING RAIN OR DRIZZLE
                        GRTST DEPTH:   0           7 = DUSTSTORM OR SANDSTORM:
                                                       VSBY 1/2 MILE OR LESS
                                                   8 = SMOKE OR HAZE
[NO. OF DAYS WITH]      [WEATHER - DAYS WITH]      9 = BLOWING SNOW
                                                   X = TORNADO
MAX 32 OR BELOW:   0    0.01 INCH OR MORE:  16
MAX 90 OR ABOVE:   0    0.10 INCH OR MORE:  11
MIN 32 OR BELOW:   0    0.50 INCH OR MORE:   4
MIN  0 OR BELOW:   0    1.00 INCH OR MORE:   3

[HDD (BASE 65) ]
TOTAL THIS MO.   117    CLEAR  (SCALE 0-3)  11
DPTR FM NORMAL    -3    PTCLDY (SCALE 4-7)  10
TOTAL FM JUL 1  3765    CLOUDY (SCALE 8-10)  9
DPTR FM NORMAL  -678

[CDD (BASE 65) ]
TOTAL THIS MO.    44
DPTR FM NORMAL   -16    [PRESSURE DATA]
TOTAL FM JAN 1    61    HIGHEST SLP M ON M
DPTR FM NORMAL   -17    LOWEST  SLP 29.59 ON  4


[REMARKS] DUE TO A SENSOR FAILURE CAUSING MISSING TEMPERATURES ON
OCTOBER 22 AND 23...THE SEASONAL HEATING DEGREE DAY TOTAL AND
DEPARTURE FROM NORMAL WILL BE CALCULATED WITHOUT DATA FROM THESE
DATES.
