160
CXUS55 KABR 181400
CF6MBG
PRELIMINARY LOCAL CLIMATOLOGICAL DATA (WS FORM: F-6)

                                          STATION:   MOBRIDGE SD
                                          MONTH:     AUGUST
                                          YEAR:      2017
                                          LATITUDE:   45 32 N
                                          LONGITUDE: 100 25 W

  TEMPERATURE IN F:       :PCPN:    SNOW:  WIND      :SUNSHINE: SKY     :PK WND
================================================================================
1   2   3   4   5  6A  6B    7    8   9   10  11  12  13   14  15   16   17  18
                                     12Z  AVG MX 2MIN
DY MAX MIN AVG DEP HDD CDD  WTR  SNW DPTH SPD SPD DIR MIN PSBL S-S WX    SPD DR
================================================================================

 1  87  66  77   3   0  12 0.03  0.0    0  9.0 31  80   M    M   0 3      38  80
 2  76  57  67  -6   0   2 0.51  0.0    0 11.1 32  20   M    M   5 13     42 350
 3  73  52  63 -10   2   0 0.03  0.0    0  9.0 17  70   M    M   7 1      24 330
 4  77  49  63 -10   2   0 0.00  0.0    0  7.7 15  90   M    M   0        20 100
 5  71  59  65  -8   0   0 0.34  0.0    0  9.6 18  20   M    M   6 13     24  30
 6  70  60  65  -8   0   0 0.71  0.0    0  8.0 15  60   M    M   7 13     19  70
 7  80  52  66  -7   0   1 0.00  0.0    0  2.8 10 110   M    M   1 1      15  10
 8  83  57  70  -3   0   5 1.43  0.0    0 10.1 28 250   M    M   2 13     39 240
 9  80  60  70  -3   0   5 0.01  0.0    0  9.9 21 330   M    M   3        26 330
10  76  57  67  -6   0   2 0.00  0.0    0  8.1 15 340   M    M   6        20 360
11  81  54  68  -5   0   3    T  0.0    0  6.8 15 120   M    M   3        22 120
12  80  61  71  -1   0   6 0.20  0.0    0 11.9 23  60   M    M   4 138    29  80
13  76  55  66  -6   0   1 0.00  0.0    0  7.3 15 350   M    M   6        19 350
14  75  53  64  -8   1   0 0.00  0.0    0  6.5 14  90   M    M   4 1      18  90
15  73  63  68  -4   0   3 2.22  0.0    0  7.8 16 140   M    M   7 123    20 280
16  74  57  66  -6   0   1 0.00  0.0    0  9.4 18 340   M    M   6        23 340
17  84  53  69  -3   0   4 0.00  0.0    0  6.5 16 150   M    M   0 18     20 140
================================================================================
SM 1316  965         5  45  5.48     0.0 141.5          M       67
================================================================================
AV 77.4 56.8                               8.3 FASTST   M    M   4    MAX(MPH)
                                 MISC ---->  # 32  20               # 42  350
================================================================================
NOTES:
# LAST OF SEVERAL OCCURRENCES

COLUMN 17 PEAK WIND IN M.P.H.

PRELIMINARY LOCAL CLIMATOLOGICAL DATA (WS FORM: F-6) , PAGE 2

                                          STATION:  MOBRIDGE SD
                                          MONTH:    AUGUST
                                          YEAR:     2017
                                          LATITUDE:   45 32 N
                                          LONGITUDE: 100 25 W

[TEMPERATURE DATA]      [PRECIPITATION DATA]       SYMBOLS USED IN COLUMN 16

AVERAGE MONTHLY: 67.1   TOTAL FOR MONTH:   5.48    1 = FOG OR MIST
DPTR FM NORMAL:  -5.6   DPTR FM NORMAL:    4.28    2 = FOG REDUCING VISIBILITY
HIGHEST:    87 ON  1    GRTST 24HR  2.22 ON 15-15      TO 1/4 MILE OR LESS
LOWEST:     49 ON  4                               3 = THUNDER
                        SNOW, ICE PELLETS, HAIL    4 = ICE PELLETS
                        TOTAL MONTH:   0.0 INCH    5 = HAIL
                        GRTST 24HR     0.0         6 = FREEZING RAIN OR DRIZZLE
                        GRTST DEPTH:   0           7 = DUSTSTORM OR SANDSTORM:
                                                       VSBY 1/2 MILE OR LESS
                                                   8 = SMOKE OR HAZE
[NO. OF DAYS WITH]      [WEATHER - DAYS WITH]      9 = BLOWING SNOW
                                                   X = TORNADO
MAX 32 OR BELOW:   0    0.01 INCH OR MORE:   9
MAX 90 OR ABOVE:   0    0.10 INCH OR MORE:   6
MIN 32 OR BELOW:   0    0.50 INCH OR MORE:   4
MIN  0 OR BELOW:   0    1.00 INCH OR MORE:   2

[HDD (BASE 65) ]
TOTAL THIS MO.     5    CLEAR  (SCALE 0-3)   6
DPTR FM NORMAL     5    PTCLDY (SCALE 4-7)  11
TOTAL FM JUL 1     5    CLOUDY (SCALE 8-10)  0
DPTR FM NORMAL    -7

[CDD (BASE 65) ]
TOTAL THIS MO.    45
DPTR FM NORMAL   -93    [PRESSURE DATA]
TOTAL FM JAN 1   637    HIGHEST SLP M ON M
DPTR FM NORMAL   135    LOWEST  SLP 29.77 ON 15

[REMARKS]
