000
CXUS53 KDTX 270800
CF6MBS
PRELIMINARY LOCAL CLIMATOLOGICAL DATA (WS FORM: F-6)

                                          STATION:   TRI CITIES MI
                                          MONTH:     MAY
                                          YEAR:      2015
                                          LATITUDE:   43 31 N
                                          LONGITUDE:  84  5 W

  TEMPERATURE IN F:       :PCPN:    SNOW:  WIND      :SUNSHINE: SKY     :PK WND
================================================================================
1   2   3   4   5  6A  6B    7    8   9   10  11  12  13   14  15   16   17  18
                                     12Z  AVG MX 2MIN
DY MAX MIN AVG DEP HDD CDD  WTR  SNW DPTH SPD SPD DIR MIN PSBL S-S WX    SPD DR
================================================================================

 1  72  42  57   5   8   0 0.00  0.0    0  6.5 15 330   M    M   0        21  90
 2  76  45  61   9   4   0 0.00  0.0    0  8.1 17 250   M    M   0        21 220
 3  81  53  67  14   0   2 0.00  0.0    0 11.1 23 220   M    M   5        32 220
 4  77  53  65  12   0   0 0.05  0.0    0 10.1 20 230   M    M   5        25 240
 5  60  49  55   1  10   0    T  0.0    0  5.1 10  80   M    M   7        13  80
 6  74  47  61   7   4   0    T  0.0    0  5.8 14  40   M    M   4 1      16  40
 7  87  52  70  16   0   5 0.00  0.0    0  7.6 21 180   M    M   2 18     28 170
 8  83  62  73  19   0   8 0.00  0.0    0 10.6 21 250   M    M   1        29 250
 9  70  59  65  10   0   0 0.03  0.0    0  6.7 15  40   M    M  10 18     17  60
10  60  49  55   0  10   0 0.60  0.0    0 14.1 23  40   M    M  10 1      28  40
11  70  49  60   4   5   0 0.16  0.0    0  8.0 25 250   M    M   8 12     33 250
12  60  46  53  -3  12   0    T  0.0    0 16.9 28 250   M    M   9 1      34 250
13  61  40  51  -5  14   0 0.00  0.0    0  8.6 16 360   M    M   5        20 360
14  68  40  54  -3  11   0 0.00  0.0    0  6.3 13  60   M    M   0        20 120
15  69  50  60   3   5   0 0.20  0.0    0  8.7 16 260   M    M   7 18     21 260
16  77  53  65   8   0   0 0.00  0.0    0  4.7 12  80   M    M   4 128    14  90
17  85  60  73  15   0   8 0.20  0.0    0  9.5 20 190   M    M   6 128    25 180
18  85  57  71  13   0   6 0.00  0.0    0 15.6 30 230   M    M   1        40 250
19  57  40  49  -9  16   0    T  0.0    0 13.9 22 300   M    M   8        28 310
20  58  35  47 -12  18   0 0.00  0.0    0  7.2 21 350   M    M   3        26 350
21  70  43  57  -2   8   0 0.00  0.0    0 12.2 21 260   M    M   4        29 280
22  66  42  54  -5  11   0 0.00  0.0    0  9.1 24 330   M    M   1        30 330
23  77  39  58  -2   7   0 0.00  0.0    0  7.3 18 220   M    M   0        25 240
24  80  55  68   8   0   3 0.06  0.0    0  8.0 20 220   M    M   5        25 220
25  79  61  70  10   0   5 0.22  0.0    0 12.8 35 230   M    M   5 138    50 250
26  83  65  74  13   0   9 0.51  0.0    0 10.8 30 200   M    M   4 13     42 200
================================================================================
SM 1885 1286       143  46  2.03     0.0 245.3          M      114
================================================================================
AV 72.5 49.5                               9.4 FASTST   M    M   4    MAX(MPH)
                                 MISC ---->  # 35 230               # 50  250
================================================================================
NOTES:
# LAST OF SEVERAL OCCURRENCES

COLUMN 17 PEAK WIND IN M.P.H.

PRELIMINARY LOCAL CLIMATOLOGICAL DATA (WS FORM: F-6) , PAGE 2

                                          STATION:  TRI CITIES MI
                                          MONTH:    MAY
                                          YEAR:     2015
                                          LATITUDE:   43 31 N
                                          LONGITUDE:  84  5 W

[TEMPERATURE DATA]      [PRECIPITATION DATA]       SYMBOLS USED IN COLUMN 16

AVERAGE MONTHLY: 61.0   TOTAL FOR MONTH:   2.03    1 = FOG OR MIST
DPTR FM NORMAL:   4.6   DPTR FM NORMAL:   -0.84    2 = FOG REDUCING VISIBILITY
HIGHEST:    87 ON  7    GRTST 24HR  0.60 ON 10-10      TO 1/4 MILE OR LESS
LOWEST:     35 ON 20                               3 = THUNDER
                        SNOW, ICE PELLETS, HAIL    4 = ICE PELLETS
                        TOTAL MONTH:   0.0 INCH    5 = HAIL
                        GRTST 24HR     0.0         6 = FREEZING RAIN OR DRIZZLE
                        GRTST DEPTH:   0           7 = DUSTSTORM OR SANDSTORM:
                                                       VSBY 1/2 MILE OR LESS
                                                   8 = SMOKE OR HAZE
[NO. OF DAYS WITH]      [WEATHER - DAYS WITH]      9 = BLOWING SNOW
                                                   X = TORNADO
MAX 32 OR BELOW:   0    0.01 INCH OR MORE:   9
MAX 90 OR ABOVE:   0    0.10 INCH OR MORE:   6
MIN 32 OR BELOW:   0    0.50 INCH OR MORE:   2
MIN  0 OR BELOW:   0    1.00 INCH OR MORE:   0

[HDD (BASE 65) ]
TOTAL THIS MO.   143    CLEAR  (SCALE 0-3)   9
DPTR FM NORMAL  -104    PTCLDY (SCALE 4-7)  13
TOTAL FM JUL 1  7044    CLOUDY (SCALE 8-10)  4
DPTR FM NORMAL   157

[CDD (BASE 65) ]
TOTAL THIS MO.    46
DPTR FM NORMAL    25    [PRESSURE DATA]
TOTAL FM JAN 1    46    HIGHEST SLP M ON M
DPTR FM NORMAL    21    LOWEST  SLP 29.74 ON 11

[REMARKS]
