000
CXUS53 KDTX 310800
CF6MBS
PRELIMINARY LOCAL CLIMATOLOGICAL DATA (WS FORM: F-6)

                                          STATION:   TRI CITIES MI
                                          MONTH:     AUGUST
                                          YEAR:      2015
                                          LATITUDE:   43 31 N
                                          LONGITUDE:  84  5 W

  TEMPERATURE IN F:       :PCPN:    SNOW:  WIND      :SUNSHINE: SKY     :PK WND
================================================================================
1   2   3   4   5  6A  6B    7    8   9   10  11  12  13   14  15   16   17  18
                                     12Z  AVG MX 2MIN
DY MAX MIN AVG DEP HDD CDD  WTR  SNW DPTH SPD SPD DIR MIN PSBL S-S WX    SPD DR
================================================================================

 1  84  58  71   1   0   6 0.00  0.0    0 11.0 21 260   M    M   1        25 260
 2  89  61  75   5   0  10 1.55  0.0    0 12.0 33 220   M    M   3 13     44 220
 3  80  60  70   0   0   5 0.02  0.0    0  8.1 17 290   M    M   5 1      23 290
 4  79  58  69  -1   0   4 0.00  0.0    0  8.9 21 270   M    M   3        30 270
 5  77  57  67  -3   0   2 0.00  0.0    0  5.1 13  10   M    M   2        15  10
 6  77  57  67  -3   0   2 0.00  0.0    0  5.0 14 110   M    M   0        16  90
 7  79  57  68  -2   0   3 0.03  0.0    0  3.4 13  40   M    M   3        15  40
 8  75  65  70   0   0   5 0.03  0.0    0  4.5 10 100   M    M  10 1      13 100
 9  83  64  74   4   0   9    T  0.0    0  5.7 10  30   M    M   6        28 340
10  80  64  72   2   0   7 1.11  0.0    0  3.5 18 360   M    M   6 123    22 360
11  80  62  71   1   0   6 0.00  0.0    0 11.1 22 340   M    M   3 1      26 330
12  79  58  69  -1   0   4 0.00  0.0    0  7.4 13 310   M    M   2        16 330
13  85  62  74   5   0   9    T  0.0    0 11.4 21 260   M    M   2 3      29 260
14  88  65  77   8   0  12 1.31  0.0    0  8.8 32  50   M    M   3 138    41 350
15  86  64  75   6   0  10 0.00  0.0    0  3.7  8 180   M    M   1         9 170
16  88  69  79  10   0  14 0.00  0.0    0  8.9 17 230   M    M   1        20 220
17  89  70  80  11   0  15    T  0.0    0  8.3 13 220   M    M   2 18      M  M
18  86  68  77   8   0  12 0.05  0.0    0  7.7 17 230   M    M   4        21 230
19  85  73  79  10   0  14 0.01  0.0    0 11.1 23 190   M    M   4 3      29 190
20  73  62  68  -1   0   3 0.17  0.0    0 14.0 30 220   M    M   8 1      36 240
21  78  55  67  -1   0   2 0.00  0.0    0  8.1 15 220   M    M   3        21 250
22  81  62  72   4   0   7 0.00  0.0    0  6.2 10 210   M    M   2        13 220
23  79  57  68   0   0   3 0.99  0.0    0  8.1 21 280   M    M   3 138    26 260
24  73  54  64  -4   1   0    T  0.0    0 12.1 26 260   M    M   6        34 250
25  66  54  60  -8   5   0 0.00  0.0    0  9.2 17 260   M    M  10        22 290
26  67  58  63  -5   2   0    T  0.0    0  7.9 15 310   M    M  10        17 320
27  69  58  64  -3   1   0 0.00  0.0    0  4.6  9 180   M    M   7        12 230
28  75  55  65  -2   0   0 0.00  0.0    0  5.6 12 220   M    M   3        15 210
29  70  63  67   0   0   2 0.23  0.0    0  4.1 12 290   M    M  10 18     14 280
30  78  65  72   5   0   7 0.00  0.0    0  3.5  9 270   M    M   7 18     10 270
================================================================================
SM 2378 1835         9 173  5.50     0.0 229.0          M      130
================================================================================
AV 79.3 61.2                               7.6 FASTST   M    M   4    MAX(MPH)
                                 MISC ---->  # 33 220               # 44  220
================================================================================
NOTES:
# LAST OF SEVERAL OCCURRENCES

COLUMN 17 PEAK WIND IN M.P.H.

PRELIMINARY LOCAL CLIMATOLOGICAL DATA (WS FORM: F-6) , PAGE 2

                                          STATION:  TRI CITIES MI
                                          MONTH:    AUGUST
                                          YEAR:     2015
                                          LATITUDE:   43 31 N
                                          LONGITUDE:  84  5 W

[TEMPERATURE DATA]      [PRECIPITATION DATA]       SYMBOLS USED IN COLUMN 16

AVERAGE MONTHLY: 70.2   TOTAL FOR MONTH:   5.50    1 = FOG OR MIST
DPTR FM NORMAL:   1.3   DPTR FM NORMAL:    2.31    2 = FOG REDUCING VISIBILITY
HIGHEST:    89 ON 17, 2 GRTST 24HR  1.57 ON  2- 3      TO 1/4 MILE OR LESS
LOWEST:     54 ON 25,24                            3 = THUNDER
                        SNOW, ICE PELLETS, HAIL    4 = ICE PELLETS
                        TOTAL MONTH:   0.0 INCH    5 = HAIL
                        GRTST 24HR     0.0         6 = FREEZING RAIN OR DRIZZLE
                        GRTST DEPTH:   0           7 = DUSTSTORM OR SANDSTORM:
                                                       VSBY 1/2 MILE OR LESS
                                                   8 = SMOKE OR HAZE
[NO. OF DAYS WITH]      [WEATHER - DAYS WITH]      9 = BLOWING SNOW
                                                   X = TORNADO
MAX 32 OR BELOW:   0    0.01 INCH OR MORE:  11
MAX 90 OR ABOVE:   0    0.10 INCH OR MORE:   6
MIN 32 OR BELOW:   0    0.50 INCH OR MORE:   4
MIN  0 OR BELOW:   0    1.00 INCH OR MORE:   3

[HDD (BASE 65) ]
TOTAL THIS MO.     9    CLEAR  (SCALE 0-3)  15
DPTR FM NORMAL   -20    PTCLDY (SCALE 4-7)  10
TOTAL FM JUL 1    18    CLOUDY (SCALE 8-10)  5
DPTR FM NORMAL   -24

[CDD (BASE 65) ]
TOTAL THIS MO.   173
DPTR FM NORMAL    29    [PRESSURE DATA]
TOTAL FM JAN 1   581    HIGHEST SLP M ON M
DPTR FM NORMAL    79    LOWEST  SLP 29.61 ON  2

[REMARKS]
