000
CXAK56 PAMC 291030
CF6MCG

PRELIMINARY LOCAL CLIMATOLOGICAL DATA (WS FORM: F-6)

                                          STATION:   MCGRATH
                                          MONTH:     03
                                          YEAR:      2015
                                          LATITUDE:   62 58 N
                                          LONGITUDE: 155 37 W

  TEMPERATURE IN F:       :PCPN:    SNOW:  WIND      :SUNSHINE: SKY     :PK WND
================================================================================
1   2   3   4   5  6A  6B    7     8   9   10  11  12  13   14  15   16  17  18
                                      12Z  AVG MX 2MIN
DY MAX MIN AVG DEP HDD CDD  WTR   SNW DPTH SPD SPD DIR MIN PSBL S-S WX   SPD DR
================================================================================

 1  28  -3  13   7  52   0  0.00  0.0  12  1.6  8  290   M    M   M        9 280
 2  26  -7  10   3  55   0  0.00  0.0  12  0.4  5  320   M    M   M        6 310
 3  39  23  31  24  34   0  0.01  0.2  12  4.1 13  200   M    M   M 1     17 200
 4  38  33  36  29  29   0  0.01  0.0  12  4.5 13  200   M    M   M 1     18 210
 5  33  26  30  22  35   0  0.04  1.2  12  3.8 13  250   M    M   M 18    16 250
 6  34  19  27  19  38   0  0.03  0.8  12 10.4 25  190   M    M   M 1     41 170
 7  35  18  27  19  38   0  0.02  2.8  13 13.9 26  200   M    M   M 19    40 200
 8  18   1  10   2  55   0     T    T  12  7.6 17  240   M    M   M       23 250
 9   4 -16  -6 -15  71   0  0.00  0.0  12  6.2 16  310   M    M   M       20 310
10   4 -23  -9 -18  74   0  0.00  0.0  12  2.2  9  360   M    M   M       13 360
11   2 -25 -11 -20  76   0     T    T  11  4.8 13  350   M    M   M       17  30
12   4 -19  -7 -17  72   0     T    T  11  5.9 18  340   M    M   M       21 340
13   7 -27 -10 -20  75   0     T    T  11  3.2  9  310   M    M   M 1     10 320
14   4 -30 -13 -23  78   0  0.00  0.0  11  2.7 10   30   M    M   M       12  30
15  11 -31 -10 -21  75   0     T    T  11  6.4 18   80   M    M   M       22  70
16  19   5  12   1  53   0     T    T  11  1.2  6  100   M    M   M        8 100
17  34  14  24  13  41   0  0.01  0.2  11  2.2  8  270   M    M   M        9 270
18  42   2  22  10  43   0  0.00  0.0  11  2.0  8  150   M    M   M        9 160
19  42   5  24  12  41   0  0.00  0.0  11  0.8  7  350   M    M   M 1      7 350
20  46   8  27  14  38   0  0.00  0.0  11  1.9  9   50   M    M   M       10  80
21  37   6  22   9  43   0  0.00  0.0  11  1.9  8  160   M    M   M        9 140
22  44   2  23   9  42   0  0.00  0.0  11  0.4  8  280   M    M   M        9 270
23  43   8  26  12  39   0  0.00  0.0  11  1.3  9  360   M    M   M       11  10
24  42   5  24   9  41   0  0.00  0.0  11  0.7  6  260   M    M   M        7 270
25  46   8  27  12  38   0  0.00  0.0  11  4.3 16   60   M    M   M       19  80
26  47  16  32  16  33   0  0.00  0.0  11  2.6 10  360   M    M   M       13  20
27  50  26  38  22  27   0  0.01  0.0  11  1.7  9  140   M    M   M 1248  12 160
28  49  14  32  15  33   0  0.00  0.0  10  3.8 12   30   M    M   M       14  70
================================================================================
SM  828   58      1369   0  0.13 5.2    102.5           M        M
================================================================================
AV 29.6  2.1                              3.7 FASTST  PSBL  %   M    MAX(MPH)
                                 MISC ---->     26  200                 41 170
================================================================================
NOTES:
# LAST OF SEVERAL OCCURRENCES

COLUMN 17 PEAK WIND IN M.P.H.

PRELIMINARY LOCAL CLIMATOLOGICAL DATA (WS FORM: F-6) , PAGE 2

                                          STATION:   MCGRATH
                                          MONTH:     03
                                          YEAR:      2015
                                          LATITUDE:  62 58 N
                                          LONGITUDE: 155 37 W

[TEMPERATURE DATA]      [PRECIPITATION DATA]       SYMBOLS USED IN COLUMN 16

AVERAGE MONTHLY:15.8   TOTAL FOR MONTH: 0.13       1 = FOG
DPTR FM NORMAL:  4.9   DPTR FM NORMAL: -0.61       2 = FOG REDUCING VISIBILITY
HIGHEST:    50 ON 27    GRTST 24HR   0.04 ON  5        TO 1/4 MILE OR LESS
LOWEST:    -31 ON 15                               3 = THUNDER
                        SNOW, ICE PELLETS, HAIL    4 = ICE PELLETS
                        TOTAL MONTH: 5.2 INCHES  5 = HAIL
                        GRTST 24HR   2.8 ON  7     6 = GLAZE OR RIME
                        GRTST DEPTH:   13 ON  7    7 = BLOWING DUST OR SAND:
                                                       VSBY 1/2 MILE OR LESS
                                                   8 = SMOKE OR HAZE
[NO. OF DAYS WITH]      [WEATHER - DAYS WITH]      9 = BLOWING SNOW
                                                   X = TORNADO
MAX 32 OR BELOW:  11    0.01 INCH OR MORE:   7
MAX 70 OR ABOVE:   0    0.10 INCH OR MORE:   0
MIN 32 OR BELOW:  27    0.50 INCH OR MORE:   0
MIN  0 OR BELOW:   9    1.00 INCH OR MORE:   0

[HDD (BASE 65) ]
TOTAL THIS MO.  1372    CLEAR  (SCALE 0-3)   M
DPTR FM NORMAL  -143    PTCLDY (SCALE 4-7)   M
SEASONAL TOTAL 10435    CLOUDY (SCALE 8-10)  M
DPTR FM NORMAL -1318

[CDD (BASE 65) ]
TOTAL THIS MO.     0
DPTR FM NORMAL     0    [PRESSURE DATA]
SEASONAL TOTAL     0    HIGHEST SLP     M
DPTR FM NORMAL     0    LOWEST  SLP     M

[REMARKS]
