000
CXAK56 PAFG 231443
CF6MCG
PRELIMINARY LOCAL CLIMATOLOGICAL DATA (WS FORM: F-6)

                                          STATION:   MCGRATH AK
                                          MONTH:     JANUARY
                                          YEAR:      2017
                                          LATITUDE:   62 57 N
                                          LONGITUDE: 155 36 W

  TEMPERATURE IN F:       :PCPN:    SNOW:  WIND      :SUNSHINE: SKY     :PK WND
================================================================================
1   2   3   4   5  6A  6B    7    8   9   10  11  12  13   14  15   16   17  18
                                     12Z  AVG MX 2MIN
DY MAX MIN AVG DEP HDD CDD  WTR  SNW DPTH SPD SPD DIR MIN PSBL S-S WX    SPD DR
================================================================================

 1  41  14  28  34  37   0 0.00  0.0    9  6.6 16 240   M    M   5        24 200
 2  39  23  31  38  34   0 0.00  0.0    8  6.6 16 200   M    M   8        22 210
 3  34  29  32  39  33   0 0.19  2.6    8  2.8 12 220   M    M  10 18     19 220
 4  31   2  17  24  48   0 0.08    M   11  0.9  7 290   M    M   7 128     8 310
 5  29  -5  12  19  53   0 0.01  0.5   11  5.6 15 280   M    M   7 18     19 280
 6   1 -21 -10  -3  75   0 0.00  0.0   12  0.5  8 290   M    M   0         9 290
 7 -16 -26 -21 -14  86   0 0.00  0.0   12  0.1  3 270   M    M   0         4 130
 8 -14 -23 -18 -11  83   0 0.00  0.0   12  0.8  5 310   M    M   0         5 330
 9 -13 -25 -19 -12  84   0 0.00  0.0   12  0.3  5 280   M    M   0         5 270
10 -13 -22 -17 -10  82   0 0.00  0.0   12  0.1  5  30   M    M   0         4  30
11   0 -22 -11  -4  76   0 0.00  0.0   12  0.1  6 350   M    M   7 18      6 350
12   5 -21  -8  -1  73   0    T    T   12  4.6 13  10   M    M   7 18     17  20
13  -3 -21 -12  -5  77   0 0.02  0.5   12  6.7 12  10   M    M   9 8      16  20
14  -1 -14  -7   0  72   0 0.06  1.3   12  7.4 20 200   M    M   7 89     26 210
15 -10 -38 -24 -17  89   0 0.00  0.0   13  2.1  7 330   M    M   1         9 140
16 -24 -44 -34 -27  99   0 0.00  0.0   13  1.9  7 340   M    M   0 18      8 350
17 -35 -51 -43 -36 108   0 0.00  0.0   13  0.3  5 330   M    M   1 18      5 340
18 -39 -52 -45 -38 110   0 0.00  0.0   13  0.0  6 270   M    M   2 18      6 110
19 -19 -43 -31 -24  96   0    M  4.8   16  0.0  5 350   M    M  10 8       5 330
20  -9 -24 -16  -9  81   0 0.05  2.8   19  3.3 10 360   M    M   9 8      13 360
21 -19 -41 -30 -23  95   0 0.00  0.0   18  4.0 10 330   M    M   1        12 330
22 -18 -41 -29 -23  94   0 0.00  0.0   18  2.7  7 300   M    M   3         M  M
================================================================================
SM  -53 -466      1685   0  0.41    12.5  57.4          M       94
================================================================================
AV -2.4-21.2                               2.6 FASTST   M    M   4    MAX(MPH)
                                 MISC ---->  # 20 200               # 26  210
================================================================================
NOTES:
# LAST OF SEVERAL OCCURRENCES

COLUMN 17 PEAK WIND IN M.P.H.

PRELIMINARY LOCAL CLIMATOLOGICAL DATA (WS FORM: F-6) , PAGE 2

                                          STATION:  MCGRATH AK
                                          MONTH:    JANUARY
                                          YEAR:     2017
                                          LATITUDE:   62 57 N
                                          LONGITUDE: 155 36 W

[TEMPERATURE DATA]      [PRECIPITATION DATA]       SYMBOLS USED IN COLUMN 16

AVERAGE MONTHLY:-11.8   TOTAL FOR MONTH:   0.41    1 = FOG OR MIST
DPTR FM NORMAL:  -4.9   DPTR FM NORMAL:   -0.38    2 = FOG REDUCING VISIBILITY
HIGHEST:    41 ON  1    GRTST 24HR  0.27 ON  3- 4      TO 1/4 MILE OR LESS
LOWEST:    -52 ON 18                               3 = THUNDER
                        SNOW, ICE PELLETS, HAIL    4 = ICE PELLETS
                        TOTAL MONTH:  12.5 INCHES  5 = HAIL
                        GRTST 24HR   4.8 ON   M    6 = FREEZING RAIN OR DRIZZLE
                        GRTST DEPTH:  19 ON 20     7 = DUSTSTORM OR SANDSTORM:
                                                       VSBY 1/2 MILE OR LESS
                                                   8 = SMOKE OR HAZE
[NO. OF DAYS WITH]      [WEATHER - DAYS WITH]      9 = BLOWING SNOW
                                                   X = TORNADO
MAX 32 OR BELOW:  19    0.01 INCH OR MORE:   6
MAX 90 OR ABOVE:   0    0.10 INCH OR MORE:   1
MIN 32 OR BELOW:  22    0.50 INCH OR MORE:   0
MIN  0 OR BELOW:  18    1.00 INCH OR MORE:   0

[HDD (BASE 65) ]
TOTAL THIS MO.  1685    CLEAR  (SCALE 0-3)  11
DPTR FM NORMAL   103    PTCLDY (SCALE 4-7)   7
TOTAL FM JUL 1  7453    CLOUDY (SCALE 8-10)  4
DPTR FM NORMAL  -366

[CDD (BASE 65) ]
TOTAL THIS MO.     0
DPTR FM NORMAL     0    [PRESSURE DATA]
TOTAL FM JAN 1     0    HIGHEST SLP M ON M
DPTR FM NORMAL     0    LOWEST  SLP 29.53 ON 20

[REMARKS]
