000
CXUS52 KFFC 281110
CF6MCN
PRELIMINARY LOCAL CLIMATOLOGICAL DATA (WS FORM: F-6)

                                          STATION:   MACON
                                          MONTH:     JULY
                                          YEAR:      2015
                                          LATITUDE:   32 42 N
                                          LONGITUDE:  83 39 W

  TEMPERATURE IN F:       :PCPN:    SNOW:  WIND      :SUNSHINE: SKY     :PK WND
================================================================================
1   2   3   4   5  6A  6B    7    8   9   10  11  12  13   14  15   16   17  18
                                     12Z  AVG MX 2MIN
DY MAX MIN AVG DEP HDD CDD  WTR  SNW DPTH SPD SPD DIR MIN PSBL S-S WX    SPD DR
================================================================================

 1  90  69  80  -1   0  15 0.03  0.0    0  6.5 22 330   M    M   3 1      28 340
 2  92  69  81   0   0  16 0.14  0.0    0  6.0 31 160   M    M   2 138    84  90
 3  92  71  82   1   0  17 0.09  0.0    0  9.1 31 270   M    M   4 18     40 270
 4  85  68  77  -4   0  12 0.05  0.0    0  4.8 21 300   M    M   3 1      29 340
 5  86  70  78  -3   0  13 0.00  0.0    0  5.2 16 270   M    M   2        20 270
 6  86  71  79  -3   0  14 0.02  0.0    0  3.2 13  70   M    M   6 18     15  60
 7  95  68  82   0   0  17 0.00  0.0    0  2.6 13 100   M    M   2 1      33 330
 8  96  69  83   1   0  18 0.00  0.0    0  2.7  9 300   M    M   1 1       M  M
 9  96  69  83   1   0  18 0.00  0.0    0  1.9 13 170   M    M   1 1      24 270
10  98  71  85   3   0  20 0.00  0.0    0  3.5 24  40   M    M   1 18     30  50
11  99  70  85   3   0  20 0.00  0.0    0  4.8 15 350   M    M   1 1      20 350
12 100  70  85   3   0  20 0.00  0.0    0  4.9  2 210   M    M   0         2 220
13 100  74  87   5   0  22 0.00  0.0    0  4.9 15 260   M    M   2        22 260
14 101  75  88   6   0  23 0.00  0.0    0  8.4 21 350   M    M   2        26 360
15 100  72  86   4   0  21    T  0.0    0  8.1 24 350   M    M   2        35 350
16  97  70  84   2   0  19 0.00  0.0    0  3.3 13  10   M    M   2 1      16  10
17  99  71  85   3   0  20 0.02  0.0    0  5.2 20  70   M    M   2 13     24  80
18  99  70  85   3   0  20    T  0.0    0  2.3 13 200   M    M   1 1      20 200
19 101  74  88   6   0  23 0.00  0.0    0  4.9 20 260   M    M   1 1      26 340
20  97  73  85   3   0  20 0.01  0.0    0  5.1 13 340   M    M   2 1      17 140
21 103  78  91   9   0  26 0.00  0.0    0  7.7 16 270   M    M   2        37  30
22 100  74  87   5   0  22 0.00  0.0    0  6.2 14 280   M    M   0        21 220
23  98  73  86   4   0  21 0.99  0.0    0  4.7 25 330   M    M   1 1238   35 320
24  97  73  85   3   0  20 0.00  0.0    0  6.9 16  80   M    M   6 8      23 360
25  94  73  84   2   0  19 0.00  0.0    0  5.4 16  80   M    M   2 18     29 210
26  95  67  81  -1   0  16 0.00  0.0    0  3.1 13  80   M    M   0 18     17  60
27  97  69  83   1   0  18 0.00  0.0    0  1.8 14  80   M    M   0 1      32  30
================================================================================
SM 2593 1921         0 510  1.35     0.0 133.2          M       51
================================================================================
AV 96.0 71.1                               4.9 FASTST   M    M   2    MAX(MPH)
                                 MISC ---->  # 31 160               # 84   90
================================================================================
NOTES:
# LAST OF SEVERAL OCCURRENCES

COLUMN 17 PEAK WIND IN M.P.H.

PRELIMINARY LOCAL CLIMATOLOGICAL DATA (WS FORM: F-6) , PAGE 2

                                          STATION:  MACON
                                          MONTH:    JULY
                                          YEAR:     2015
                                          LATITUDE:   32 42 N
                                          LONGITUDE:  83 39 W

[TEMPERATURE DATA]      [PRECIPITATION DATA]       SYMBOLS USED IN COLUMN 16

AVERAGE MONTHLY: 83.6   TOTAL FOR MONTH:   1.35    1 = FOG OR MIST
DPTR FM NORMAL:   1.8   DPTR FM NORMAL:   -3.01    2 = FOG REDUCING VISIBILITY
HIGHEST:   103 ON 21    GRTST 24HR  0.99 ON 23-23      TO 1/4 MILE OR LESS
LOWEST:     67 ON 26                               3 = THUNDER
                        SNOW, ICE PELLETS, HAIL    4 = ICE PELLETS
                        TOTAL MONTH:   0.0 INCH    5 = HAIL
                        GRTST 24HR     0.0         6 = FREEZING RAIN OR DRIZZLE
                        GRTST DEPTH:   0           7 = DUSTSTORM OR SANDSTORM:
                                                       VSBY 1/2 MILE OR LESS
                                                   8 = SMOKE OR HAZE
[NO. OF DAYS WITH]      [WEATHER - DAYS WITH]      9 = BLOWING SNOW
                                                   X = TORNADO
MAX 32 OR BELOW:   0    0.01 INCH OR MORE:   8
MAX 90 OR ABOVE:  24    0.10 INCH OR MORE:   2
MIN 32 OR BELOW:   0    0.50 INCH OR MORE:   1
MIN  0 OR BELOW:   0    1.00 INCH OR MORE:   0

[HDD (BASE 65) ]
TOTAL THIS MO.     0    CLEAR  (SCALE 0-3)  23
DPTR FM NORMAL     0    PTCLDY (SCALE 4-7)   4
TOTAL FM JUL 1     0    CLOUDY (SCALE 8-10)  0
DPTR FM NORMAL     0

[CDD (BASE 65) ]
TOTAL THIS MO.   510
DPTR FM NORMAL    57    [PRESSURE DATA]
TOTAL FM JAN 1  1376    HIGHEST SLP M ON M
DPTR FM NORMAL   191    LOWEST  SLP 29.75 ON 14

[REMARKS]
