000
CXUS54 KMEG 280733
CF6MEM
PRELIMINARY LOCAL CLIMATOLOGICAL DATA (WS FORM: F-6)

                                          STATION:   MEMPHIS
                                          MONTH:     FEBRUARY
                                          YEAR:      2015
                                          LATITUDE:   35  3 N
                                          LONGITUDE:  89 59 W

  TEMPERATURE IN F:       :PCPN:    SNOW:  WIND      :SUNSHINE: SKY     :PK WND
================================================================================
1   2   3   4   5  6A  6B    7    8   9   10  11  12  13   14  15   16   17  18
                                     12Z  AVG MX 2MIN
DY MAX MIN AVG DEP HDD CDD  WTR  SNW DPTH SPD SPD DIR MIN PSBL S-S WX    SPD DR
================================================================================

 1  59  36  48   6  17   0 0.72  0.0    0 16.4 29 300   M    M  10 1      37 310
 2  37  28  33 -10  32   0 0.00  0.0    0 10.9 24 310   M    M   6        33 330
 3  49  24  37  -6  28   0 0.00  0.0    0  5.8 12 190   M    M   5        22 260
 4  56  34  45   2  20   0    T  0.0    0  9.4 25  10   M    M   8        30  10
 5  39  25  32 -11  33   0 0.00  0.0    0 10.9 22  10   M    M   4        29  10
 6  53  23  38  -5  27   0 0.00  0.0    0  5.3 13 220   M    M   4        21 220
 7  64  38  51   7  14   0 0.00  0.0    0 12.5 25 180   M    M   1        35 180
 8  62  55  59  15   6   0 0.00  0.0    0 12.7 21 210   M    M   8        31 200
 9  57  37  47   3  18   0 0.00  0.0    0 12.3 23  30   M    M   6 8      29  30
10  49  35  42  -2  23   0 0.00  0.0    0  7.4 17  40   M    M   5        25  20
11  58  32  45   1  20   0 0.00  0.0    0  4.8 23  10   M    M   2        28  10
12  41  26  34 -11  31   0 0.00  0.0    0 12.6 24  10   M    M   4        32  20
13  43  24  34 -11  31   0 0.00  0.0    0  4.7  M   M   M    M   8         M  M
14  66  28  47   2  18   0 0.00  0.0    0 10.2 25  50   M    M   2        31  50
15  34  21  28 -18  37   0 0.00  0.0    0 13.5 24  40   M    M   7 6      30  40
16  33  21  27 -19  38   0 0.91  1.3    T 12.2 21  10   M    M  10 146    25  10
17  32  16  24 -22  41   0 0.00  0.0    1  5.4 15  10   M    M   7 1      22 360
18  34  22  28 -18  37   0 0.01  0.2    1 13.0 22 280   M    M   4 1      30 330
19  28  13  21 -26  44   0 0.00  0.0    0  6.7 16  30   M    M   5        22  60
20  37  23  30 -17  35   0 0.51    T    0 10.8 22 150   M    M  10 16     30 160
21  58  34  46  -1  19   0 1.85  0.0    0 12.6 29 210   M    M  10 1      41 190
22  45  28  37 -10  28   0 0.29    T    0 14.1 22  20   M    M   9 468    28  30
23  28  22  25 -23  40   0 0.00  0.0    T 13.7 23  10   M    M   8        28  10
24  36  22  29 -19  36   0 0.00  0.0    0  4.5  9 300   M    M   9        16 260
25  37  27  32 -16  33   0 0.06  0.8    0  3.0 15 190   M    M   9 1      25 240
26  40  24  32 -17  33   0 0.00  0.0    1  9.1 22  10   M    M   7 1      26  20
27  35  21  28 -21  37   0 0.00  0.0    0 11.8 20  30   M    M   7        24  30
================================================================================
SM 1210  739       776   0  4.35     2.3 266.3          M      175
================================================================================
AV 44.8 27.4                               9.9 FASTST   M    M   6    MAX(MPH)
                                 MISC ---->  # 29 300               # 41  190
================================================================================
NOTES:
# LAST OF SEVERAL OCCURRENCES

COLUMN 17 PEAK WIND IN M.P.H.

PRELIMINARY LOCAL CLIMATOLOGICAL DATA (WS FORM: F-6) , PAGE 2

                                          STATION:  MEMPHIS
                                          MONTH:    FEBRUARY
                                          YEAR:     2015
                                          LATITUDE:   35  3 N
                                          LONGITUDE:  89 59 W

[TEMPERATURE DATA]      [PRECIPITATION DATA]       SYMBOLS USED IN COLUMN 16

AVERAGE MONTHLY: 36.1   TOTAL FOR MONTH:   4.35    1 = FOG OR MIST
DPTR FM NORMAL:  -9.3   DPTR FM NORMAL:    0.12    2 = FOG REDUCING VISIBILITY
HIGHEST:    66 ON 14    GRTST 24HR  2.29 ON 20-21      TO 1/4 MILE OR LESS
LOWEST:     13 ON 19                               3 = THUNDER
                        SNOW, ICE PELLETS, HAIL    4 = ICE PELLETS
                        TOTAL MONTH:   2.3 INCHES  5 = HAIL
                        GRTST 24HR   1.3 ON   M    6 = FREEZING RAIN OR DRIZZLE
                        GRTST DEPTH:   1 ON 26,18  7 = DUSTSTORM OR SANDSTORM:
                                                       VSBY 1/2 MILE OR LESS
                                                   8 = SMOKE OR HAZE
[NO. OF DAYS WITH]      [WEATHER - DAYS WITH]      9 = BLOWING SNOW
                                                   X = TORNADO
MAX 32 OR BELOW:   3    0.01 INCH OR MORE:   7
MAX 90 OR ABOVE:   0    0.10 INCH OR MORE:   5
MIN 32 OR BELOW:  20    0.50 INCH OR MORE:   4
MIN  0 OR BELOW:   0    1.00 INCH OR MORE:   1

[HDD (BASE 65) ]
TOTAL THIS MO.   776    CLEAR  (SCALE 0-3)   3
DPTR FM NORMAL   245    PTCLDY (SCALE 4-7)  17
TOTAL FM JUL 1  2697    CLOUDY (SCALE 8-10)  7
DPTR FM NORMAL   264

[CDD (BASE 65) ]
TOTAL THIS MO.     0
DPTR FM NORMAL     0    [PRESSURE DATA]
TOTAL FM JAN 1     0    HIGHEST SLP M ON M
DPTR FM NORMAL    -1    LOWEST  SLP 29.68 ON  1

[REMARKS]
