000
CXUS54 KMEG 290647
CF6MEM
PRELIMINARY LOCAL CLIMATOLOGICAL DATA (WS FORM: F-6)

                                          STATION:   MEMPHIS
                                          MONTH:     MAY
                                          YEAR:      2015
                                          LATITUDE:   35  3 N
                                          LONGITUDE:  89 59 W

  TEMPERATURE IN F:       :PCPN:    SNOW:  WIND      :SUNSHINE: SKY     :PK WND
================================================================================
1   2   3   4   5  6A  6B    7    8   9   10  11  12  13   14  15   16   17  18
                                     12Z  AVG MX 2MIN
DY MAX MIN AVG DEP HDD CDD  WTR  SNW DPTH SPD SPD DIR MIN PSBL S-S WX    SPD DR
================================================================================

 1  73  51  62  -6   3   0 0.00  0.0    0  5.5 14  60   M    M   0        18  90
 2  79  51  65  -3   0   0 0.00  0.0    0  3.2 12 190   M    M   3        16 190
 3  82  54  68   0   0   3 0.00  0.0    0  5.5 15 200   M    M   4        23 250
 4  85  62  74   6   0   9 0.00  0.0    0  8.3 17 170   M    M   2        22 170
 5  87  65  76   7   0  11 0.00  0.0    0  8.2 18 190   M    M   4        25 200
 6  86  64  75   6   0  10 0.00  0.0    0  7.9 17 180   M    M   3        23 170
 7  88  68  78   9   0  13 0.00  0.0    0  9.4 18 180   M    M   5        28 250
 8  83  69  76   6   0  11 0.01  0.0    0  8.1 16 180   M    M   8        26 240
 9  84  68  76   6   0  11 1.16  0.0    0  7.5 18 200   M    M   9 13     23 180
10  87  69  78   8   0  13    T  0.0    0  6.3 16 190   M    M   9        21 190
11  77  66  72   2   0   7 0.01  0.0    0  7.1 24 280   M    M   9        32 210
12  75  61  68  -3   0   3 0.00  0.0    0  7.1 16 340   M    M   8        24  70
13  81  56  69  -2   0   4 0.00  0.0    0  8.0 20  70   M    M   7        23  90
14  81  64  73   2   0   8    T  0.0    0  7.6 18 160   M    M   9        24 170
15  87  67  77   6   0  12 0.15  0.0    0  8.5 25 170   M    M   9 13     31 160
16  84  70  77   5   0  12 1.05  0.0    0  9.6 26 170   M    M   9 138    32 170
17  82  71  77   5   0  12 0.08  0.0    0  9.6 23 170   M    M   8 38     29 180
18  79  68  74   2   0   9 0.28  0.0    0  5.5 17 170   M    M   9 3      23 170
19  84  67  76   4   0  11 0.00  0.0    0  6.0 14  40   M    M   6        22  70
20  78  64  71  -2   0   6 0.70  0.0    0  9.0 20 290   M    M   8 138    25 290
21  64  52  58 -15   7   0 0.00  0.0    0  9.7 17  10   M    M   9        25  10
22  76  48  62 -11   3   0 0.00  0.0    0  5.6 13  60   M    M   4        16  40
23  84  63  74   0   0   9 0.00  0.0    0  6.8 14 150   M    M   7        17 150
24  87  70  79   5   0  14 0.40  0.0    0 12.8 25 160   M    M   6 13     32 150
25  85  69  77   3   0  12 0.14  0.0    0 10.0 21 160   M    M   8 1      28 160
26  82  67  75   1   0  10 0.10  0.0    0  9.4 17 280   M    M   6 1      23 160
27  80  70  75   0   0  10 0.02  0.0    0  6.9 17 210   M    M   8 3      26 230
28  84  69  77   2   0  12 0.00  0.0    0  5.4 10 150   M    M   8        16 140
================================================================================
SM 2284 1783        13 232  4.10     0.0 214.5          M      185
================================================================================
AV 81.6 63.7                               7.7 FASTST   M    M   7    MAX(MPH)
                                 MISC ---->  # 26 170               # 32  210
================================================================================
NOTES:
# LAST OF SEVERAL OCCURRENCES

COLUMN 17 PEAK WIND IN M.P.H.

PRELIMINARY LOCAL CLIMATOLOGICAL DATA (WS FORM: F-6) , PAGE 2

                                          STATION:  MEMPHIS
                                          MONTH:    MAY
                                          YEAR:     2015
                                          LATITUDE:   35  3 N
                                          LONGITUDE:  89 59 W

[TEMPERATURE DATA]      [PRECIPITATION DATA]       SYMBOLS USED IN COLUMN 16

AVERAGE MONTHLY: 72.6   TOTAL FOR MONTH:   4.10    1 = FOG OR MIST
DPTR FM NORMAL:   1.3   DPTR FM NORMAL:   -0.69    2 = FOG REDUCING VISIBILITY
HIGHEST:    88 ON  7    GRTST 24HR  1.20 ON 15-16      TO 1/4 MILE OR LESS
LOWEST:     48 ON 22                               3 = THUNDER
                        SNOW, ICE PELLETS, HAIL    4 = ICE PELLETS
                        TOTAL MONTH:   0.0 INCH    5 = HAIL
                        GRTST 24HR     0.0         6 = FREEZING RAIN OR DRIZZLE
                        GRTST DEPTH:   0           7 = DUSTSTORM OR SANDSTORM:
                                                       VSBY 1/2 MILE OR LESS
                                                   8 = SMOKE OR HAZE
[NO. OF DAYS WITH]      [WEATHER - DAYS WITH]      9 = BLOWING SNOW
                                                   X = TORNADO
MAX 32 OR BELOW:   0    0.01 INCH OR MORE:  12
MAX 90 OR ABOVE:   0    0.10 INCH OR MORE:   8
MIN 32 OR BELOW:   0    0.50 INCH OR MORE:   3
MIN  0 OR BELOW:   0    1.00 INCH OR MORE:   2

[HDD (BASE 65) ]
TOTAL THIS MO.    13    CLEAR  (SCALE 0-3)   3
DPTR FM NORMAL    -4    PTCLDY (SCALE 4-7)  15
TOTAL FM JUL 1  3184    CLOUDY (SCALE 8-10) 10
DPTR FM NORMAL   222

[CDD (BASE 65) ]
TOTAL THIS MO.   232
DPTR FM NORMAL    38    [PRESSURE DATA]
TOTAL FM JAN 1   322    HIGHEST SLP M ON M
DPTR FM NORMAL    33    LOWEST  SLP 29.89 ON 26

[REMARKS]
