000
CXUS55 KFSD 160905
CF6MHE
PRELIMINARY LOCAL CLIMATOLOGICAL DATA (WS FORM: F-6)

                                          STATION:   MITCHELL SD
                                          MONTH:     DECEMBER
                                          YEAR:      2017
                                          LATITUDE:   43 46 N
                                          LONGITUDE:  98  2 W

  TEMPERATURE IN F:       :PCPN:    SNOW:  WIND      :SUNSHINE: SKY     :PK WND
================================================================================
1   2   3   4   5  6A  6B    7    8   9   10  11  12  13   14  15   16   17  18
                                     12Z  AVG MX 2MIN
DY MAX MIN AVG DEP HDD CDD  WTR  SNW DPTH SPD SPD DIR MIN PSBL S-S WX    SPD DR
================================================================================

 1  48  25  37  12  28   0 0.00  0.0    0  6.7 17 170   M    M   1        21 180
 2  56  23  40  15  25   0 0.00  0.0    0  7.6 18 150   M    M   0        23 150
 3  54  22  38  14  27   0 0.00  0.0    0 10.0 20 170   M    M   0        23 160
 4  47  23  35  11  30   0 0.20  1.3    0 22.0 49 320   M    M   6 129    57 320
 5  34  17  26   2  39   0    T    T    1 13.9 23 320   M    M   7 1      29 320
 6  33  10  22  -1  43   0 0.09  1.0    1 17.1 30 310   M    M   7 18     36 300
 7  31   3  17  -6  48   0 0.00  0.0    2 10.3 16 310   M    M   1        20 250
 8  35  28  32  10  33   0 0.00  0.0    2 14.0 21 310   M    M   5        26 320
 9  38  23  31   9  34   0 0.00  0.0    1 10.1 21 360   M    M   3        23 360
10  48  33  41  19  24   0 0.00  0.0    1  9.9 18 290   M    M   0        23 240
11  43  17  30   8  35   0    T  0.0    1 19.5 36 320   M    M   4        46 340
12  48  16  32  11  33   0 0.00  0.0    0  8.3 20 250   M    M   3        26 250
13  51  34  43  22  22   0    T  0.0    0 23.4 41 320   M    M   7        55 320
14  37  25  31  10  34   0    T    T    0  9.3 18 340   M    M   9        24 340
15  44  29  37  17  28   0 0.00  0.0    0 10.2 16 270   M    M   4        20 270
================================================================================
SM  647  328       483   0  0.29     2.3 192.3          M       57
================================================================================
AV 43.1 21.9                              12.8 FASTST   M    M   4    MAX(MPH)
                                 MISC ---->  # 49 320               # 57  320
================================================================================
NOTES:
# LAST OF SEVERAL OCCURRENCES

COLUMN 17 PEAK WIND IN M.P.H.

PRELIMINARY LOCAL CLIMATOLOGICAL DATA (WS FORM: F-6) , PAGE 2

                                          STATION:  MITCHELL SD
                                          MONTH:    DECEMBER
                                          YEAR:     2017
                                          LATITUDE:   43 46 N
                                          LONGITUDE:  98  2 W

[TEMPERATURE DATA]      [PRECIPITATION DATA]       SYMBOLS USED IN COLUMN 16

AVERAGE MONTHLY: 32.5   TOTAL FOR MONTH:   0.29    1 = FOG OR MIST
DPTR FM NORMAL:   9.9   DPTR FM NORMAL:    0.02    2 = FOG REDUCING VISIBILITY
HIGHEST:    56 ON  2    GRTST 24HR  0.20 ON  4- 4      TO 1/4 MILE OR LESS
LOWEST:      3 ON  7                               3 = THUNDER
                        SNOW, ICE PELLETS, HAIL    4 = ICE PELLETS
                        TOTAL MONTH:   2.3 INCHES  5 = HAIL
                        GRTST 24HR   1.3 ON  4- 4  6 = FREEZING RAIN OR DRIZZLE
                        GRTST DEPTH:   2 ON  8, 7  7 = DUSTSTORM OR SANDSTORM:
                                                       VSBY 1/2 MILE OR LESS
                                                   8 = SMOKE OR HAZE
[NO. OF DAYS WITH]      [WEATHER - DAYS WITH]      9 = BLOWING SNOW
                                                   X = TORNADO
MAX 32 OR BELOW:   1    0.01 INCH OR MORE:   2
MAX 90 OR ABOVE:   0    0.10 INCH OR MORE:   1
MIN 32 OR BELOW:  13    0.50 INCH OR MORE:   0
MIN  0 OR BELOW:   0    1.00 INCH OR MORE:   0

[HDD (BASE 65) ]
TOTAL THIS MO.   483    CLEAR  (SCALE 0-3)   6
DPTR FM NORMAL  -152    PTCLDY (SCALE 4-7)   8
TOTAL FM JUL 1  1872    CLOUDY (SCALE 8-10)  1
DPTR FM NORMAL  -331

[CDD (BASE 65) ]
TOTAL THIS MO.     0
DPTR FM NORMAL     0    [PRESSURE DATA]
TOTAL FM JAN 1   890    HIGHEST SLP M ON M
DPTR FM NORMAL    66    LOWEST  SLP 29.39 ON  4

[REMARKS]
