000
CXUS53 KTOP 290800
CF6MHK
PRELIMINARY LOCAL CLIMATOLOGICAL DATA (WS FORM: F-6)

                                          STATION:   Manhattan KS
                                          MONTH:     MAY
                                          YEAR:      2016
                                          LATITUDE:   39  9 N
                                          LONGITUDE:  96 40 W

  TEMPERATURE IN F:       :PCPN:    SNOW:  WIND      :SUNSHINE: SKY     :PK WND
================================================================================
1   2   3   4   5  6A  6B    7    8   9   10  11  12  13   14  15   16   17  18
                                     12Z  AVG MX 2MIN
DY MAX MIN AVG DEP HDD CDD  WTR  SNW DPTH SPD SPD DIR MIN PSBL S-S WX    SPD DR
================================================================================

 1  58  47  53  -6  12   0    T    M    M  6.3 15  10   M    M  10 18     23 330
 2  66  44  55  -4  10   0 0.00    M    M  3.1 12  30   M    M   7        17  10
 3  75  39  57  -2   8   0 0.00    M    M  2.2 12 270   M    M   1 1      17 160
 4  73  45  59  -1   6   0 0.00    M    M  5.8 15  20   M    M   0        22  30
 5  80  39  60   0   5   0 0.00    M    M  2.3 10  40   M    M   0        13  50
 6  85  44  65   5   0   0 0.00    M    M  6.3 17 210   M    M   0        24 200
 7  87  57  72  11   0   7 0.00    M    M  7.2 17 210   M    M   0        22 210
 8  74  62  68   7   0   3 0.19    M    M 10.7 24 140   M    M   3        33 150
 9  80  56  68   7   0   3 0.13    M    M  9.2 23 190   M    M   7 1      34 180
10  88  50  69   7   0   4 0.00    M    M  3.6 12 150   M    M   0        14 150
11  74  57  66   4   0   1 0.22    M    M  8.0 31 260   M    M   6 13     48 250
12  75  50  63   1   2   0 0.00    M    M  4.9 17 280   M    M   0        23 280
13  84  47  66   3   0   1 0.00    M    M 11.5 29 220   M    M   1 3      37 210
14  63  42  53 -10  12   0 0.00    M    M  6.7 20  40   M    M   1        26  30
15  66  40  53 -10  12   0 0.03    M    M  3.8 17  60   M    M   5        25  60
16  56  50  53 -11  12   0 0.52    M    M  9.6 17  70   M    M  10 1      23  80
17  66  46  56  -8   9   0 0.03    M    M  9.9 18  60   M    M   6        26  30
18  70  41  56  -8   9   0 0.00    M    M  1.9  8 180   M    M   4 1      11 210
19  69  44  57  -8   8   0 0.06    M    M  4.7 14 180   M    M   6 1       M  M
20  67  54  61  -4   4   0 0.03    M    M  5.6 12 110   M    M  10 1      14 110
21  72  48  60  -5   5   0 0.00    M    M  7.2 15 140   M    M   6 1      21 160
22  85  59  72   6   0   7 0.00    M    M 11.1 23 170   M    M   3        29 170
23  75  67  71   5   0   6 0.10    M    M  8.2 23 110   M    M   3 1      31 130
24  83  60  72   6   0   7 1.37    M    M  8.8 20 180   M    M   5 13     27 180
25  83  60  72   5   0   7 0.52    M    M  7.1 32 240   M    M   6 138    48 270
26  85  60  73   6   0   8 1.75    M    M  8.4 35 230   M    M   8 138    43 230
27  79  58  69   2   0   4 0.75    M    M  6.3 28 230   M    M   4 13     40 230
28  79  59  69   1   0   4 0.06    M    M  5.7 16 250   M    M   5 1      21 250
================================================================================
SM 2097 1425       114  62  5.76    M    186.1          M      117
================================================================================
AV 74.9 50.9                               6.6 FASTST   M    M   4    MAX(MPH)
                                 MISC ---->  # 35 230               # 48  250
================================================================================
NOTES:
# LAST OF SEVERAL OCCURRENCES

COLUMN 17 PEAK WIND IN M.P.H.

PRELIMINARY LOCAL CLIMATOLOGICAL DATA (WS FORM: F-6) , PAGE 2

                                          STATION:  Manhattan KS
                                          MONTH:    MAY
                                          YEAR:     2016
                                          LATITUDE:   39  9 N
                                          LONGITUDE:  96 40 W

[TEMPERATURE DATA]      [PRECIPITATION DATA]       SYMBOLS USED IN COLUMN 16

AVERAGE MONTHLY: 62.9   TOTAL FOR MONTH:   5.76    1 = FOG OR MIST
DPTR FM NORMAL:  -0.3   DPTR FM NORMAL:    1.81    2 = FOG REDUCING VISIBILITY
HIGHEST:    88 ON 10    GRTST 24HR  2.06 ON 26-27      TO 1/4 MILE OR LESS
LOWEST:     39 ON  5, 3                            3 = THUNDER
                        SNOW, ICE PELLETS, HAIL    4 = ICE PELLETS
                        TOTAL MONTH:    M          5 = HAIL
                        GRTST 24HR    M  ON   M    6 = FREEZING RAIN OR DRIZZLE
                        GRTST DEPTH:  M  ON   M    7 = DUSTSTORM OR SANDSTORM:
                                                       VSBY 1/2 MILE OR LESS
                                                   8 = SMOKE OR HAZE
[NO. OF DAYS WITH]      [WEATHER - DAYS WITH]      9 = BLOWING SNOW
                                                   X = TORNADO
MAX 32 OR BELOW:   0    0.01 INCH OR MORE:  14
MAX 90 OR ABOVE:   0    0.10 INCH OR MORE:   9
MIN 32 OR BELOW:   0    0.50 INCH OR MORE:   5
MIN  0 OR BELOW:   0    1.00 INCH OR MORE:   2

[HDD (BASE 65) ]
TOTAL THIS MO.   114    CLEAR  (SCALE 0-3)  10
DPTR FM NORMAL    -6    PTCLDY (SCALE 4-7)  14
TOTAL FM JUL 1  4115    CLOUDY (SCALE 8-10)  4
DPTR FM NORMAL -1186

[CDD (BASE 65) ]
TOTAL THIS MO.    62
DPTR FM NORMAL    -6    [PRESSURE DATA]
TOTAL FM JAN 1    90    HIGHEST SLP M ON M
DPTR FM NORMAL     5    LOWEST  SLP 29.52 ON  9

[REMARKS]
