000
CXUS53 KDMX 290920
CF6MIW
PRELIMINARY LOCAL CLIMATOLOGICAL DATA (WS FORM: F-6)

                                          STATION:   MARSHALLTOWN IA
                                          MONTH:     MARCH
                                          YEAR:      2017
                                          LATITUDE:   42  6 N
                                          LONGITUDE:  92 55 W

  TEMPERATURE IN F:       :PCPN:    SNOW:  WIND      :SUNSHINE: SKY     :PK WND
================================================================================
1   2   3   4   5  6A  6B    7    8   9   10  11  12  13   14  15   16   17  18
                                     12Z  AVG MX 2MIN
DY MAX MIN AVG DEP HDD CDD  WTR  SNW DPTH SPD SPD DIR MIN PSBL S-S WX    SPD DR
================================================================================

 1  40  28  34   6  31   0    T    M    M 20.9 35 300   M    M   8 1      39 310
 2  34  18  26  -3  39   0 0.00  0.0    M 10.4 21 310   M    M   5        25 320
 3  36  11  24  -6  41   0 0.00  0.0    M  9.8 21 130   M    M   2        25 140
 4  56  26  41  11  24   0 0.00  0.0    M 15.8 24 130   M    M   0        31 130
 5  61  37  49  19  16   0 0.00  0.0    0 15.2 30 200   M    M   7        35 200
 6  73  43  58  27   7   0 0.42  0.0    0 21.9 49 230   M    M   7 13     63 230
 7  53  34  44  12  21   0 0.00  0.0    0 20.4 33 250   M    M   3        46 280
 8  50  28  39   7  26   0 0.00  0.0    0 18.2 32 260   M    M   1        43 270
 9  45  25  35   2  30   0 0.00  0.0    0 12.5 24 350   M    M   3        29 350
10  27  15  21 -12  44   0 0.00  0.0    0 12.7 22 340   M    M   M        27 350
11  28  19  24 -10  41   0 0.00  0.0    0  8.7 15  40   M    M   M        18  30
12  31  15  23 -11  42   0 0.04    M    0 11.5 22 140   M    M   9 18     29 150
13  26   9  18 -17  47   0    T    M    M 15.7 24  20   M    M   9 1      28  30
14  23   2  13 -22  52   0 0.00  0.0    0  8.1 14  20   M    M   3        15  20
15  28  -3  13 -23  52   0 0.00  0.0    0  4.7 10 190   M    M   1        13 190
16  40  23  32  -4  33   0    T    M    0 15.1 25 130   M    M   6        30 120
17  59  31  45   8  20   0 0.00  0.0    0 16.1 38 290   M    M   2        45 300
18  47  27  37   0  28   0 0.00  0.0    0 12.9 29 310   M    M   6        37 300
19  64  26  45   7  20   0 0.00  0.0    0 14.8 30 160   M    M   1        37 160
20  65  37  51  13  14   0 0.00  0.0    0 13.0 24  20   M    M   0        30  10
21  48  26  37  -2  28   0 0.00  0.0    0 12.1 21 340   M    M   2        25 320
22  44  23  34  -5  31   0 0.00  0.0    0 13.9 22 140   M    M   4        27 130
23  47  37  42   2  23   0 0.00  0.0    0 17.8 26 130   M    M   7        34 150
24  56  41  49   9  16   0 0.02    M    0 12.5 24  40   M    M   7 1      30  30
25  42  37  40  -1  25   0 0.18  0.0    0 14.8 23  50   M    M  10 1      28  40
26  48  39  44   3  21   0 0.19    M    0  7.6 14 360   M    M  10 1      22 310
27  49  41  45   3  20   0 0.01    M    0  6.1 12 350   M    M  10 12     16  40
28  52  41  47   5  18   0 0.00  0.0    0  6.6 13 130   M    M   8 1      15 100
================================================================================
SM 1272  736       810   0  0.86     0.0 369.8          M      131
================================================================================
AV 45.4 26.3                              13.2 FASTST   M    M   5    MAX(MPH)
                                 MISC ---->  # 49 230               # 63  230
================================================================================
NOTES:
# LAST OF SEVERAL OCCURRENCES

COLUMN 17 PEAK WIND IN M.P.H.

PRELIMINARY LOCAL CLIMATOLOGICAL DATA (WS FORM: F-6) , PAGE 2

                                          STATION:  MARSHALLTOWN IA
                                          MONTH:    MARCH
                                          YEAR:     2017
                                          LATITUDE:   42  6 N
                                          LONGITUDE:  92 55 W

[TEMPERATURE DATA]      [PRECIPITATION DATA]       SYMBOLS USED IN COLUMN 16

AVERAGE MONTHLY: 35.9   TOTAL FOR MONTH:   0.86    1 = FOG OR MIST
DPTR FM NORMAL:   0.4   DPTR FM NORMAL:   -0.84    2 = FOG REDUCING VISIBILITY
HIGHEST:    73 ON  6    GRTST 24HR  0.42 ON  6- 6      TO 1/4 MILE OR LESS
LOWEST:     -3 ON 15                               3 = THUNDER
                        SNOW, ICE PELLETS, HAIL    4 = ICE PELLETS
                        TOTAL MONTH:   0.0 INCH    5 = HAIL
                        GRTST 24HR     0.0         6 = FREEZING RAIN OR DRIZZLE
                        GRTST DEPTH:   0           7 = DUSTSTORM OR SANDSTORM:
                                                       VSBY 1/2 MILE OR LESS
                                                   8 = SMOKE OR HAZE
[NO. OF DAYS WITH]      [WEATHER - DAYS WITH]      9 = BLOWING SNOW
                                                   X = TORNADO
MAX 32 OR BELOW:   6    0.01 INCH OR MORE:   6
MAX 90 OR ABOVE:   0    0.10 INCH OR MORE:   3
MIN 32 OR BELOW:  18    0.50 INCH OR MORE:   0
MIN  0 OR BELOW:   1    1.00 INCH OR MORE:   0

[HDD (BASE 65) ]
TOTAL THIS MO.   810    CLEAR  (SCALE 0-3)  10
DPTR FM NORMAL   -17    PTCLDY (SCALE 4-7)  11
TOTAL FM JUL 1  5136    CLOUDY (SCALE 8-10)  5
DPTR FM NORMAL -1094

[CDD (BASE 65) ]
TOTAL THIS MO.     0
DPTR FM NORMAL     0    [PRESSURE DATA]
TOTAL FM JAN 1     0    HIGHEST SLP M ON M
DPTR FM NORMAL     0    LOWEST  SLP 29.22 ON  6

[REMARKS]
