215
CXUS53 KGRR 271017
CF6MKG
PRELIMINARY LOCAL CLIMATOLOGICAL DATA (WS FORM: F-6)

                                          STATION:   MUSKEGON MI
                                          MONTH:     JULY
                                          YEAR:      2016
                                          LATITUDE:   43 10 N
                                          LONGITUDE:  86 14 W

  TEMPERATURE IN F:       :PCPN:    SNOW:  WIND      :SUNSHINE: SKY     :PK WND
================================================================================
1   2   3   4   5  6A  6B    7    8   9   10  11  12  13   14  15   16   17  18
                                     12Z  AVG MX 2MIN
DY MAX MIN AVG DEP HDD CDD  WTR  SNW DPTH SPD SPD DIR MIN PSBL S-S WX    SPD DR
================================================================================

 1  71  51  61  -9   4   0 0.25  0.0    0 11.2 21 340   M    M   6 13     26 340
 2  73  50  62  -8   3   0 0.00  0.0    0  4.8 14 260   M    M   4 1      18 240
 3  79  49  64  -6   1   0 0.00  0.0    0  3.6 12 280   M    M   3 12     14 260
 4  79  54  67  -4   0   2 0.00  0.0    0  4.5 14 130   M    M   6 1      18 130
 5  81  61  71   0   0   6 0.00  0.0    0  6.3 14 210   M    M   5 1      18 200
 6  81  66  74   3   0   9    T  0.0    0  8.8 25 190   M    M   7        33 200
 7  85  62  74   3   0   9 0.03  0.0    0  5.3 16 190   M    M   6 18     19 300
 8  84  66  75   4   0  10    T  0.0    0  8.4 20 340   M    M   6 138    26 350
 9  81  64  73   2   0   8 0.00  0.0    0 11.4 18 340   M    M   6        24 320
10  80  53  67  -4   0   2 0.00  0.0    0  3.5 13 250   M    M   5        16 260
11  87  65  76   5   0  11 0.73  0.0    0  8.9 21 170   M    M   6 13     30 170
12  89  71  80   9   0  15 0.00  0.0    0 13.7 25 180   M    M   4        34 180
13  87  69  78   7   0  13 0.00  0.0    0 12.1 22 210   M    M   4 3      28 210
14  82  69  76   5   0  11 0.00  0.0    0 13.0 24 230   M    M   4        31 230
15  74  58  66  -5   0   1    T  0.0    0  8.9 18 280   M    M   9        23 290
16  75  53  64  -7   1   0 0.00  0.0    0  4.4 15 250   M    M   2        18 250
17  80  55  68  -3   0   3 0.01  0.0    0 15.5 33 200   M    M   5        47 200
18  84  65  75   4   0  10 0.00  0.0    0  7.7 17 250   M    M   6        22 250
19  87  63  75   4   0  10 0.00  0.0    0  5.4 15 270   M    M   2 1      17 280
20  87  60  74   3   0   9 0.00  0.0    0  5.8 13 210   M    M   3        16 210
21  81  72  77   6   0  12 0.23  0.0    0 12.2 33 220   M    M   5 13     42 210
22  82  67  75   4   0  10 0.00  0.0    0  6.9 15 230   M    M   3 1      21 300
23  90  65  78   7   0  13    T  0.0    0  3.9 15 230   M    M   5 12     18 220
24  88  69  79   8   0  14 2.93  0.0    0 11.0 26 360   M    M   7 13     35 190
25  85  65  75   4   0  10    T  0.0    0  6.4 17 320   M    M   4 1      22 320
26  85  64  75   4   0  10 0.00  0.0    0  3.5 13 240   M    M   2 1      15 260
================================================================================
SM 2137 1606         9 198  4.18     0.0 207.1          M      125
================================================================================
AV 82.2 61.8                               8.0 FASTST   M    M   5    MAX(MPH)
                                 MISC ---->  # 33 200               # 47  200
================================================================================
NOTES:
# LAST OF SEVERAL OCCURRENCES

COLUMN 17 PEAK WIND IN M.P.H.

PRELIMINARY LOCAL CLIMATOLOGICAL DATA (WS FORM: F-6) , PAGE 2

                                          STATION:  MUSKEGON MI
                                          MONTH:    JULY
                                          YEAR:     2016
                                          LATITUDE:   43 10 N
                                          LONGITUDE:  86 14 W

[TEMPERATURE DATA]      [PRECIPITATION DATA]       SYMBOLS USED IN COLUMN 16

AVERAGE MONTHLY: 72.0   TOTAL FOR MONTH:   4.18    1 = FOG OR MIST
DPTR FM NORMAL:   1.1   DPTR FM NORMAL:    2.24    2 = FOG REDUCING VISIBILITY
HIGHEST:    90 ON 23    GRTST 24HR  2.93 ON 24-24      TO 1/4 MILE OR LESS
LOWEST:     49 ON  3                               3 = THUNDER
                        SNOW, ICE PELLETS, HAIL    4 = ICE PELLETS
                        TOTAL MONTH:   0.0 INCH    5 = HAIL
                        GRTST 24HR     0.0         6 = FREEZING RAIN OR DRIZZLE
                        GRTST DEPTH:   0           7 = DUSTSTORM OR SANDSTORM:
                                                       VSBY 1/2 MILE OR LESS
                                                   8 = SMOKE OR HAZE
[NO. OF DAYS WITH]      [WEATHER - DAYS WITH]      9 = BLOWING SNOW
                                                   X = TORNADO
MAX 32 OR BELOW:   0    0.01 INCH OR MORE:   6
MAX 90 OR ABOVE:   1    0.10 INCH OR MORE:   4
MIN 32 OR BELOW:   0    0.50 INCH OR MORE:   2
MIN  0 OR BELOW:   0    1.00 INCH OR MORE:   1

[HDD (BASE 65) ]
TOTAL THIS MO.     9    CLEAR  (SCALE 0-3)   5
DPTR FM NORMAL     5    PTCLDY (SCALE 4-7)  20
TOTAL FM JUL 1     9    CLOUDY (SCALE 8-10)  1
DPTR FM NORMAL     5

[CDD (BASE 65) ]
TOTAL THIS MO.   198
DPTR FM NORMAL    25    [PRESSURE DATA]
TOTAL FM JAN 1   359    HIGHEST SLP M ON M
DPTR FM NORMAL    52    LOWEST  SLP 29.71 ON  8

[REMARKS]
