000
CXUS54 KMEG 280636
CF6MKL
PRELIMINARY LOCAL CLIMATOLOGICAL DATA (WS FORM: F-6)

                                          STATION:   JACKSON
                                          MONTH:     MAY
                                          YEAR:      2016
                                          LATITUDE:   35 35 N
                                          LONGITUDE:  88 55 W

  TEMPERATURE IN F:       :PCPN:    SNOW:  WIND      :SUNSHINE: SKY     :PK WND
================================================================================
1   2   3   4   5  6A  6B    7    8   9   10  11  12  13   14  15   16   17  18
                                     12Z  AVG MX 2MIN
DY MAX MIN AVG DEP HDD CDD  WTR  SNW DPTH SPD SPD DIR MIN PSBL S-S WX    SPD DR
================================================================================

 1  82  61  72   8   0   7 0.02  0.0    0  4.6 15 310   M    M   5 123    19 320
 2  66  55  61  -4   4   0 0.73  0.0    0  4.6 21  20   M    M  10 13     26  10
 3  65  49  57  -8   8   0 0.01  0.0    0  5.9 16 360   M    M   8        20 360
 4  75  47  61  -4   4   0 0.00  0.0    0  9.8 23 340   M    M   2        32 340
 5  69  44  57  -9   8   0 0.00  0.0    0 10.1 24 360   M    M   1        31 360
 6  74  41  58  -8   7   0 0.00  0.0    0  6.0 15 290   M    M   1        19 300
 7  84  50  67   1   0   2 0.00  0.0    0  9.4 17 230   M    M   0        23 230
 8  84  60  72   6   0   7 0.00  0.0    0  9.0 20 230   M    M   0        26 240
 9  73  62  68   1   0   3 0.03  0.0    0  9.6 14 190   M    M   4 3      22 190
10  83  62  73   6   0   8 0.36  0.0    0 10.4 25 260   M    M   4 13     33 250
11  87  70  79  12   0  14 0.00  0.0    0  9.3 17 200   M    M   2        23 200
12  79  62  71   3   0   6 0.17  0.0    0  5.2 24 290   M    M   4 13     33 250
13  78  52  65  -3   0   0 0.00  0.0    0  5.8 14 300   M    M   1        23 290
14  64  47  56 -12   9   0 0.00  0.0    0  9.2 26 360   M    M   2        36 350
15  69  44  57 -11   8   0 0.00  0.0    0  2.7 14  60   M    M   1        20  10
16  67  54  61  -8   4   0 0.03  0.0    0  5.5 13 100   M    M  10        17 120
17  79  56  68  -1   0   3 0.16  0.0    0  6.2 16 360   M    M   8 1      19 360
18  63  49  56 -13   9   0 0.00  0.0    0  8.6 17  10   M    M   8 1      20  20
19  76  48  62  -7   3   0    T  0.0    0  7.0 17  30   M    M   0 1      23  50
20  72  57  65  -5   0   0 0.99  0.0    0  3.8 12 320   M    M   9 13     14  70
21  76  54  65  -5   0   0 0.00  0.0    0  6.9 18 360   M    M   2 1      22 320
22  82  52  67  -3   0   2 0.00  0.0    0  4.7 18  20   M    M   0 1      23  40
23  83  50  67  -3   0   2 0.00  0.0    0  2.1 12 250   M    M   0        14 250
24  86  58  72   1   0   7 0.14  0.0    0  4.6 28 310   M    M   3 1      36 310
25  85  64  75   4   0  10 0.67  0.0    0  7.3 33 280   M    M   5 138    46 290
26  89  66  78   7   0  13 0.46  0.0    0  8.9 26  30   M    M   3 13     36  30
27  82  67  75   3   0  10 0.00  0.0    0  6.9 15 190   M    M   2        20 180
================================================================================
SM 2072 1481        64  94  3.77     0.0 184.1          M       95
================================================================================
AV 76.7 54.9                               6.8 FASTST   M    M   4    MAX(MPH)
                                 MISC ---->  # 33 280               # 46  290
================================================================================
NOTES:
# LAST OF SEVERAL OCCURRENCES

COLUMN 17 PEAK WIND IN M.P.H.

PRELIMINARY LOCAL CLIMATOLOGICAL DATA (WS FORM: F-6) , PAGE 2

                                          STATION:  JACKSON
                                          MONTH:    MAY
                                          YEAR:     2016
                                          LATITUDE:   35 35 N
                                          LONGITUDE:  88 55 W

[TEMPERATURE DATA]      [PRECIPITATION DATA]       SYMBOLS USED IN COLUMN 16

AVERAGE MONTHLY: 65.8   TOTAL FOR MONTH:   3.77    1 = FOG OR MIST
DPTR FM NORMAL:  -2.2   DPTR FM NORMAL:   -1.18    2 = FOG REDUCING VISIBILITY
HIGHEST:    89 ON 26    GRTST 24HR  0.99 ON 20-20      TO 1/4 MILE OR LESS
LOWEST:     41 ON  6                               3 = THUNDER
                        SNOW, ICE PELLETS, HAIL    4 = ICE PELLETS
                        TOTAL MONTH:   0.0 INCH    5 = HAIL
                        GRTST 24HR     0.0         6 = FREEZING RAIN OR DRIZZLE
                        GRTST DEPTH:   0           7 = DUSTSTORM OR SANDSTORM:
                                                       VSBY 1/2 MILE OR LESS
                                                   8 = SMOKE OR HAZE
[NO. OF DAYS WITH]      [WEATHER - DAYS WITH]      9 = BLOWING SNOW
                                                   X = TORNADO
MAX 32 OR BELOW:   0    0.01 INCH OR MORE:  12
MAX 90 OR ABOVE:   0    0.10 INCH OR MORE:   8
MIN 32 OR BELOW:   0    0.50 INCH OR MORE:   3
MIN  0 OR BELOW:   0    1.00 INCH OR MORE:   0

[HDD (BASE 65) ]
TOTAL THIS MO.    64    CLEAR  (SCALE 0-3)  15
DPTR FM NORMAL    18    PTCLDY (SCALE 4-7)   7
TOTAL FM JUL 1  2879    CLOUDY (SCALE 8-10)  5
DPTR FM NORMAL  -693

[CDD (BASE 65) ]
TOTAL THIS MO.    94
DPTR FM NORMAL   -33    [PRESSURE DATA]
TOTAL FM JAN 1   138    HIGHEST SLP M ON M
DPTR FM NORMAL   -48    LOWEST  SLP 29.75 ON  4

[REMARKS]
