000
CXUS54 KFWD 200730
CF6MKN
PRELIMINARY LOCAL CLIMATOLOGICAL DATA (WS FORM: F-6)

                                          STATION:   COMANCHE
                                          MONTH:     NOVEMBER
                                          YEAR:      2017
                                          LATITUDE:   31 55 N
                                          LONGITUDE:  98 36 W

  TEMPERATURE IN F:       :PCPN:    SNOW:  WIND      :SUNSHINE: SKY     :PK WND
================================================================================
1   2   3   4   5  6A  6B    7    8   9   10  11  12  13   14  15   16   17  18
                                     12Z  AVG MX 2MIN
DY MAX MIN AVG DEP HDD CDD  WTR  SNW DPTH SPD SPD DIR MIN PSBL S-S WX    SPD DR
================================================================================

 1  86  42  64   M   1   0 0.00  0.0    0  7.4 16 240   M    M   1        23 230
 2  92  64  78   M   0  13 0.00  0.0    0 12.5 18 240   M    M   0        27 220
 3  73  50  62   M   3   0 0.00  0.0    0  5.1  9 220   M    M   3         M  M
 4  89  57  73   M   0   8 0.00  0.0    0  8.2 17 230   M    M   2 1      22 230
 5  88  66  77   M   0  12 0.00  0.0    0  9.0 15 220   M    M   0        25 220
 6  73  55  64   M   1   0 0.00  0.0    0  6.0 13 230   M    M   0        18 230
 7  59  48  54   M  11   0    M  0.0    0  8.2 15  10   M    M   4        22  10
 8  45  39  42   M  23   0 1.28  0.0    0  9.0 13 340   M    M  10 3      20  10
 9  48  39  44   M  21   0 0.00  0.0    0  3.0  7 340   M    M  10 1       M  M
10  55  46  51   M  14   0 0.00  0.0    0  5.3  8 180   M    M  10 1       M  M
11  66  54  60   M   5   0 0.00  0.0    0  8.8 15 180   M    M  10        20 190
12  72  63  68   M   0   3 0.04  0.0    0  5.1 12  20   M    M  10 12      M  M
13  72  57  65   M   0   0 0.00  0.0    0  3.6  9 190   M    M  10 1       M  M
14  74  60  67   M   0   2 0.00  0.0    0  9.5 17 200   M    M   7 1      27 180
15  74  60  67   M   0   2 0.00  0.0    0  6.8 12 250   M    M   9        22 200
16  75  60  68   M   0   3 0.00  0.0    0  4.7  9 210   M    M   7 12      M  M
17  84  60  72   M   0   7 0.00  0.0    0 11.4 20 210   M    M   2        32 210
18  71  44  58   M   7   0 0.00  0.0    0 17.9 31 350   M    M   0        43 340
19  60  41  51   M  14   0 0.00  0.0    0  3.1  7 210   M    M   0         M  M
================================================================================
SM 1356 1005       100  50  1.32     0.0 144.6          M       95
================================================================================
AV 71.4 52.9                               7.6 FASTST   M    M   5    MAX(MPH)
                                 MISC ---->    31   M                 43    M
================================================================================
NOTES:
# LAST OF SEVERAL OCCURRENCES

COLUMN 17 PEAK WIND IN M.P.H.

PRELIMINARY LOCAL CLIMATOLOGICAL DATA (WS FORM: F-6) , PAGE 2

                                          STATION:  COMANCHE
                                          MONTH:    NOVEMBER
                                          YEAR:     2017
                                          LATITUDE:   31 55 N
                                          LONGITUDE:  98 36 W

[TEMPERATURE DATA]      [PRECIPITATION DATA]       SYMBOLS USED IN COLUMN 16

AVERAGE MONTHLY: 62.1   TOTAL FOR MONTH:   1.32    1 = FOG OR MIST
DPTR FM NORMAL:     M   DPTR FM NORMAL:   -0.04    2 = FOG REDUCING VISIBILITY
HIGHEST:    92 ON  2    GRTST 24HR  1.28 ON  8- 8      TO 1/4 MILE OR LESS
LOWEST:     39 ON  9, 8                            3 = THUNDER
                        SNOW, ICE PELLETS, HAIL    4 = ICE PELLETS
                        TOTAL MONTH:   0.0 INCH    5 = HAIL
                        GRTST 24HR     0.0         6 = FREEZING RAIN OR DRIZZLE
                        GRTST DEPTH:   0           7 = DUSTSTORM OR SANDSTORM:
                                                       VSBY 1/2 MILE OR LESS
                                                   8 = SMOKE OR HAZE
[NO. OF DAYS WITH]      [WEATHER - DAYS WITH]      9 = BLOWING SNOW
                                                   X = TORNADO
MAX 32 OR BELOW:   0    0.01 INCH OR MORE:   2
MAX 90 OR ABOVE:   1    0.10 INCH OR MORE:   1
MIN 32 OR BELOW:   0    0.50 INCH OR MORE:   1
MIN  0 OR BELOW:   0    1.00 INCH OR MORE:   1

[HDD (BASE 65) ]
TOTAL THIS MO.   100    CLEAR  (SCALE 0-3)   8
DPTR FM NORMAL     M    PTCLDY (SCALE 4-7)   4
TOTAL FM JUL 1   191    CLOUDY (SCALE 8-10)  7
DPTR FM NORMAL     M

[CDD (BASE 65) ]
TOTAL THIS MO.    50
DPTR FM NORMAL     M    [PRESSURE DATA]
TOTAL FM JAN 1  2602    HIGHEST SLP M ON M
DPTR FM NORMAL     M    LOWEST  SLP M ON M

[REMARKS]
