000
CXUS55 KDVN 301100
CF6MLI
PRELIMINARY LOCAL CLIMATOLOGICAL DATA (WS FORM: F-6)

                                          STATION:   MOLINE IL
                                          MONTH:     MARCH
                                          YEAR:      2015
                                          LATITUDE:   41 27 N
                                          LONGITUDE:  90 31 W

  TEMPERATURE IN F:       :PCPN:    SNOW:  WIND      :SUNSHINE: SKY     :PK WND
================================================================================
1   2   3   4   5  6A  6B    7    8   9   10  11  12  13   14  15   16   17  18
                                     12Z  AVG MX 2MIN
DY MAX MIN AVG DEP HDD CDD  WTR  SNW DPTH SPD SPD DIR MIN PSBL S-S WX    SPD DR
================================================================================

 1  28   2  15 -17  50   0 0.00  0.0    5  4.8 16 270   M    M   5 128    19 300
 2  30   2  16 -17  49   0 0.00  0.0    4  5.8 13 130   M    M   3 18     16 150
 3  35  20  28  -5  37   0 0.25    T    3 13.1 25 310   M    M  10 168    32 310
 4  20  11  16 -18  49   0 0.00  0.0    3 13.6 23 320   M    M   2        30 320
 5  14   1   8 -26  57   0 0.00  0.0    3  7.2 15 270   M    M   0        20 320
 6  40   0  20 -15  45   0 0.00  0.0    3  8.4 25 190   M    M   1        32 190
 7  46  28  37   2  28   0 0.00  0.0    2  8.8 23 300   M    M   2        30 280
 8  51  25  38   2  27   0 0.00  0.0    1  2.2 13 160   M    M   3 18     14 150
 9  52  22  37   1  28   0 0.00  0.0    T  5.5 15 160   M    M   0 128    19 160
10  61  34  48  12  17   0 0.00  0.0    0  2.0  9 220   M    M   4 128    11 210
11  58  29  44   7  21   0 0.00  0.0    0  4.5 16  70   M    M   0 18     20  70
12  62  25  44   7  21   0 0.00  0.0    0  8.1 17 130   M    M   0 18     23 120
13  67  33  50  12  15   0 0.00  0.0    0  4.2 16 320   M    M   0 18     22 330
14  62  34  48  10  17   0 0.00  0.0    0  8.9 22 300   M    M   0        27 300
15  69  26  48   9  17   0 0.00  0.0    0  8.6 24 230   M    M   0        29 240
16  80  45  63  24   2   0 0.00  0.0    0 12.1 29 240   M    M   0        37 230
17  53  33  43   3  22   0 0.00  0.0    0  9.3 22  20   M    M   1        30  30
18  48  33  41   1  24   0 0.00  0.0    0  4.9 12 140   M    M   4        15 160
19  48  27  38  -2  27   0 0.00  0.0    0  7.6 18 130   M    M   8        23 130
20  60  33  47   6  18   0 0.00  0.0    0  9.5 18 250   M    M   3 18     24 260
21  60  33  47   6  18   0 0.00  0.0    0  6.2 15  20   M    M   0 18     19 320
22  52  30  41  -1  24   0 0.00  0.0    0 16.3 26  70   M    M   3        29  70
23  35  30  33  -9  32   0 0.32  0.1    0 15.5 26  90   M    M  10 1468   32  90
24  40  28  34  -9  31   0 0.26  0.0    0 14.0 26 100   M    M   7 18     32 100
25  46  35  41  -2  24   0 0.00  0.0    0 10.1 22 320   M    M   8 18     26 310
26  47  30  39  -4  26   0 0.00  0.0    0 12.5 25 310   M    M   2        34 330
27  39  20  30 -14  35   0 0.00  0.0    0  7.6 17  30   M    M   3        22  20
28  42  16  29 -15  36   0 0.00  0.0    0  7.1 15 120   M    M   0        20 160
29  58  30  44  -1  21   0 0.06  0.0    0 15.5 30 300   M    M   3        41 300
================================================================================
SM 1403  715       818   0  0.89     0.1 253.9          M       82
================================================================================
AV 48.4 24.7                               8.8 FASTST   M    M   3    MAX(MPH)
                                 MISC ---->  # 30 300               # 41  300
================================================================================
NOTES:
# LAST OF SEVERAL OCCURRENCES

COLUMN 17 PEAK WIND IN M.P.H.

PRELIMINARY LOCAL CLIMATOLOGICAL DATA (WS FORM: F-6) , PAGE 2

                                          STATION:  MOLINE IL
                                          MONTH:    MARCH
                                          YEAR:     2015
                                          LATITUDE:   41 27 N
                                          LONGITUDE:  90 31 W

[TEMPERATURE DATA]      [PRECIPITATION DATA]       SYMBOLS USED IN COLUMN 16

AVERAGE MONTHLY: 36.5   TOTAL FOR MONTH:   0.89    1 = FOG OR MIST
DPTR FM NORMAL:  -2.1   DPTR FM NORMAL:   -1.77    2 = FOG REDUCING VISIBILITY
HIGHEST:    80 ON 16    GRTST 24HR  0.32 ON 23-23      TO 1/4 MILE OR LESS
LOWEST:      0 ON  6                               3 = THUNDER
                        SNOW, ICE PELLETS, HAIL    4 = ICE PELLETS
                        TOTAL MONTH:   0.1 INCH    5 = HAIL
                        GRTST 24HR   0.1 ON   M    6 = FREEZING RAIN OR DRIZZLE
                        GRTST DEPTH:   5 ON  1     7 = DUSTSTORM OR SANDSTORM:
                                                       VSBY 1/2 MILE OR LESS
                                                   8 = SMOKE OR HAZE
[NO. OF DAYS WITH]      [WEATHER - DAYS WITH]      9 = BLOWING SNOW
                                                   X = TORNADO
MAX 32 OR BELOW:   4    0.01 INCH OR MORE:   4
MAX 90 OR ABOVE:   0    0.10 INCH OR MORE:   3
MIN 32 OR BELOW:  20    0.50 INCH OR MORE:   0
MIN  0 OR BELOW:   1    1.00 INCH OR MORE:   0

[HDD (BASE 65) ]
TOTAL THIS MO.   818    CLEAR  (SCALE 0-3)  17
DPTR FM NORMAL    53    PTCLDY (SCALE 4-7)  10
TOTAL FM JUL 1  6076    CLOUDY (SCALE 8-10)  2
DPTR FM NORMAL   513

[CDD (BASE 65) ]
TOTAL THIS MO.     0
DPTR FM NORMAL     0    [PRESSURE DATA]
TOTAL FM JAN 1     0    HIGHEST SLP M ON M
DPTR FM NORMAL     0    LOWEST  SLP 29.69 ON  3

[REMARKS]
