000
CXUS51 KCAR 300600
CF6MLT
PRELIMINARY LOCAL CLIMATOLOGICAL DATA (WS FORM: F-6)

                                          STATION:   MILLINOCKET ME
                                          MONTH:     MAY
                                          YEAR:      2015
                                          LATITUDE:   45 39 N
                                          LONGITUDE:  68 41 W

  TEMPERATURE IN F:       :PCPN:    SNOW:  WIND      :SUNSHINE: SKY     :PK WND
================================================================================
1   2   3   4   5  6A  6B    7    8   9   10  11  12  13   14  15   16   17  18
                                     12Z  AVG MX 2MIN
DY MAX MIN AVG DEP HDD CDD  WTR  SNW DPTH SPD SPD DIR MIN PSBL S-S WX    SPD DR
================================================================================

 1  62  39  51   3  14   0 0.00    M    M  4.7 14 100   M    M   4        17  10
 2  71  35  53   4  12   0 0.00    M    M  4.1 10 120   M    M   2        14 180
 3  75  35  55   6  10   0 0.00    M    M  2.7 12 100   M    M   1        15 110
 4  83  42  63  13   2   0 0.00    M    M  4.9 13 170   M    M   2        23 180
 5  69  46  58   8   7   0    T    M    M 10.5 26 320   M    M   3        35 310
 6  70  36  53   3  12   0 0.00    M    M  7.7 22 310   M    M   5        31 310
 7  78  45  62  11   3   0 0.00    M    M  9.3 24 330   M    M   1        34 330
 8  60  44  52   1  13   0 0.00    M    M  6.9 15  80   M    M   4        20 100
 9  61  41  51   0  14   0    T    M    M  3.3 16 160   M    M   5        25 180
10  82  49  66  14   0   1 1.03    M    M  3.4 13 330   M    M   7 1238   17  40
11  57  47  52   0  13   0 0.46    M    M  3.7 10  20   M    M  10 1      16  30
12  67  46  57   5   8   0 0.14    M    M  4.5 15 290   M    M   8 18     28 270
13  60  39  50  -2  15   0    T    M    M 10.4 22 360   M    M   4        31 350
14  69  35  52  -1  13   0 0.00    M    M  5.3 16 310   M    M   0        22 260
15  74  45  60   7   5   0 0.00    M    M  4.0 14 310   M    M   0        18 310
16  70  45  58   5   7   0    T    M    M  3.7 12 160   M    M   7        19 140
17  60  50  55   1  10   0 0.23    M    M  5.1 13  90   M    M  10 1      15  90
18  71  48  60   6   5   0 0.00    M    M  4.6 10 180   M    M   6 1      18 170
19  61  49  55   1  10   0 0.67    M    M  4.1  9 170   M    M  10 1      15 180
20  59  48  54  -1  11   0    T    M    M  9.3 24 300   M    M   4 1      35 310
21  68  42  55   0  10   0    T    M    M  5.0 16 270   M    M   4        26 300
22  62  42  52  -3  13   0 0.11    M    M  5.8 22 310   M    M   8 3      32 300
23  56  37  47  -8  18   0 0.00    M    M 11.3 28 310   M    M   4        40 300
24  75  45  60   4   5   0    T    M    M  5.8 21 290   M    M   4        33 300
25  80  48  64   8   1   0 0.07    M    M  3.0 13 280   M    M   3 18     22 290
26  84  60  72  16   0   7 0.43    M    M  4.2 13 250   M    M   6 1      22 250
27  87  58  73  16   0   8 0.72    M    M  3.7 21 280   M    M   3 138    32 300
28  82  61  72  15   0   7 0.31    M    M  4.7 24 310   M    M   7 13     33 310
29  78  60  69  12   0   4 0.00    M    M  4.6 10 120   M    M   4        15  10
================================================================================
SM 2031 1317       231  27  4.17    M    160.3          M      136
================================================================================
AV 70.0 45.4                               5.5 FASTST   M    M   5    MAX(MPH)
                                 MISC ---->  # 28 310               # 40  300
================================================================================
NOTES:
# LAST OF SEVERAL OCCURRENCES

COLUMN 17 PEAK WIND IN M.P.H.

PRELIMINARY LOCAL CLIMATOLOGICAL DATA (WS FORM: F-6) , PAGE 2

                                          STATION:  MILLINOCKET ME
                                          MONTH:    MAY
                                          YEAR:     2015
                                          LATITUDE:   45 39 N
                                          LONGITUDE:  68 41 W

[TEMPERATURE DATA]      [PRECIPITATION DATA]       SYMBOLS USED IN COLUMN 16

AVERAGE MONTHLY: 57.7   TOTAL FOR MONTH:   4.17    1 = FOG OR MIST
DPTR FM NORMAL:   4.7   DPTR FM NORMAL:    1.07    2 = FOG REDUCING VISIBILITY
HIGHEST:    87 ON 27    GRTST 24HR  1.19 ON 10-11      TO 1/4 MILE OR LESS
LOWEST:     35 ON 14, 3                            3 = THUNDER
                        SNOW, ICE PELLETS, HAIL    4 = ICE PELLETS
                        TOTAL MONTH:    M          5 = HAIL
                        GRTST 24HR    M  ON   M    6 = FREEZING RAIN OR DRIZZLE
                        GRTST DEPTH:  M  ON   M    7 = DUSTSTORM OR SANDSTORM:
                                                       VSBY 1/2 MILE OR LESS
                                                   8 = SMOKE OR HAZE
[NO. OF DAYS WITH]      [WEATHER - DAYS WITH]      9 = BLOWING SNOW
                                                   X = TORNADO
MAX 32 OR BELOW:   0    0.01 INCH OR MORE:  10
MAX 90 OR ABOVE:   0    0.10 INCH OR MORE:   9
MIN 32 OR BELOW:   0    0.50 INCH OR MORE:   3
MIN  0 OR BELOW:   0    1.00 INCH OR MORE:   1

[HDD (BASE 65) ]
TOTAL THIS MO.   231    CLEAR  (SCALE 0-3)   7
DPTR FM NORMAL  -123    PTCLDY (SCALE 4-7)  18
TOTAL FM JUL 1  8283    CLOUDY (SCALE 8-10)  4
DPTR FM NORMAL     8

[CDD (BASE 65) ]
TOTAL THIS MO.    27
DPTR FM NORMAL    27    [PRESSURE DATA]
TOTAL FM JAN 1    27    HIGHEST SLP M ON M
DPTR FM NORMAL    27    LOWEST  SLP 29.46 ON 12

[REMARKS]
