000
CXUS51 KCAR 280600
CF6MLT
PRELIMINARY LOCAL CLIMATOLOGICAL DATA (WS FORM: F-6)

                                          STATION:   MILLINOCKET ME
                                          MONTH:     DECEMBER
                                          YEAR:      2014
                                          LATITUDE:   45 39 N
                                          LONGITUDE:  68 41 W

  TEMPERATURE IN F:       :PCPN:    SNOW:  WIND      :SUNSHINE: SKY     :PK WND
================================================================================
1   2   3   4   5  6A  6B    7    8   9   10  11  12  13   14  15   16   17  18
                                     12Z  AVG MX 2MIN
DY MAX MIN AVG DEP HDD CDD  WTR  SNW DPTH SPD SPD DIR MIN PSBL S-S WX    SPD DR
================================================================================

 1  45  24  35   7  30   0    T    M    M  8.3 26 320   M    M   7 1      35 320
 2  24  14  19  -9  46   0 0.00    M    M  5.5 14 300   M    M   1        20 290
 3  37  15  26  -2  39   0 0.44    M    M  3.4 16 270   M    M  10 126    28 270
 4  36  10  23  -4  42   0 0.01    M    M 11.4 24 260   M    M   2 128    41 260
 5  19  -5   7 -20  58   0 0.00    M    M  2.2 13 290   M    M   2 18     20 280
 6  34  17  26   0  39   0 0.26    M    M  0.9  6 330   M    M  10 16      9 340
 7  34  -5  15 -11  50   0 0.00    M    M  6.8 18 310   M    M   4 1      24 310
 8  14  -9   3 -23  62   0 0.00    M    M  0.7  8  80   M    M   1 18     10  50
 9  33  12  23  -2  42   0 1.14    M    M  4.8 18  30   M    M  10 16     31  30
10  37  32  35  10  30   0 1.26    M    M 13.4 20  50   M    M  10 16     33  50
11  43  34  39  15  26   0 0.32    M    M  4.8 10  30   M    M  10 12     17  60
12  38  33  36  12  29   0 0.22    M    M  2.8  8 300   M    M  10 1      11 310
13  36  33  35  12  30   0 0.07    M    M  1.9  7 300   M    M  10 1       8 310
14  36  31  34  11  31   0    T    M    M  6.9 15 290   M    M  10 1      20 290
15  31  27  29   6  36   0 0.00    M    M  5.5 17 310   M    M  10        25 280
16  32  27  30   8  35   0 0.01    M    M  1.9  7 180   M    M  10 18     10 160
17  36  32  34  12  31   0 0.72    M    M  4.1  9  20   M    M  10 12     17  20
18  33  28  31  10  34   0 0.00    M    M  4.8 16 310   M    M  10 1      22 310
19  29  13  21   0  44   0 0.00    M    M  5.8 16 310   M    M   5 18     20 310
20  21   5  13  -8  52   0    M    M    M  2.5  8 340   M    M   6 18     11  50
21  27  21  24   4  41   0    M    M    M  1.5  6  60   M    M  10 1       7  40
22  32  26  29   9  36   0 0.00    M    M  0.0  5  70   M    M  10 1       5  70
23  34  29  32  12  33   0 0.02    M    M  1.7  6  70   M    M  10 1       8  60
24  34  32  33  14  32   0 0.65    M    M  2.7  8  90   M    M  10 12      9  90
25  47  33  40  21  25   0 0.34    M    M  3.4 26 290   M    M  10 12     43 290
26  43  39  41  23  24   0 0.00    M    M 13.3 28 300   M    M   4        40 300
27  42  34  38  20  27   0 0.00    M    M  5.6 16 260   M    M   8        25 260
================================================================================
SM  907  582      1004   0  5.46    M    126.6          M      210
================================================================================
AV 33.6 21.6                               4.7 FASTST   M    M   8    MAX(MPH)
                                 MISC ---->  # 28 300               # 43  290
================================================================================
NOTES:
# LAST OF SEVERAL OCCURRENCES

COLUMN 17 PEAK WIND IN M.P.H.

PRELIMINARY LOCAL CLIMATOLOGICAL DATA (WS FORM: F-6) , PAGE 2

                                          STATION:  MILLINOCKET ME
                                          MONTH:    DECEMBER
                                          YEAR:     2014
                                          LATITUDE:   45 39 N
                                          LONGITUDE:  68 41 W

[TEMPERATURE DATA]      [PRECIPITATION DATA]       SYMBOLS USED IN COLUMN 16

AVERAGE MONTHLY: 27.6   TOTAL FOR MONTH:   5.46    1 = FOG OR MIST
DPTR FM NORMAL:   4.5   DPTR FM NORMAL:    2.21    2 = FOG REDUCING VISIBILITY
HIGHEST:    47 ON 25    GRTST 24HR  1.93 ON  9-10      TO 1/4 MILE OR LESS
LOWEST:     -9 ON  8                               3 = THUNDER
                        SNOW, ICE PELLETS, HAIL    4 = ICE PELLETS
                        TOTAL MONTH:    M          5 = HAIL
                        GRTST 24HR    M  ON   M    6 = FREEZING RAIN OR DRIZZLE
                        GRTST DEPTH:  M  ON   M    7 = DUSTSTORM OR SANDSTORM:
                                                       VSBY 1/2 MILE OR LESS
                                                   8 = SMOKE OR HAZE
[NO. OF DAYS WITH]      [WEATHER - DAYS WITH]      9 = BLOWING SNOW
                                                   X = TORNADO
MAX 32 OR BELOW:   9    0.01 INCH OR MORE:  13
MAX 90 OR ABOVE:   0    0.10 INCH OR MORE:   9
MIN 32 OR BELOW:  21    0.50 INCH OR MORE:   4
MIN  0 OR BELOW:   3    1.00 INCH OR MORE:   2

[HDD (BASE 65) ]
TOTAL THIS MO.  1004    CLEAR  (SCALE 0-3)   4
DPTR FM NORMAL  -128    PTCLDY (SCALE 4-7)   5
TOTAL FM JUL 1  2600    CLOUDY (SCALE 8-10) 18
DPTR FM NORMAL  -375

[CDD (BASE 65) ]
TOTAL THIS MO.     0
DPTR FM NORMAL     0    [PRESSURE DATA]
TOTAL FM JAN 1   375    HIGHEST SLP M ON M
DPTR FM NORMAL   107    LOWEST  SLP 29.23 ON 25

[REMARKS]
