000
CXUS54 KSHV 011300
CF6MLU
PRELIMINARY LOCAL CLIMATOLOGICAL DATA (WS FORM: F-6)

                                          STATION:   MONROE
                                          MONTH:     JULY
                                          YEAR:      2015
                                          LATITUDE:   32 30 N
                                          LONGITUDE:  92  2 W

  TEMPERATURE IN F:       :PCPN:    SNOW:  WIND      :SUNSHINE: SKY     :PK WND
================================================================================
1   2   3   4   5  6A  6B    7    8   9   10  11  12  13   14  15   16   17  18
                                     12Z  AVG MX 2MIN
DY MAX MIN AVG DEP HDD CDD  WTR  SNW DPTH SPD SPD DIR MIN PSBL S-S WX    SPD DR
================================================================================

 1  93  71  82  -1   0  17 0.00  0.0    0  9.5 18 230   M    M   1        24 240
 2  90  73  82  -1   0  17 0.00  0.0    0 10.1 21 240   M    M   0        26 240
 3  92  75  84   1   0  19    T  0.0    0  8.8 22 230   M    M   2 8      26 220
 4  86  71  79  -4   0  14 0.23  0.0    0  8.1 20 340   M    M   3 13     27 350
 5  81  67  74  -9   0   9 0.59  0.0    0  5.5 25  60   M    M   6 13     34  60
 6  92  68  80  -3   0  15 0.00  0.0    0  6.4 14 220   M    M   3 18     17 210
 7  93  75  84   1   0  19 0.00  0.0    0  8.3 17 210   M    M   2 8      23 190
 8  93  75  84   1   0  19 0.00  0.0    0  8.1 17 200   M    M   1 18     24 200
 9  93  72  83   0   0  18 0.00  0.0    0  4.9 14 220   M    M   1 1      18 210
10  93  74  84   1   0  19 0.00  0.0    0  3.7  9 230   M    M   2        12 190
11  93  75  84   1   0  19 0.00  0.0    0  3.9 10 230   M    M   1        13 200
12  95  76  86   3   0  21 0.00  0.0    0  4.2 14 220   M    M   1        17 230
13  94  76  85   2   0  20 0.00  0.0    0  5.8 14 270   M    M   1        20 210
14  94  76  85   2   0  20 0.00  0.0    0  6.7 15 240   M    M   1        20 240
15  95  75  85   2   0  20 0.00  0.0    0  5.7 15 250   M    M   2        20 260
16  95  77  86   3   0  21 0.00  0.0    0  5.5 13 280   M    M   1        17 270
17  95  77  86   3   0  21 0.00  0.0    0  5.1 15 280   M    M   2        17 260
18  95  77  86   3   0  21 0.00  0.0    0  4.8 14 270   M    M   0        18 280
19  98  75  87   4   0  22 0.00  0.0    0  3.6 13 290   M    M   2        15 300
20  98  77  88   5   0  23 0.00  0.0    0  5.5 14 250   M    M   2        17 240
21  98  78  88   5   0  23 0.00  0.0    0  5.9 13 280   M    M   1        17 250
22  95  78  87   4   0  22 0.05  0.0    0  6.9 16 220   M    M   2 8      21 210
23  97  77  87   4   0  22 0.00  0.0    0  8.0 17 240   M    M   0        23 250
24  98  74  86   3   0  21 0.00  0.0    0  7.0 16 260   M    M   1        21 240
25 100  73  87   4   0  22 0.02  0.0    0  5.8 25  50   M    M   0 3      35  50
26  99  73  86   3   0  21 0.00  0.0    0  3.3 12  50   M    M   0 1      15  40
27 100  74  87   4   0  22 0.04  0.0    0  1.4 21  60   M    M   1 1      25  50
28  98  77  88   5   0  23 0.00  0.0    0  2.9  9 170   M    M   1 1      12 210
29 101  76  89   6   0  24 0.00  0.0    0  4.1 12 350   M    M   0        14  40
30 100  75  88   5   0  23 0.28  0.0    0  4.0 37 360   M    M   1 138    44 360
31  94  69  82  -1   0  17 0.00  0.0    0  8.9 18  60   M    M   0        23  40
================================================================================
SM 2938 2306         0 614  1.21     0.0 182.4          M       41
================================================================================
AV 94.8 74.4                               5.9 FASTST   M    M   1    MAX(MPH)
                                 MISC ---->  # 37 360               # 44  360
================================================================================
NOTES:
# LAST OF SEVERAL OCCURRENCES

COLUMN 17 PEAK WIND IN M.P.H.

PRELIMINARY LOCAL CLIMATOLOGICAL DATA (WS FORM: F-6) , PAGE 2

                                          STATION:  MONROE
                                          MONTH:    JULY
                                          YEAR:     2015
                                          LATITUDE:   32 30 N
                                          LONGITUDE:  92  2 W

[TEMPERATURE DATA]      [PRECIPITATION DATA]       SYMBOLS USED IN COLUMN 16

AVERAGE MONTHLY: 84.6   TOTAL FOR MONTH:   1.21    1 = FOG OR MIST
DPTR FM NORMAL:   1.6   DPTR FM NORMAL:   -2.36    2 = FOG REDUCING VISIBILITY
HIGHEST:   101 ON 29    GRTST 24HR  0.69 ON  4- 5      TO 1/4 MILE OR LESS
LOWEST:     67 ON  5                               3 = THUNDER
                        SNOW, ICE PELLETS, HAIL    4 = ICE PELLETS
                        TOTAL MONTH:   0.0 INCH    5 = HAIL
                        GRTST 24HR     0.0         6 = FREEZING RAIN OR DRIZZLE
                        GRTST DEPTH:   0           7 = DUSTSTORM OR SANDSTORM:
                                                       VSBY 1/2 MILE OR LESS
                                                   8 = SMOKE OR HAZE
[NO. OF DAYS WITH]      [WEATHER - DAYS WITH]      9 = BLOWING SNOW
                                                   X = TORNADO
MAX 32 OR BELOW:   0    0.01 INCH OR MORE:   6
MAX 90 OR ABOVE:  29    0.10 INCH OR MORE:   3
MIN 32 OR BELOW:   0    0.50 INCH OR MORE:   1
MIN  0 OR BELOW:   0    1.00 INCH OR MORE:   0

[HDD (BASE 65) ]
TOTAL THIS MO.     0    CLEAR  (SCALE 0-3)  28
DPTR FM NORMAL     0    PTCLDY (SCALE 4-7)   3
TOTAL FM JUL 1     0    CLOUDY (SCALE 8-10)  0
DPTR FM NORMAL     0

[CDD (BASE 65) ]
TOTAL THIS MO.   614
DPTR FM NORMAL    55    [PRESSURE DATA]
TOTAL FM JAN 1  1512    HIGHEST SLP 30.19 ON 11
DPTR FM NORMAL    52    LOWEST  SLP 29.82 ON 14

[REMARKS]
#FINAL-07-15#
