000
CXUS51 KPHI 300800
CF6MPO
PRELIMINARY LOCAL CLIMATOLOGICAL DATA (WS FORM: F-6)

                                          STATION:   MOUNT POCONO PA
                                          MONTH:     APRIL
                                          YEAR:      2016
                                          LATITUDE:   41  8 N
                                          LONGITUDE:  75 24 W

  TEMPERATURE IN F:       :PCPN:    SNOW:  WIND      :SUNSHINE: SKY     :PK WND
================================================================================
1   2   3   4   5  6A  6B    7    8   9   10  11  12  13   14  15   16   17  18
                                     12Z  AVG MX 2MIN
DY MAX MIN AVG DEP HDD CDD  WTR  SNW DPTH SPD SPD DIR MIN PSBL S-S WX    SPD DR
================================================================================

 1  68  46  57  18   8   0 0.05    M    M 14.6 24 270   M    M   7        34 230
 2  52  33  43   3  22   0 0.18    M    M 11.2 24 280   M    M   8 1      33 270
 3  33  21  27 -13  38   0 0.06    M    M 17.1 37 300   M    M   6 1289   59 300
 4  41  22  32  -9  33   0 0.12    M    M 11.0 21 350   M    M  10 1      29 320
 5  33  17  25 -16  40   0 0.00    M    M 11.1 22 320   M    M   3        34 360
 6  44  13  29 -13  36   0 0.00    M    M  9.8 23 170   M    M   2        33 160
 7  50  37  44   2  21   0 1.13    M    M 12.4 25 260   M    M   9 1      33 280
 8  37  28  33  -9  32   0 0.04    M    M 12.6 24 280   M    M   8 1      33 270
 9  33  23  28 -15  37   0 0.04    M    M  5.8 12  90   M    M   7 1      24 330
10  42  20  31 -12  34   0 0.00    M    M 10.8 21 320   M    M   5        29 320
11  52  34  43  -1  22   0 0.04    M    M  9.4 16 200   M    M  10        24 200
12  52  30  41  -3  24   0 0.20    M    M 12.3 26 340   M    M   3 1      39 330
13  51  28  40  -4  25   0 0.00    M    M  5.9 15  50   M    M   0        23  40
14  58  34  46   1  19   0 0.00    M    M  6.0 13 100   0    0   0        17 110
15  60  27  44  -1  21   0 0.00    M    M  3.7 13 140   M    M   M        17 100
16  65  32  49   3  16   0 0.00    M    M  5.9 14  60   M    M   0        20  10
17  74  30  52   6  13   0 0.00    M    M  5.8 15  50   M    M   0        21  50
18  74  47  61  15   4   0 0.00    M    M  7.6 17  30   M    M   0        23 320
19  59  42  51   4  14   0 0.00    M    M 13.7 25 320   M    M   1        36 310
20  66  34  50   3  15   0 0.00    M    M  6.6 20  10   M    M   0 8      25  20
21  68  32  50   2  15   0 0.00    M    M  8.5 22 210   M    M   3 8      29 240
22  73  52  63  15   2   0    T    M    M  7.3 17 280   M    M   5        22 210
23  57  38  48   0  17   0 0.12    M    M 12.2 24 340   M    M   5 1      33 340
24  59  33  46  -3  19   0 0.00    M    M  8.6 17 330   M    M   0        26 340
25  67  40  54   5  11   0    T    M    M  4.1 14 340   M    M   6 1      17 350
26  69  42  56   7   9   0 0.41    M    M  9.7 26 260   M    M   8 128    39 320
27  60  38  49  -1  16   0 0.00    M    M  5.6 14 130   M    M   4 1      18 130
28  54  38  46  -4  19   0 0.05    M    M  5.0 12 150   M    M   5        15 350
29  48  36  42  -8  23   0 0.11    M    M  7.0 16 100   M    M  10 1      21 100
================================================================================
SM 1599  947       605   0  2.55    M    261.3            0    125
================================================================================
AV 55.1 32.7                               9.0 FASTST    0   0   4    MAX(MPH)
                                 MISC ---->  # 37 300               # 59  300
================================================================================
NOTES:
# LAST OF SEVERAL OCCURRENCES

COLUMN 17 PEAK WIND IN M.P.H.

PRELIMINARY LOCAL CLIMATOLOGICAL DATA (WS FORM: F-6) , PAGE 2

                                          STATION:  MOUNT POCONO PA
                                          MONTH:    APRIL
                                          YEAR:     2016
                                          LATITUDE:   41  8 N
                                          LONGITUDE:  75 24 W

[TEMPERATURE DATA]      [PRECIPITATION DATA]       SYMBOLS USED IN COLUMN 16

AVERAGE MONTHLY: 43.9   TOTAL FOR MONTH:   2.55    1 = FOG OR MIST
DPTR FM NORMAL:  -1.2   DPTR FM NORMAL:   -1.35    2 = FOG REDUCING VISIBILITY
HIGHEST:    74 ON 18,17 GRTST 24HR  1.17 ON  7- 8      TO 1/4 MILE OR LESS
LOWEST:     13 ON  6                               3 = THUNDER
                        SNOW, ICE PELLETS, HAIL    4 = ICE PELLETS
                        TOTAL MONTH:    M          5 = HAIL
                        GRTST 24HR    M  ON   M    6 = FREEZING RAIN OR DRIZZLE
                        GRTST DEPTH:  M  ON   M    7 = DUSTSTORM OR SANDSTORM:
                                                       VSBY 1/2 MILE OR LESS
                                                   8 = SMOKE OR HAZE
[NO. OF DAYS WITH]      [WEATHER - DAYS WITH]      9 = BLOWING SNOW
                                                   X = TORNADO
MAX 32 OR BELOW:   0    0.01 INCH OR MORE:  13
MAX 90 OR ABOVE:   0    0.10 INCH OR MORE:   7
MIN 32 OR BELOW:  13    0.50 INCH OR MORE:   1
MIN  0 OR BELOW:   0    1.00 INCH OR MORE:   1

[HDD (BASE 65) ]
TOTAL THIS MO.   605    CLEAR  (SCALE 0-3)  12
DPTR FM NORMAL    24    PTCLDY (SCALE 4-7)  10
TOTAL FM JUL 1  5636    CLOUDY (SCALE 8-10)  6
DPTR FM NORMAL -1043

[CDD (BASE 65) ]
TOTAL THIS MO.     0
DPTR FM NORMAL     0    [PRESSURE DATA]
TOTAL FM JAN 1     0    HIGHEST SLP M ON M
DPTR FM NORMAL     0    LOWEST  SLP 29.33 ON  2

[REMARKS]
