000
CXUS53 KMQT 251000
CF6MQT
PRELIMINARY LOCAL CLIMATOLOGICAL DATA (WS FORM: F-6)

                                          STATION:   MARQUETTE MI
                                          MONTH:     MARCH
                                          YEAR:      2017
                                          LATITUDE:   46 31 N
                                          LONGITUDE:  87 33 W

  TEMPERATURE IN F:       :PCPN:    SNOW:  WIND      :SUNSHINE: SKY     :PK WND
================================================================================
1   2   3   4   5  6A  6B    7    8   9   10  11  12  13   14  15   16   17  18
                                     12Z  AVG MX 2MIN
DY MAX MIN AVG DEP HDD CDD  WTR  SNW DPTH SPD SPD DIR MIN PSBL S-S WX    SPD DR
================================================================================

 1  26  14  20   1  45   0 0.52  6.2   14   M   M   M   M    M   M 9      26  90
 2  23   4  14  -5  51   0 0.03  1.4   15   M   M   M   M    M   M        20 360
 3  17  -7   5 -15  60   0 0.01  0.3   16   M   M   M   M    M   M        17 270
 4  32 -13  10 -10  55   0 0.00  0.0   15   M   M   M   M    M   M        22 135
 5  38  21  30  10  35   0 0.00  0.0   15   M   M   M   M    M   M        43 180
 6  44  34  39  19  26   0 0.03  0.0   13   M   M   M   M    M   M        28 180
 7  48  30  39  18  26   0 0.05    T    9   M   M   M   M    M   M 1      52 225
 8  35  14  25   4  40   0 0.06  1.1    7   M   M   M   M    M   M 9      39 270
 9  28  13  21  -1  44   0    T    T    8   M   M   M   M    M   M 9      27 270
10  13   0   7 -15  58   0 0.03  0.3    8   M   M   M   M    M   M        29 270
11  15   4  10 -12  55   0    T    T    8   M   M   M   M    M   M        26 315
12  18   2  10 -13  55   0 0.01  0.2    8   M   M   M   M    M   M        14  45
13  18   8  13 -10  52   0 0.13  3.7    8   M   M   M   M    M   M        15  45
14  21   2  12 -11  53   0 0.14  4.1   12   M   M   M   M    M   M        19 360
15  29  10  20  -4  45   0    T  0.2   11   M   M   M   M    M   M        19 315
16  39   3  21  -3  44   0 0.00  0.0   10   M   M   M   M    M   M        13  90
17  32  25  29   5  36   0 0.13  1.8    9   M   M   M   M    M   M 46     22 180
18  32  24  28   3  37   0 0.02  0.1   10   M   M   M   M    M   M 16     21 315
19  40  25  33   8  32   0 0.04  0.2   10   M   M   M   M    M   M 1356   29 180
20  46  23  35   9  30   0 0.00  0.0    8   M   M   M   M    M   M        25 315
21  33  15  24  -2  41   0 0.01  0.3    8   M   M   M   M    M   M        37 315
22  33  12  23  -3  42   0    T    T    8   M   M   M   M    M   M        25 360
23  31  20  26  -1  39   0 0.19    T    8   M   M   M   M    M   M 46     26 225
24  32  30  31   4  34   0 0.13  0.0    8   M   M   M   M    M   M 126    17 360
================================================================================
SM  723  313      1035   0  1.53    19.9     M          M        M
================================================================================
AV 30.1 13.0                                 M FASTST   M    M -nan   MAX(MPH)
                                 MISC ---->     M   M               # 52  225
================================================================================
NOTES:
# LAST OF SEVERAL OCCURRENCES

COLUMN 17 PEAK WIND IN M.P.H.

PRELIMINARY LOCAL CLIMATOLOGICAL DATA (WS FORM: F-6) , PAGE 2

                                          STATION:  MARQUETTE MI
                                          MONTH:    MARCH
                                          YEAR:     2017
                                          LATITUDE:   46 31 N
                                          LONGITUDE:  87 33 W

[TEMPERATURE DATA]      [PRECIPITATION DATA]       SYMBOLS USED IN COLUMN 16

AVERAGE MONTHLY: 21.6   TOTAL FOR MONTH:   1.53    1 = FOG OR MIST
DPTR FM NORMAL:  -1.3   DPTR FM NORMAL:   -0.80    2 = FOG REDUCING VISIBILITY
HIGHEST:    48 ON  7    GRTST 24HR  0.52 ON  1- 1      TO 1/4 MILE OR LESS
LOWEST:    -13 ON  4                               3 = THUNDER
                        SNOW, ICE PELLETS, HAIL    4 = ICE PELLETS
                        TOTAL MONTH:  19.9 INCHES  5 = HAIL
                        GRTST 24HR   6.2 ON   M    6 = FREEZING RAIN OR DRIZZLE
                        GRTST DEPTH:  16 ON  3     7 = DUSTSTORM OR SANDSTORM:
                                                       VSBY 1/2 MILE OR LESS
                                                   8 = SMOKE OR HAZE
[NO. OF DAYS WITH]      [WEATHER - DAYS WITH]      9 = BLOWING SNOW
                                                   X = TORNADO
MAX 32 OR BELOW:  15    0.01 INCH OR MORE:  16
MAX 90 OR ABOVE:   0    0.10 INCH OR MORE:   6
MIN 32 OR BELOW:  23    0.50 INCH OR MORE:   1
MIN  0 OR BELOW:   3    1.00 INCH OR MORE:   0

[HDD (BASE 65) ]
TOTAL THIS MO.  1035    CLEAR  (SCALE 0-3)   0
DPTR FM NORMAL    24    PTCLDY (SCALE 4-7)   0
TOTAL FM JUL 1  6719    CLOUDY (SCALE 8-10)  0
DPTR FM NORMAL  -916

[CDD (BASE 65) ]
TOTAL THIS MO.     0
DPTR FM NORMAL     0    [PRESSURE DATA]
TOTAL FM JAN 1     0    HIGHEST SLP M ON M
DPTR FM NORMAL     0    LOWEST  SLP M ON M

[REMARKS]
