000
CXUS53 KMQT 270900
CF6MQT
PRELIMINARY LOCAL CLIMATOLOGICAL DATA (WS FORM: F-6)

                                          STATION:   MARQUETTE MI
                                          MONTH:     APRIL
                                          YEAR:      2017
                                          LATITUDE:   46 31 N
                                          LONGITUDE:  87 33 W

  TEMPERATURE IN F:       :PCPN:    SNOW:  WIND      :SUNSHINE: SKY     :PK WND
================================================================================
1   2   3   4   5  6A  6B    7    8   9   10  11  12  13   14  15   16   17  18
                                     12Z  AVG MX 2MIN
DY MAX MIN AVG DEP HDD CDD  WTR  SNW DPTH SPD SPD DIR MIN PSBL S-S WX    SPD DR
================================================================================

 1  52  29  41  10  24   0    T  0.0    3   M   M   M   M    M   M        13 315
 2  60  27  44  13  21   0    T  0.0    1   M   M   M   M    M   M        19 225
 3  46  36  41   9  24   0 0.04  0.0    T   M   M   M   M    M   M 1      17 225
 4  48  28  38   6  27   0 0.01  0.0    0   M   M   M   M    M   M 12     26 315
 5  50  24  37   4  28   0 0.00  0.0    0   M   M   M   M    M   M        20 360
 6  39  31  35   2  30   0 0.00  0.0    0   M   M   M   M    M   M        32 360
 7  49  28  39   5  26   0 0.00  0.0    0   M   M   M   M    M   M        19 315
 8  66  29  48  14  17   0    T  0.0    0   M   M   M   M    M   M        28 225
 9  68  46  57  22   8   0 0.15  0.0    0   M   M   M   M    M   M 3      22 225
10  46  27  37   2  28   0 1.00    T    0   M   M   M   M    M   M 235    71 225
11  30  26  28  -8  37   0 0.89  9.0    7   M   M   M   M    M   M 4      19  90
12  53  14  34  -2  31   0 0.00  0.0    7   M   M   M   M    M   M 1      13  90
13  55  30  43   6  22   0 0.00  0.0    1   M   M   M   M    M   M        10  90
14  60  27  44   7  21   0    T  0.0    0   M   M   M   M    M   M        24 180
15  56  43  50  12  15   0 0.55  0.0    0   M   M   M   M    M   M 1      25 225
16  53  27  40   2  25   0 0.03  0.1    0   M   M   M   M    M   M 126    28 270
17  31  26  29 -10  36   0 0.01  0.3    T   M   M   M   M    M   M 6      12  45
18  46  25  36  -3  29   0 0.24  0.0    0   M   M   M   M    M   M        24 180
19  46  33  40   0  25   0    T  0.0    0   M   M   M   M    M   M        24 315
20  36  31  34  -6  31   0 0.85  0.2    0   M   M   M   M    M   M 12     19  90
21  49  31  40  -1  25   0 0.13  1.4    1   M   M   M   M    M   M 1      29 360
22  66  28  47   6  18   0 0.00  0.0    0   M   M   M   M    M   M        20 270
23  45  28  37  -5  28   0 0.04  0.6    T   M   M   M   M    M   M        24 315
24  63  27  45   3  20   0 0.00  0.0    0   M   M   M   M    M   M        18 180
25  71  43  57  14   8   0    T  0.0    0   M   M   M   M    M   M        21 180
26  51  35  43   0  22   0 0.74  0.0    0   M   M   M   M    M   M 12     18  90
================================================================================
SM 1335  779       626   0  4.68    11.6     M          M        M
================================================================================
AV 51.4 30.0                                 M FASTST   M    M -nan   MAX(MPH)
                                 MISC ---->     M   M               # 71  225
================================================================================
NOTES:
# LAST OF SEVERAL OCCURRENCES

COLUMN 17 PEAK WIND IN M.P.H.

PRELIMINARY LOCAL CLIMATOLOGICAL DATA (WS FORM: F-6) , PAGE 2

                                          STATION:  MARQUETTE MI
                                          MONTH:    APRIL
                                          YEAR:     2017
                                          LATITUDE:   46 31 N
                                          LONGITUDE:  87 33 W

[TEMPERATURE DATA]      [PRECIPITATION DATA]       SYMBOLS USED IN COLUMN 16

AVERAGE MONTHLY: 40.7   TOTAL FOR MONTH:   4.68    1 = FOG OR MIST
DPTR FM NORMAL:   3.7   DPTR FM NORMAL:    2.05    2 = FOG REDUCING VISIBILITY
HIGHEST:    71 ON 25    GRTST 24HR  1.00 ON 10-10      TO 1/4 MILE OR LESS
LOWEST:     14 ON 12                               3 = THUNDER
                        SNOW, ICE PELLETS, HAIL    4 = ICE PELLETS
                        TOTAL MONTH:  11.6 INCHES  5 = HAIL
                        GRTST 24HR   9.0 ON 11-11  6 = FREEZING RAIN OR DRIZZLE
                        GRTST DEPTH:   7 ON 12,11  7 = DUSTSTORM OR SANDSTORM:
                                                       VSBY 1/2 MILE OR LESS
                                                   8 = SMOKE OR HAZE
[NO. OF DAYS WITH]      [WEATHER - DAYS WITH]      9 = BLOWING SNOW
                                                   X = TORNADO
MAX 32 OR BELOW:   2    0.01 INCH OR MORE:  13
MAX 90 OR ABOVE:   0    0.10 INCH OR MORE:   8
MIN 32 OR BELOW:  20    0.50 INCH OR MORE:   5
MIN  0 OR BELOW:   0    1.00 INCH OR MORE:   1

[HDD (BASE 65) ]
TOTAL THIS MO.   626    CLEAR  (SCALE 0-3)   0
DPTR FM NORMAL  -103    PTCLDY (SCALE 4-7)   0
TOTAL FM JUL 1  7562    CLOUDY (SCALE 8-10)  0
DPTR FM NORMAL -1054

[CDD (BASE 65) ]
TOTAL THIS MO.     0
DPTR FM NORMAL     0    [PRESSURE DATA]
TOTAL FM JAN 1     0    HIGHEST SLP M ON M
DPTR FM NORMAL     0    LOWEST  SLP M ON M

[REMARKS]
