000
CXUS56 KMTR 301000
CF6MRY
PRELIMINARY LOCAL CLIMATOLOGICAL DATA (WS FORM: F-6)

                                          STATION:   MONTEREY AIRPORT
                                          MONTH:     JUNE
                                          YEAR:      2015
                                          LATITUDE:   36 34 N
                                          LONGITUDE: 121 51 W

  TEMPERATURE IN F:       :PCPN:    SNOW:  WIND      :SUNSHINE: SKY     :PK WND
================================================================================
1   2   3   4   5  6A  6B    7    8   9   10  11  12  13   14  15   16   17  18
                                     12Z  AVG MX 2MIN
DY MAX MIN AVG DEP HDD CDD  WTR  SNW DPTH SPD SPD DIR MIN PSBL S-S WX    SPD DR
================================================================================

 1  71  55  63   5   2   0 0.00  0.0    0  6.1 17 230   M    M   4 8      22 230
 2  64  53  59   1   6   0 0.00  0.0    0  7.4 16 230   M    M   4 1      22 220
 3  64  55  60   2   5   0 0.00  0.0    0 10.2 17 240   M    M  10        22 240
 4  59  54  57  -1   8   0 0.00  0.0    0  8.7 16 220   M    M   9 18     22 230
 5  65  52  59   1   6   0 0.00  0.0    0  7.7 22 220   M    M   6        29 210
 6  68  54  61   2   4   0 0.00  0.0    0  4.7 16 220   M    M   7        21 230
 7  66  54  60   1   5   0 0.00  0.0    0  3.4 13 310   M    M   7 18     24 330
 8  78  53  66   7   0   1 0.00  0.0    0  3.4 10 250   M    M   5 128    14 360
 9  76  53  65   6   0   0 0.01  0.0    M  4.8 15 190   M    M   5 1      21 200
10  77  57  67   8   0   2 0.00  0.0    0  4.4 14 290   M    M   5 1      20 310
11  69  55  62   3   3   0 0.00  0.0    0  5.0 15 210   M    M   5 18     18 220
12  74  55  65   6   0   0 0.00  0.0    0  4.4 12 280   M    M   4 18      M  M
13   M   M   M   M   M   M 0.00  0.0    0  6.3 17 220   M    M   7 8      30 220
14  66  55  61   2   4   0 0.00  0.0    0  7.6 15 280   M    M   9 8      20 270
15  62  54  58  -1   7   0 0.00  0.0    0  7.7 14 240   M    M  10 18     22 250
16  62  54  58  -2   7   0 0.00  0.0    0  7.3 14 280   M    M   7 1      18 290
17  63  53  58  -2   7   0 0.00  0.0    0  5.9 15 280   M    M   6 18     20 280
18  67  51  59  -1   6   0 0.00  0.0    0  5.7 13 270   M    M   4 18     18 240
19  67  49  58  -2   7   0 0.00  0.0    0  6.6 13 240   M    M   1 8      20 270
20  65  50  58  -2   7   0 0.00  0.0    0  4.5 10 310   M    M   3 128    15 320
21  63  53  58  -2   7   0 0.00  0.0    0  6.2 15 310   M    M   4 1      18 270
22  62  52  57  -3   8   0 0.00  0.0    0  7.1 14 270   M    M   5        18 280
23  65  54  60   0   5   0 0.00  0.0    0  8.7 17 230   M    M   3        24 220
24  65  55  60   0   5   0 0.00  0.0    0  8.7 16  50   M    M   7        21  30
25  76  51  64   4   1   0 0.00  0.0    0  4.2 15 220   M    M   2 8      18 220
26  74  53  64   4   1   0 0.00  0.0    0  4.7 13 250   M    M   3 12     22 270
27  76  58  67   7   0   2 0.00  0.0    0  5.2 17 210   M    M   4        21  30
28  71  59  65   5   0   0 0.00  0.0    0  5.5 14 230   M    M   7        20 280
29  67  57  62   2   3   0 0.00  0.0    0  6.6 16 270   M    M   5 1      20 270
================================================================================
SM 1902 1508       114   5  0.01     0.0 178.7          M      158
================================================================================
AV 67.9 53.9                               6.2 FASTST   M    M   5    MAX(MPH)
                                 MISC ---->  # 22 220                 30    M
================================================================================
NOTES:
# LAST OF SEVERAL OCCURRENCES

COLUMN 17 PEAK WIND IN M.P.H.

PRELIMINARY LOCAL CLIMATOLOGICAL DATA (WS FORM: F-6) , PAGE 2

                                          STATION:  MONTEREY AIRPORT
                                          MONTH:    JUNE
                                          YEAR:     2015
                                          LATITUDE:   36 34 N
                                          LONGITUDE: 121 51 W

[TEMPERATURE DATA]      [PRECIPITATION DATA]       SYMBOLS USED IN COLUMN 16

AVERAGE MONTHLY: 60.9   TOTAL FOR MONTH:   0.01    1 = FOG OR MIST
DPTR FM NORMAL:   1.6   DPTR FM NORMAL:   -0.09    2 = FOG REDUCING VISIBILITY
HIGHEST:    78 ON  8    GRTST 24HR  0.01 ON  9- 9      TO 1/4 MILE OR LESS
LOWEST:     49 ON 19                               3 = THUNDER
                        SNOW, ICE PELLETS, HAIL    4 = ICE PELLETS
                        TOTAL MONTH:   0.0 INCH    5 = HAIL
                        GRTST 24HR     0.0         6 = FREEZING RAIN OR DRIZZLE
                        GRTST DEPTH:   0           7 = DUSTSTORM OR SANDSTORM:
                                                       VSBY 1/2 MILE OR LESS
                                                   8 = SMOKE OR HAZE
[NO. OF DAYS WITH]      [WEATHER - DAYS WITH]      9 = BLOWING SNOW
                                                   X = TORNADO
MAX 32 OR BELOW:   0    0.01 INCH OR MORE:   1
MAX 90 OR ABOVE:   0    0.10 INCH OR MORE:   0
MIN 32 OR BELOW:   0    0.50 INCH OR MORE:   0
MIN  0 OR BELOW:   0    1.00 INCH OR MORE:   0

[HDD (BASE 65) ]
TOTAL THIS MO.   114    CLEAR  (SCALE 0-3)   5
DPTR FM NORMAL   -54    PTCLDY (SCALE 4-7)  20
TOTAL FM JUL 1  2081    CLOUDY (SCALE 8-10)  4
DPTR FM NORMAL -1139

[CDD (BASE 65) ]
TOTAL THIS MO.     5
DPTR FM NORMAL     5    [PRESSURE DATA]
TOTAL FM JAN 1    12    HIGHEST SLP M ON M
DPTR FM NORMAL    10    LOWEST  SLP 29.73 ON M

[REMARKS]
