000
CXUS54 KHUN 221015
CF6MSL
PRELIMINARY LOCAL CLIMATOLOGICAL DATA (WS FORM: F-6)

                                          STATION:   MUSCLE SHOALS
                                          MONTH:     OCTOBER
                                          YEAR:      2014
                                          LATITUDE:   34 45 N
                                          LONGITUDE:  87 37 W

  TEMPERATURE IN F:       :PCPN:    SNOW:  WIND      :SUNSHINE: SKY     :PK WND
================================================================================
1   2   3   4   5  6A  6B    7    8   9   10  11  12  13   14  15   16   17  18
                                     12Z  AVG MX 2MIN
DY MAX MIN AVG DEP HDD CDD  WTR  SNW DPTH SPD SPD DIR MIN PSBL S-S WX    SPD DR
================================================================================

 1  90  58  74   7   0   9 0.00  0.0    0  1.2 12  70   M    M   1 1      21 150
 2  89  62  76   9   0  11    T  0.0    0  6.9 17 180   M    M   3        22 170
 3  80  55  68   2   0   3 0.56  0.0    0  9.6 31 280   M    M   5 13     39 280
 4  67  39  53 -13  12   0 0.00  0.0    M  8.8 28 280   M    M   0        35 290
 5  76  36  56 -10   9   0 0.00  0.0    0  6.5 21 230   M    M   2        28 210
 6  77  58  68   3   0   3 0.05  0.0    0  8.0 21 240   M    M   5 138    31 250
 7  83  62  73   8   0   8 0.03  0.0    0  8.2 21 210   M    M   6 3      26 220
 8  85  63  74   9   0   9 0.23  0.0    0  3.0 24 260   M    M   5 13     31 260
 9  87  60  74  10   0   9 0.00  0.0    0  2.1 12 230   M    M   3 1      25 210
10  86  65  76  12   0  11 0.49  0.0    0  5.8 18 220   M    M   5 13     24 220
11  78  66  72   8   0   7 0.51  0.0    0  3.3 14 150   M    M   7 13     18  10
12  74  64  69   6   0   4 1.18  0.0    0  3.7 12 110   M    M   6 13     20 160
13  82  65  74  11   0   9 3.15  0.0    0 11.9 44 150   M    M   8 13     60 140
14  68  57  63   0   2   0 0.34  0.0    0 10.8 24 250   M    M   9 1      30 250
15  67  55  61  -1   4   0 0.00  0.0    0  7.1 20 270   M    M   9        25 270
16  74  49  62   0   3   0 0.00  0.0    0  3.2 16 280   M    M   1 1      21 300
17  83  48  66   4   0   1 0.00  0.0    0  6.9 22 270   M    M   0 1      26 250
18  73  50  62   1   3   0 0.00  0.0    0  5.4 15 320   M    M   0        22 320
19  70  45  58  -3   7   0 0.00  0.0    0  2.2 12  80   M    M   0 1      16  80
20  73  43  58  -3   7   0 0.00  0.0    0  1.8 10 300   M    M   4 12     14 280
21  77  46  62   2   3   0 0.00  0.0    0  3.0 12  50   M    M   0 1      16 340
================================================================================
SM 1639 1146        50  84  6.54     0.0 119.4          M       79
================================================================================
AV 78.0 54.6                               5.7 FASTST   M    M   4    MAX(MPH)
                                 MISC ---->  # 44 150               # 60  140
================================================================================
NOTES:
# LAST OF SEVERAL OCCURRENCES

COLUMN 17 PEAK WIND IN M.P.H.

PRELIMINARY LOCAL CLIMATOLOGICAL DATA (WS FORM: F-6) , PAGE 2

                                          STATION:  MUSCLE SHOALS
                                          MONTH:    OCTOBER
                                          YEAR:     2014
                                          LATITUDE:   34 45 N
                                          LONGITUDE:  87 37 W

[TEMPERATURE DATA]      [PRECIPITATION DATA]       SYMBOLS USED IN COLUMN 16

AVERAGE MONTHLY: 66.3   TOTAL FOR MONTH:   6.54    1 = FOG OR MIST
DPTR FM NORMAL:   2.6   DPTR FM NORMAL:    4.31    2 = FOG REDUCING VISIBILITY
HIGHEST:    90 ON  1    GRTST 24HR  3.15 ON 13-13      TO 1/4 MILE OR LESS
LOWEST:     36 ON  5                               3 = THUNDER
                        SNOW, ICE PELLETS, HAIL    4 = ICE PELLETS
                        TOTAL MONTH:   0.0 INCH    5 = HAIL
                        GRTST 24HR     0.0         6 = FREEZING RAIN OR DRIZZLE
                        GRTST DEPTH:   0           7 = DUSTSTORM OR SANDSTORM:
                                                       VSBY 1/2 MILE OR LESS
                                                   8 = SMOKE OR HAZE
[NO. OF DAYS WITH]      [WEATHER - DAYS WITH]      9 = BLOWING SNOW
                                                   X = TORNADO
MAX 32 OR BELOW:   0    0.01 INCH OR MORE:   9
MAX 90 OR ABOVE:   1    0.10 INCH OR MORE:   7
MIN 32 OR BELOW:   0    0.50 INCH OR MORE:   4
MIN  0 OR BELOW:   0    1.00 INCH OR MORE:   2

[HDD (BASE 65) ]
TOTAL THIS MO.    50    CLEAR  (SCALE 0-3)   9
DPTR FM NORMAL   -31    PTCLDY (SCALE 4-7)  10
TOTAL FM JUL 1    50    CLOUDY (SCALE 8-10)  2
DPTR FM NORMAL   -46

[CDD (BASE 65) ]
TOTAL THIS MO.    84
DPTR FM NORMAL    33    [PRESSURE DATA]
TOTAL FM JAN 1  1844    HIGHEST SLP M ON M
DPTR FM NORMAL    -9    LOWEST  SLP 29.61 ON 14

[REMARKS]
