000
CXUS54 KHUN 301015
CF6MSL
PRELIMINARY LOCAL CLIMATOLOGICAL DATA (WS FORM: F-6)

                                          STATION:   MUSCLE SHOALS
                                          MONTH:     MARCH
                                          YEAR:      2017
                                          LATITUDE:   34 45 N
                                          LONGITUDE:  87 37 W

  TEMPERATURE IN F:       :PCPN:    SNOW:  WIND      :SUNSHINE: SKY     :PK WND
================================================================================
1   2   3   4   5  6A  6B    7    8   9   10  11  12  13   14  15   16   17  18
                                     12Z  AVG MX 2MIN
DY MAX MIN AVG DEP HDD CDD  WTR  SNW DPTH SPD SPD DIR MIN PSBL S-S WX    SPD DR
================================================================================

 1  76  48  62  13   3   0 0.19  0.0    0 11.3 20 310   M    M   1 3      25 310
 2  58  34  46  -3  19   0 0.00  0.0    0  6.6 14 310   M    M   0        22  20
 3  57  33  45  -5  20   0 0.00  0.0    0  4.6 15 330   M    M   0        25 320
 4  68  28  48  -2  17   0 0.00  0.0    0  4.3 12 160   M    M   0        16 150
 5  59  41  50   0  15   0    T  0.0    0  6.2 15 210   M    M   5        20 220
 6  72  56  64  14   1   0 0.00  0.0    0 13.0 28 190   M    M   7        36 190
 7  66  47  57   6   8   0 0.92  0.0    0 11.6 24 200   M    M   7 13     33 200
 8  69  34  52   1  13   0 0.00  0.0    0  2.0  7 270   M    M   0 12     14 320
 9  77  37  57   6   8   0 0.08  0.0    0  6.3 20 300   M    M   3 13     24 300
10  64  44  54   2  11   0 1.25  0.0    0  9.5 20 340   M    M   3 13     26 320
11  45  34  40 -12  25   0 0.01    T    0  8.2 15  20   M    M   7 1      21  20
12  53  30  42 -10  23   0 0.02    T    0  6.5 15 100   M    M   1 1      20 360
13  45  30  38 -14  27   0 0.35  0.0    0  4.1 14 320   M    M   8 1      18 330
14  42  31  37 -16  28   0 0.00  0.0    0  9.7 17 340   M    M   8        24 340
15  44  28  36 -17  29   0 0.00  0.0    0  6.8 14 290   M    M   1        18 360
16  52  24  38 -15  27   0 0.00  0.0    0  3.2  9 110   M    M   6 8      12 140
17  69  47  58   4   7   0 0.02  0.0    0  9.7 22 220   M    M   9        30 240
18  71  50  61   7   4   0 0.49  0.0    0  8.8 25 290   M    M   3 13     31 310
19  65  37  51  -3  14   0 0.00  0.0    0  4.2 12  70   M    M   1        16  50
20  83  47  65  11   0   0 0.00  0.0    0  7.4 20 250   M    M   1        25 230
21  85  58  72  17   0   7 0.00  0.0    0  8.9 25 350   M    M   2        37 350
22  63  48  56   1   9   0 0.03  0.0    0  7.5 16  50   M    M   2 1      23  50
23  77  39  58   3   7   0 0.00  0.0    0  7.5 21 160   M    M   0        26 160
24  76  62  69  14   0   4 0.00  0.0    0 11.9 22 160   M    M   5        29 170
25  70  59  65   9   0   0 0.14  0.0    0 11.7 25 170   M    M   5 3      38 150
26  76  58  67  11   0   2    T  0.0    0  7.7 17 210   M    M   6 1      23 210
27  79  57  68  12   0   3 1.34  0.0    0  8.2 22  40   M    M   4 138    33  50
28  76  58  67  11   0   2 0.00  0.0    0  2.7 13 290   M    M   5 1      16 270
29  84  56  70  13   0   5 0.00  0.0    0  5.3 17 180   M    M   1        22 180
================================================================================
SM 1921 1255       315  23  4.84    T    215.4          M      101
================================================================================
AV 66.2 43.3                               7.4 FASTST   M    M   3    MAX(MPH)
                                 MISC ---->  # 28 190               # 38  150
================================================================================
NOTES:
# LAST OF SEVERAL OCCURRENCES

COLUMN 17 PEAK WIND IN M.P.H.

PRELIMINARY LOCAL CLIMATOLOGICAL DATA (WS FORM: F-6) , PAGE 2

                                          STATION:  MUSCLE SHOALS
                                          MONTH:    MARCH
                                          YEAR:     2017
                                          LATITUDE:   34 45 N
                                          LONGITUDE:  87 37 W

[TEMPERATURE DATA]      [PRECIPITATION DATA]       SYMBOLS USED IN COLUMN 16

AVERAGE MONTHLY: 54.8   TOTAL FOR MONTH:   4.84    1 = FOG OR MIST
DPTR FM NORMAL:   1.8   DPTR FM NORMAL:    0.39    2 = FOG REDUCING VISIBILITY
HIGHEST:    85 ON 21    GRTST 24HR  1.34 ON 27-27      TO 1/4 MILE OR LESS
LOWEST:     24 ON 16                               3 = THUNDER
                        SNOW, ICE PELLETS, HAIL    4 = ICE PELLETS
                        TOTAL MONTH:    T          5 = HAIL
                        GRTST 24HR    T  ON 12-12  6 = FREEZING RAIN OR DRIZZLE
                        GRTST DEPTH:   0           7 = DUSTSTORM OR SANDSTORM:
                                                       VSBY 1/2 MILE OR LESS
                                                   8 = SMOKE OR HAZE
[NO. OF DAYS WITH]      [WEATHER - DAYS WITH]      9 = BLOWING SNOW
                                                   X = TORNADO
MAX 32 OR BELOW:   0    0.01 INCH OR MORE:  12
MAX 90 OR ABOVE:   0    0.10 INCH OR MORE:   7
MIN 32 OR BELOW:   6    0.50 INCH OR MORE:   3
MIN  0 OR BELOW:   0    1.00 INCH OR MORE:   2

[HDD (BASE 65) ]
TOTAL THIS MO.   315    CLEAR  (SCALE 0-3)  16
DPTR FM NORMAL   -45    PTCLDY (SCALE 4-7)  11
TOTAL FM JUL 1  1995    CLOUDY (SCALE 8-10)  2
DPTR FM NORMAL  -900

[CDD (BASE 65) ]
TOTAL THIS MO.    23
DPTR FM NORMAL    17    [PRESSURE DATA]
TOTAL FM JAN 1    31    HIGHEST SLP M ON M
DPTR FM NORMAL    24    LOWEST  SLP 29.79 ON  1

[REMARKS]
