000
CXUS55 KMSO 250900
CF6MSO
PRELIMINARY LOCAL CLIMATOLOGICAL DATA (WS FORM: F-6)

                                          STATION:   MISSOULA MT
                                          MONTH:     MAY
                                          YEAR:      2017
                                          LATITUDE:   46 55 N
                                          LONGITUDE: 114  5 W

  TEMPERATURE IN F:       :PCPN:    SNOW:  WIND      :SUNSHINE: SKY     :PK WND
================================================================================
1   2   3   4   5  6A  6B    7    8   9   10  11  12  13   14  15   16   17  18
                                     12Z  AVG MX 2MIN
DY MAX MIN AVG DEP HDD CDD  WTR  SNW DPTH SPD SPD DIR MIN PSBL S-S WX    SPD DR
================================================================================

 1  57  40  49   0  16   0 0.02  0.0    0  4.0 16 270   M    M   9        21 290
 2  56  39  48  -2  17   0    T  0.0    0  7.4 17 310   M    M   8        21 290
 3  71  31  51   1  14   0 0.00  0.0    0  3.5 14 300   M    M   2        16 300
 4  83  40  62  12   3   0 0.00  0.0    0  1.8  8 350   M    M   0        12 130
 5  79  42  61  11   4   0 0.02  0.0    0  5.8 30 200   M    M   1        40 210
 6  66  48  57   6   8   0 0.01  0.0    0 10.4 28 300   M    M   5        33 300
 7  52  36  44  -7  21   0 0.05  0.0    0  9.2 17 330   M    M   9 1      24 320
 8  67  29  48  -3  17   0 0.00  0.0    0  3.4 13 320   M    M   0        17  10
 9  71  35  53   1  12   0 0.00  0.0    0  3.4 15  10   M    M   0        19 350
10  78  37  58   6   7   0 0.00  0.0    0  2.9 13 310   M    M   0 8      15  20
11  83  38  61   9   4   0 0.00  0.0    0  5.1 22 160   M    M   1        27 150
12  62  40  51  -1  14   0 0.17  0.0    0 11.9 25 310   M    M   8 1      32 310
13  51  35  43 -10  22   0 0.02  0.0    0  5.9 25 260   M    M   7 1      30 270
14  55  34  45  -8  20   0    T    M    0  6.5 20  10   M    M   7 12     25  10
15  60  32  46  -7  19   0 0.00  0.0    0  3.6 15 300   M    M   6        18 310
16  54  35  45  -9  20   0 0.26  0.0    0  3.9 25 300   M    M   6 1      30 300
17  43  32  38 -16  27   0 0.78  2.7    1  3.7 14 270   M    M  10 12     20 170
18  62  39  51  -3  14   0 0.00  0.0    0  3.7 14 170   M    M   7        18 160
19  66  36  51  -3  14   0    T  0.0    0  3.3 20  20   M    M   3        23  30
20  69  43  56   1   9   0    T  0.0    0  3.2 23 280   M    M   4        26 270
21  74  37  56   1   9   0 0.00  0.0    0  2.9 10 300   M    M   0 1      14 320
22  78  41  60   5   5   0 0.00  0.0    0  4.6 17  10   M    M   0        23  10
23  84  43  64   8   1   0 0.00  0.0    0  2.8 20 270   M    M   0        25 240
24  69  47  58   2   7   0 0.00  0.0    0 17.3 32 260   M    M   5        42 260
================================================================================
SM 1590  909       304   0  1.33     2.7 130.2          M       98
================================================================================
AV 66.3 37.9                               5.4 FASTST   M    M   4    MAX(MPH)
                                 MISC ---->  # 32 260               # 42  260
================================================================================
NOTES:
# LAST OF SEVERAL OCCURRENCES

COLUMN 17 PEAK WIND IN M.P.H.

PRELIMINARY LOCAL CLIMATOLOGICAL DATA (WS FORM: F-6) , PAGE 2

                                          STATION:  MISSOULA MT
                                          MONTH:    MAY
                                          YEAR:     2017
                                          LATITUDE:   46 55 N
                                          LONGITUDE: 114  5 W

[TEMPERATURE DATA]      [PRECIPITATION DATA]       SYMBOLS USED IN COLUMN 16

AVERAGE MONTHLY: 52.1   TOTAL FOR MONTH:   1.33    1 = FOG OR MIST
DPTR FM NORMAL:  -0.5   DPTR FM NORMAL:   -0.09    2 = FOG REDUCING VISIBILITY
HIGHEST:    84 ON 23    GRTST 24HR  1.03 ON 16-17      TO 1/4 MILE OR LESS
LOWEST:     29 ON  8                               3 = THUNDER
                        SNOW, ICE PELLETS, HAIL    4 = ICE PELLETS
                        TOTAL MONTH:   2.7 INCHES  5 = HAIL
                        GRTST 24HR   2.7 ON   M    6 = FREEZING RAIN OR DRIZZLE
                        GRTST DEPTH:   1 ON 17     7 = DUSTSTORM OR SANDSTORM:
                                                       VSBY 1/2 MILE OR LESS
                                                   8 = SMOKE OR HAZE
[NO. OF DAYS WITH]      [WEATHER - DAYS WITH]      9 = BLOWING SNOW
                                                   X = TORNADO
MAX 32 OR BELOW:   0    0.01 INCH OR MORE:   8
MAX 90 OR ABOVE:   0    0.10 INCH OR MORE:   3
MIN 32 OR BELOW:   4    0.50 INCH OR MORE:   1
MIN  0 OR BELOW:   0    1.00 INCH OR MORE:   0

[HDD (BASE 65) ]
TOTAL THIS MO.   304    CLEAR  (SCALE 0-3)  11
DPTR FM NORMAL     5    PTCLDY (SCALE 4-7)  10
TOTAL FM JUL 1  7452    CLOUDY (SCALE 8-10)  3
DPTR FM NORMAL   390

[CDD (BASE 65) ]
TOTAL THIS MO.     0
DPTR FM NORMAL     0    [PRESSURE DATA]
TOTAL FM JAN 1     0    HIGHEST SLP M ON M
DPTR FM NORMAL     0    LOWEST  SLP 29.56 ON 24

[REMARKS]
