000
CXUS55 KMSO 310800
CF6MSO
PRELIMINARY LOCAL CLIMATOLOGICAL DATA (WS FORM: F-6)

                                          STATION:   MISSOULA MT
                                          MONTH:     AUGUST
                                          YEAR:      2015
                                          LATITUDE:   46 55 N
                                          LONGITUDE: 114  5 W

  TEMPERATURE IN F:       :PCPN:    SNOW:  WIND      :SUNSHINE: SKY     :PK WND
================================================================================
1   2   3   4   5  6A  6B    7    8   9   10  11  12  13   14  15   16   17  18
                                     12Z  AVG MX 2MIN
DY MAX MIN AVG DEP HDD CDD  WTR  SNW DPTH SPD SPD DIR MIN PSBL S-S WX    SPD DR
================================================================================

 1  98  50  74   4   0   9 0.00  0.0    0  4.6 25 290   M    M   0        30 310
 2  96  50  73   3   0   8 0.00  0.0    0  1.4  9 360   M    M   0        12 350
 3  95  53  74   4   0   9 0.00  0.0    0  5.1 23 260   M    M   0 8      32 260
 4  88  63  76   6   0  11    T  0.0    0  4.9 18 180   M    M   4        23 180
 5  72  52  62  -8   3   0 0.14  0.0    0  8.8 26 150   M    M   3 1      32 150
 6  76  46  61  -9   4   0 0.00  0.0    0  7.5 22 340   M    M   3        28 330
 7  82  42  62  -8   3   0 0.00  0.0    0  4.9 15 270   M    M   0        21  20
 8  84  45  65  -5   0   0 0.00  0.0    0  3.3 10 180   M    M   0        12 150
 9  87  46  67  -2   0   2    T  0.0    0  4.7 23 290   M    M   1        30 290
10  92  48  70   1   0   5 0.03  0.0    0  4.4 62 170   M    M   0 8      73 170
11  96  49  73   4   0   8    T  0.0    0  4.1 18 350   M    M   0        23 350
12  95  57  76   7   0  11    T  0.0    0  4.9 22 170   M    M   0        27 180
13  98  54  76   7   0  11    T  0.0    0  3.0 22 290   M    M   0        27 230
14  97  58  78  10   0  13    T  0.0    0  7.0 36 300   M    M   1 38     44 300
15  77  56  67  -1   0   2 0.00  0.0    0  8.6 21 260   M    M   5 8      27 260
16  79  49  64  -4   1   0 0.00  0.0    0  4.4 15 300   M    M   2 3      20 360
17  79  48  64  -4   1   0 0.00  0.0    0  3.7 18 310   M    M   1        24 300
18  80  48  64  -3   1   0 0.00  0.0    0  5.6 20  20   M    M   1 8      24  20
19  84  47  66  -1   0   1 0.00  0.0    0  4.5 18 110   M    M   2 8      21 120
20  88  49  69   2   0   4 0.00  0.0    0  6.6 22 290   M    M   6 8      27 300
21  78  48  63  -3   2   0    T  0.0    0  9.7 41  20   M    M   7 38     58  20
22  73  48  61  -5   4   0 0.00  0.0    0  5.2 22  10   M    M   2 8      31  10
23  82  38  60  -6   5   0 0.00  0.0    0  1.8  9 170   M    M   2 8      10 190
24  87  46  67   1   0   2 0.00  0.0    0  3.3 14 320   M    M   5 8      18 320
25  89  48  69   4   0   4 0.00  0.0    0  2.9 13 320   M    M   4 8      16 320
26  92  54  73   8   0   8 0.00  0.0    0  2.8 12 290   M    M   1 8      15  10
27  88  54  71   6   0   6 0.00  0.0    0  3.3 16 300   M    M  10 8      21 300
28  78  48  63  -1   2   0 0.00  0.0    0  3.1 12 140   M    M  10 8      15 260
29  81  55  68   4   0   3    T  0.0    0  7.4 20 320   M    M   9 38     28 310
30  74  45  60  -4   5   0 0.03  0.0    0  5.8 32 270   M    M   9 8      42 280
================================================================================
SM 2565 1494        31 117  0.20     0.0 147.3          M       88
================================================================================
AV 85.5 49.8                               4.9 FASTST   M    M   3    MAX(MPH)
                                 MISC ---->  # 62 170               # 73  170
================================================================================
NOTES:
# LAST OF SEVERAL OCCURRENCES

COLUMN 17 PEAK WIND IN M.P.H.

PRELIMINARY LOCAL CLIMATOLOGICAL DATA (WS FORM: F-6) , PAGE 2

                                          STATION:  MISSOULA MT
                                          MONTH:    AUGUST
                                          YEAR:     2015
                                          LATITUDE:   46 55 N
                                          LONGITUDE: 114  5 W

[TEMPERATURE DATA]      [PRECIPITATION DATA]       SYMBOLS USED IN COLUMN 16

AVERAGE MONTHLY: 67.7   TOTAL FOR MONTH:   0.20    1 = FOG OR MIST
DPTR FM NORMAL:   0.0   DPTR FM NORMAL:   -0.95    2 = FOG REDUCING VISIBILITY
HIGHEST:    98 ON 13, 1 GRTST 24HR  0.14 ON  5- 5      TO 1/4 MILE OR LESS
LOWEST:     38 ON 23                               3 = THUNDER
                        SNOW, ICE PELLETS, HAIL    4 = ICE PELLETS
                        TOTAL MONTH:   0.0 INCH    5 = HAIL
                        GRTST 24HR     0.0         6 = FREEZING RAIN OR DRIZZLE
                        GRTST DEPTH:   0           7 = DUSTSTORM OR SANDSTORM:
                                                       VSBY 1/2 MILE OR LESS
                                                   8 = SMOKE OR HAZE
[NO. OF DAYS WITH]      [WEATHER - DAYS WITH]      9 = BLOWING SNOW
                                                   X = TORNADO
MAX 32 OR BELOW:   0    0.01 INCH OR MORE:   3
MAX 90 OR ABOVE:   9    0.10 INCH OR MORE:   1
MIN 32 OR BELOW:   0    0.50 INCH OR MORE:   0
MIN  0 OR BELOW:   0    1.00 INCH OR MORE:   0

[HDD (BASE 65) ]
TOTAL THIS MO.    31    CLEAR  (SCALE 0-3)  20
DPTR FM NORMAL   -13    PTCLDY (SCALE 4-7)   6
TOTAL FM JUL 1    52    CLOUDY (SCALE 8-10)  4
DPTR FM NORMAL   -30

[CDD (BASE 65) ]
TOTAL THIS MO.   117
DPTR FM NORMAL    -5    [PRESSURE DATA]
TOTAL FM JAN 1   400    HIGHEST SLP M ON M
DPTR FM NORMAL    84    LOWEST  SLP 29.67 ON M

[REMARKS]
