000
CXUS51 KBTV 190700
CF6MSS
PRELIMINARY LOCAL CLIMATOLOGICAL DATA (WS FORM: F-6)

                                          STATION:   MASSENA NY
                                          MONTH:     JANUARY
                                          YEAR:      2017
                                          LATITUDE:   44 55 N
                                          LONGITUDE:  74 51 W

  TEMPERATURE IN F:       :PCPN:    SNOW:  WIND      :SUNSHINE: SKY     :PK WND
================================================================================
1   2   3   4   5  6A  6B    7    8   9   10  11  12  13   14  15   16   17  18
                                     12Z  AVG MX 2MIN
DY MAX MIN AVG DEP HDD CDD  WTR  SNW DPTH SPD SPD DIR MIN PSBL S-S WX    SPD DR
================================================================================

 1  36  13  25   9  40   0    T    M    0  8.3 21 250   M    M   7 1      32 260
 2  37  10  24   8  41   0 0.00  0.0    0  4.7 14  50   M    M   1 1      15  50
 3  35  26  31  15  34   0 0.58    M    0  9.7 15  50   M    M  10 16     20  50
 4  40  23  32  16  33   0 0.21    M    0 10.9 29 220   M    M   9 1      44 240
 5  25  20  23   8  42   0    T    M    0 15.0 29 260   M    M   9        45 250
 6  23   7  15   0  50   0    T    M    0  5.9 14 240   M    M   2        18 240
 7  19   1  10  -5  55   0 0.00  0.0    0  2.3  8  60   M    M   0         9  50
 8  12   0   6  -9  59   0    T    M    0  6.1 16 300   M    M   8 8      23 290
 9  23  -6   9  -6  56   0 0.00  0.0    0  7.7 17 200   M    M   7        23 200
10  38  20  29  15  36   0 0.17    M    0  8.8 20 180   M    M   9 168    29 170
11  48  34  41  27  24   0 0.08    M    0 18.1 39 200   M    M   6        55 210
12  50  33  42  28  23   0 0.26    M    0  8.7 17 290   M    M   9 1      23 210
13  34   8  21   7  44   0 0.01    M    0 13.2 25 280   M    M   3 1      34 290
14  25   2  14   0  51   0 0.00  0.0    0  1.9 10 230   M    M   5         M  M
15  26  12  19   5  46   0 0.00  0.0    0  4.9 13  40   M    M   3        19 240
16  39  11  25  11  40   0 0.00  0.0    0 12.0 29 220   M    M   1        36 220
17  35  17  26  12  39   0 0.06    M    0  9.7 22  60   M    M   3 1      26  50
18  34  27  31  17  34   0 0.06    M    0  6.9 13  50   M    M  10 16     15 260
================================================================================
SM  579  258       747   0  1.43     0.0 154.8          M      102
================================================================================
AV 32.2 14.3                               8.6 FASTST   M    M   6    MAX(MPH)
                                 MISC ---->  # 39 200               # 55  210
================================================================================
NOTES:
# LAST OF SEVERAL OCCURRENCES

COLUMN 17 PEAK WIND IN M.P.H.

PRELIMINARY LOCAL CLIMATOLOGICAL DATA (WS FORM: F-6) , PAGE 2

                                          STATION:  MASSENA NY
                                          MONTH:    JANUARY
                                          YEAR:     2017
                                          LATITUDE:   44 55 N
                                          LONGITUDE:  74 51 W

[TEMPERATURE DATA]      [PRECIPITATION DATA]       SYMBOLS USED IN COLUMN 16

AVERAGE MONTHLY: 23.3   TOTAL FOR MONTH:   1.43    1 = FOG OR MIST
DPTR FM NORMAL:   8.5   DPTR FM NORMAL:    0.10    2 = FOG REDUCING VISIBILITY
HIGHEST:    50 ON 12    GRTST 24HR  0.58 ON  3- 3      TO 1/4 MILE OR LESS
LOWEST:     -6 ON  9                               3 = THUNDER
                        SNOW, ICE PELLETS, HAIL    4 = ICE PELLETS
                        TOTAL MONTH:   0.0 INCH    5 = HAIL
                        GRTST 24HR     0.0         6 = FREEZING RAIN OR DRIZZLE
                        GRTST DEPTH:   0           7 = DUSTSTORM OR SANDSTORM:
                                                       VSBY 1/2 MILE OR LESS
                                                   8 = SMOKE OR HAZE
[NO. OF DAYS WITH]      [WEATHER - DAYS WITH]      9 = BLOWING SNOW
                                                   X = TORNADO
MAX 32 OR BELOW:   7    0.01 INCH OR MORE:   8
MAX 90 OR ABOVE:   0    0.10 INCH OR MORE:   4
MIN 32 OR BELOW:  16    0.50 INCH OR MORE:   1
MIN  0 OR BELOW:   2    1.00 INCH OR MORE:   0

[HDD (BASE 65) ]
TOTAL THIS MO.   747    CLEAR  (SCALE 0-3)   6
DPTR FM NORMAL  -158    PTCLDY (SCALE 4-7)   6
TOTAL FM JUL 1  3376    CLOUDY (SCALE 8-10)  6
DPTR FM NORMAL  -628

[CDD (BASE 65) ]
TOTAL THIS MO.     0
DPTR FM NORMAL     0    [PRESSURE DATA]
TOTAL FM JAN 1     0    HIGHEST SLP M ON M
DPTR FM NORMAL     0    LOWEST  SLP 29.52 ON  3

[REMARKS]
