000
CXUS55 KLIX 200830
CF6MSY
PRELIMINARY LOCAL CLIMATOLOGICAL DATA (WS FORM: F-6)

                                          STATION:   NEW ORLEANS
                                          MONTH:     SEPTEMBER
                                          YEAR:      2014
                                          LATITUDE:   29 58 N
                                          LONGITUDE:  90 15 W

  TEMPERATURE IN F:       :PCPN:    SNOW:  WIND      :SUNSHINE: SKY     :PK WND
================================================================================
1   2   3   4   5  6A  6B    7    8   9   10  11  12  13   14  15   16   17  18
                                     12Z  AVG MX 2MIN
DY MAX MIN AVG DEP HDD CDD  WTR  SNW DPTH SPD SPD DIR MIN PSBL S-S WX    SPD DR
================================================================================

 1  92  79  86   4   0  21 0.01  0.0    0  7.2 20 110   M    M   7 3      27 150
 2  93  75  84   2   0  19 0.08  0.0    0  7.3 23 330   M    M   7 13     33 320
 3  91  75  83   1   0  18    T  0.0    0  5.5 15 190   M    M   7        17 180
 4  90  77  84   2   0  19 0.01  0.0    0  3.5 13 140   M    M   6 3      17 110
 5  90  74  82   0   0  17 0.03  0.0    0  3.2 16 260   M    M   6 13     20 260
 6  91  73  82   0   0  17 0.00  0.0    0  5.1 25 250   M    M   5        31 250
 7  93  74  84   2   0  19 0.00  0.0    0  4.5 13  10   M    M   4 13     16 120
 8  92  77  85   3   0  20 0.02  0.0    0  2.3 14 200   M    M   6 13     17 200
 9  93  76  85   4   0  20 0.29  0.0    0  4.3 23 190   M    M   4 13     32 190
10  94  77  86   5   0  21    T  0.0    0  4.4 16  90   M    M   5 1      20  80
11  95  79  87   6   0  22 0.51  0.0    0  3.5 24  60   M    M   5 3      30  70
12  92  78  85   4   0  20 0.01  0.0    0  5.5 17  10   M    M   6 3X     23  10
13  85  75  80  -1   0  15 0.02  0.0    0 11.9 21  20   M    M   7        26  10
14  90  74  82   2   0  17 0.00  0.0    0  8.3 16  40   M    M   6        27 350
15  90  76  83   3   0  18 1.66  0.0    0  6.1 20 250   M    M   6 13     23 250
16  89  75  82   2   0  17 0.05  0.0    0  4.2 17 190   M    M   7 3      21 190
17  89  73  81   1   0  16 0.00  0.0    0  4.1 12  30   M    M   8        18  20
18  88  75  82   3   0  17    T  0.0    0  4.2 17 160   M    M   7 18     24 150
19  89  74  82   3   0  17    T  0.0    0  8.6 18  60   M    M   6        28  60
================================================================================
SM 1726 1436         0 350  2.69     0.0 103.7          M      115
================================================================================
AV 90.8 75.6                               5.5 FASTST   M    M   6    MAX(MPH)
                                 MISC ---->  # 25 250               # 33  320
================================================================================
NOTES:
# LAST OF SEVERAL OCCURRENCES

COLUMN 17 PEAK WIND IN M.P.H.

PRELIMINARY LOCAL CLIMATOLOGICAL DATA (WS FORM: F-6) , PAGE 2

                                          STATION:  NEW ORLEANS
                                          MONTH:    SEPTEMBER
                                          YEAR:     2014
                                          LATITUDE:   29 58 N
                                          LONGITUDE:  90 15 W

[TEMPERATURE DATA]      [PRECIPITATION DATA]       SYMBOLS USED IN COLUMN 16

AVERAGE MONTHLY: 83.2   TOTAL FOR MONTH:   2.69    1 = FOG OR MIST
DPTR FM NORMAL:   2.2   DPTR FM NORMAL:   -0.74    2 = FOG REDUCING VISIBILITY
HIGHEST:    95 ON 11    GRTST 24HR  1.66 ON 15-15      TO 1/4 MILE OR LESS
LOWEST:     73 ON 17, 6                            3 = THUNDER
                        SNOW, ICE PELLETS, HAIL    4 = ICE PELLETS
                        TOTAL MONTH:   0.0 INCH    5 = HAIL
                        GRTST 24HR     0.0         6 = FREEZING RAIN OR DRIZZLE
                        GRTST DEPTH:   0           7 = DUSTSTORM OR SANDSTORM:
                                                       VSBY 1/2 MILE OR LESS
                                                   8 = SMOKE OR HAZE
[NO. OF DAYS WITH]      [WEATHER - DAYS WITH]      9 = BLOWING SNOW
                                                   X = TORNADO
MAX 32 OR BELOW:   0    0.01 INCH OR MORE:  11
MAX 90 OR ABOVE:  14    0.10 INCH OR MORE:   3
MIN 32 OR BELOW:   0    0.50 INCH OR MORE:   2
MIN  0 OR BELOW:   0    1.00 INCH OR MORE:   1

[HDD (BASE 65) ]
TOTAL THIS MO.     0    CLEAR  (SCALE 0-3)   0
DPTR FM NORMAL     0    PTCLDY (SCALE 4-7)  19
TOTAL FM JUL 1     0    CLOUDY (SCALE 8-10)  0
DPTR FM NORMAL     0

[CDD (BASE 65) ]
TOTAL THIS MO.   350
DPTR FM NORMAL    46    [PRESSURE DATA]
TOTAL FM JAN 1  2534    HIGHEST SLP M ON M
DPTR FM NORMAL   -16    LOWEST  SLP 29.86 ON 18

[REMARKS]
