000
CXUS55 KGJT 251000
CF6MTJ
PRELIMINARY LOCAL CLIMATOLOGICAL DATA (WS FORM: F-6)

                                          STATION:   MONTROSE CO
                                          MONTH:     APRIL
                                          YEAR:      2017
                                          LATITUDE:   38 30 N
                                          LONGITUDE: 107 53 W

  TEMPERATURE IN F:       :PCPN:    SNOW:  WIND      :SUNSHINE: SKY     :PK WND
================================================================================
1   2   3   4   5  6A  6B    7    8   9   10  11  12  13   14  15   16   17  18
                                     12Z  AVG MX 2MIN
DY MAX MIN AVG DEP HDD CDD  WTR  SNW DPTH SPD SPD DIR MIN PSBL S-S WX    SPD DR
================================================================================

 1  55  34  45   0  20   0    T    M    M  6.7 22 300   M    M   5 1      29 330
 2  57  36  47   1  18   0 0.01    M    M  3.8 18 290   M    M   8 3      22 280
 3  51  34  43  -3  22   0 0.00    M    M  4.1 17 310   M    M   3 3      22 310
 4  49  29  39  -7  26   0    T    M    M 12.2 30 310   M    M   6        39 320
 5  55  24  40  -6  25   0 0.00    M    M  6.1 12 140   M    M   0        14 320
 6  67  28  48   2  17   0 0.00    M    M  5.8 15 150   M    M   0        16 160
 7  70  37  54   7  11   0 0.00    M    M  9.0 23 260   M    M   1        29 260
 8  69  46  58  11   7   0    T    M    M 14.2 35 210   M    M   2        49 200
 9  54  29  42  -5  23   0 0.00    M    M 11.3 25 330   M    M   2        33 210
10  60  22  41  -6  24   0 0.00    M    M  6.9 13 140   M    M   0        17 340
11  67  26  47  -1  18   0 0.00    M    M  6.8 22 220   M    M   0        26 220
12  74  38  56   8   9   0 0.00    M    M  6.2 14 140   M    M   0        18 310
13  77  37  57   9   8   0 0.00    M    M 11.3 26 230   M    M   0        34 240
14  74  44  59  11   6   0 0.00    M    M 12.3 25 210   M    M   0        34 210
15  68  36  52   3  13   0 0.00    M    M  7.6 15 320   M    M   0 8      18 320
16  73  35  54   5  11   0 0.00    M    M  6.8 16 330   M    M   0        20 340
17  75  40  58   9   7   0 0.00    M    M 10.7 25 240   M    M   0        32 250
18  78  47  63  13   2   0 0.00    M    M 11.3 28 240   M    M   0        36 240
19  71  41  56   6   9   0    T    M    M 12.0 24 230   M    M   6        34 220
20  71  35  53   3  12   0 0.01    M    M 10.1 31 260   M    M   3 8      40 250
21  58  36  47  -3  18   0    T    M    M  7.5 17 300   M    M   6        22 300
22  62  29  46  -5  19   0 0.00    M    M  5.6 15 130   M    M   0        19 350
23  77  32  55   4  10   0 0.00    M    M 10.5 39 270   M    M   0 8      51 260
24  67  44  56   5   9   0    T    M    M 10.0 35 320   M    M   4        44 310
================================================================================
SM 1579  839       344   0  0.02    M    208.8          M       46
================================================================================
AV 65.8 35.0                               8.7 FASTST   M    M   2    MAX(MPH)
                                 MISC ---->  # 39 270               # 51  260
================================================================================
NOTES:
# LAST OF SEVERAL OCCURRENCES

COLUMN 17 PEAK WIND IN M.P.H.

PRELIMINARY LOCAL CLIMATOLOGICAL DATA (WS FORM: F-6) , PAGE 2

                                          STATION:  MONTROSE CO
                                          MONTH:    APRIL
                                          YEAR:     2017
                                          LATITUDE:   38 30 N
                                          LONGITUDE: 107 53 W

[TEMPERATURE DATA]      [PRECIPITATION DATA]       SYMBOLS USED IN COLUMN 16

AVERAGE MONTHLY: 50.4   TOTAL FOR MONTH:   0.02    1 = FOG OR MIST
DPTR FM NORMAL:   2.2   DPTR FM NORMAL:   -0.77    2 = FOG REDUCING VISIBILITY
HIGHEST:    78 ON 18    GRTST 24HR  0.15 ON 31- 1      TO 1/4 MILE OR LESS
LOWEST:     22 ON 10                               3 = THUNDER
                        SNOW, ICE PELLETS, HAIL    4 = ICE PELLETS
                        TOTAL MONTH:    M          5 = HAIL
                        GRTST 24HR    M  ON   M    6 = FREEZING RAIN OR DRIZZLE
                        GRTST DEPTH:  M  ON   M    7 = DUSTSTORM OR SANDSTORM:
                                                       VSBY 1/2 MILE OR LESS
                                                   8 = SMOKE OR HAZE
[NO. OF DAYS WITH]      [WEATHER - DAYS WITH]      9 = BLOWING SNOW
                                                   X = TORNADO
MAX 32 OR BELOW:   0    0.01 INCH OR MORE:   2
MAX 90 OR ABOVE:   0    0.10 INCH OR MORE:   0
MIN 32 OR BELOW:   8    0.50 INCH OR MORE:   0
MIN  0 OR BELOW:   0    1.00 INCH OR MORE:   0

[HDD (BASE 65) ]
TOTAL THIS MO.   344    CLEAR  (SCALE 0-3)  17
DPTR FM NORMAL   -62    PTCLDY (SCALE 4-7)   7
TOTAL FM JUL 1  4808    CLOUDY (SCALE 8-10)  0
DPTR FM NORMAL -1054

[CDD (BASE 65) ]
TOTAL THIS MO.     0
DPTR FM NORMAL     0    [PRESSURE DATA]
TOTAL FM JAN 1     0    HIGHEST SLP M ON M
DPTR FM NORMAL     0    LOWEST  SLP 29.41 ON 24

[REMARKS]
