000
CXUS55 KGJT 261000
CF6MTJ
PRELIMINARY LOCAL CLIMATOLOGICAL DATA (WS FORM: F-6)

                                          STATION:   MONTROSE CO
                                          MONTH:     MAY
                                          YEAR:      2017
                                          LATITUDE:   38 30 N
                                          LONGITUDE: 107 53 W

  TEMPERATURE IN F:       :PCPN:    SNOW:  WIND      :SUNSHINE: SKY     :PK WND
================================================================================
1   2   3   4   5  6A  6B    7    8   9   10  11  12  13   14  15   16   17  18
                                     12Z  AVG MX 2MIN
DY MAX MIN AVG DEP HDD CDD  WTR  SNW DPTH SPD SPD DIR MIN PSBL S-S WX    SPD DR
================================================================================

 1  65  37  51  -2  14   0 0.00    M    M  6.2 13  20   M    M   7        17  20
 2  61  38  50  -4  15   0    T    M    M  6.8 22 340   M    M   5        27 330
 3  69  35  52  -2  13   0 0.00    M    M  6.2 16 310   M    M   0        23 300
 4  77  38  58   4   7   0 0.00    M    M  7.0 14 130   M    M   0        19 290
 5  83  46  65  10   0   0 0.00    M    M  6.8 14 150   M    M   0        17 340
 6  80  47  64   9   1   0 0.08    M    M  6.5 36 210   M    M   1 3      46 210
 7  76  49  63   8   2   0 0.01    M    M  7.3 22 310   M    M   2        25 260
 8  73  43  58   2   7   0 0.00    M    M  7.1 30 170   M    M   1        37 160
 9  61  41  51  -5  14   0 0.11    M    M  6.9 20 220   M    M   4 3      26 230
10  62  40  51  -5  14   0 0.06    M    M  7.2 18 290   M    M   2 1      24 310
11  72  40  56  -1   9   0 0.00    M    M  5.7 13 130   M    M   1 8      16 130
12  79  44  62   5   3   0 0.00    M    M  8.4 23 240   M    M   1 8      30 230
13  81  52  67  10   0   2 0.00    M    M 15.6 32 200   M    M   0        42 190
14  77  48  63   5   2   0 0.00    M    M 11.8 24 190   M    M   0        33 230
15  77  50  64   6   1   0 0.00    M    M 10.5 32 210   M    M   2 8      41 210
16  64  46  55  -3  10   0    T    M    M  8.7 24  50   M    M   5 8      32 160
17  55  32  44 -15  21   0 0.47    M    M  9.1 32 300   M    M   9 18     37 300
18  45  32  39 -20  26   0 0.23    M    M  7.0 20 160   M    M   8 13     22 150
19  52  33  43 -16  22   0    T    M    M  4.8 22 340   M    M   6        30 320
20  61  33  47 -13  18   0 0.00    M    M  5.3 14 120   M    M   1        17 340
21  70  37  54  -6  11   0    T    M    M  6.9 29 310   M    M   3        38 320
22  70  41  56  -4   9   0 0.02    M    M  7.2 25 340   M    M   4        32 330
23  68  45  57  -4   8   0    T    M    M  5.9 15 310   M    M   2        19 320
24  84  43  64   3   1   0 0.00    M    M  7.8 22 250   M    M   0        28 260
25  79  55  67   6   0   2 0.00    M    M 12.0 32 240   M    M   3 38     46 230
================================================================================
SM 1741 1045       228   4  0.98    M    194.7          M       67
================================================================================
AV 69.6 41.8                               7.8 FASTST   M    M   3    MAX(MPH)
                                 MISC ---->  # 36 210               # 46  210
================================================================================
NOTES:
# LAST OF SEVERAL OCCURRENCES

COLUMN 17 PEAK WIND IN M.P.H.

PRELIMINARY LOCAL CLIMATOLOGICAL DATA (WS FORM: F-6) , PAGE 2

                                          STATION:  MONTROSE CO
                                          MONTH:    MAY
                                          YEAR:     2017
                                          LATITUDE:   38 30 N
                                          LONGITUDE: 107 53 W

[TEMPERATURE DATA]      [PRECIPITATION DATA]       SYMBOLS USED IN COLUMN 16

AVERAGE MONTHLY: 55.7   TOTAL FOR MONTH:   0.98    1 = FOG OR MIST
DPTR FM NORMAL:  -1.6   DPTR FM NORMAL:    0.01    2 = FOG REDUCING VISIBILITY
HIGHEST:    84 ON 24    GRTST 24HR  0.47 ON 17-17      TO 1/4 MILE OR LESS
LOWEST:     32 ON 18,17                            3 = THUNDER
                        SNOW, ICE PELLETS, HAIL    4 = ICE PELLETS
                        TOTAL MONTH:    M          5 = HAIL
                        GRTST 24HR    M  ON   M    6 = FREEZING RAIN OR DRIZZLE
                        GRTST DEPTH:  M  ON   M    7 = DUSTSTORM OR SANDSTORM:
                                                       VSBY 1/2 MILE OR LESS
                                                   8 = SMOKE OR HAZE
[NO. OF DAYS WITH]      [WEATHER - DAYS WITH]      9 = BLOWING SNOW
                                                   X = TORNADO
MAX 32 OR BELOW:   0    0.01 INCH OR MORE:   7
MAX 90 OR ABOVE:   0    0.10 INCH OR MORE:   3
MIN 32 OR BELOW:   2    0.50 INCH OR MORE:   0
MIN  0 OR BELOW:   0    1.00 INCH OR MORE:   0

[HDD (BASE 65) ]
TOTAL THIS MO.   228    CLEAR  (SCALE 0-3)  17
DPTR FM NORMAL    26    PTCLDY (SCALE 4-7)   7
TOTAL FM JUL 1  5164    CLOUDY (SCALE 8-10)  1
DPTR FM NORMAL  -976

[CDD (BASE 65) ]
TOTAL THIS MO.     4
DPTR FM NORMAL    -3    [PRESSURE DATA]
TOTAL FM JAN 1     4    HIGHEST SLP M ON M
DPTR FM NORMAL    -3    LOWEST  SLP 29.36 ON 25

[REMARKS]
