000
CXUS55 KBOI 281002
CF6MUO
PRELIMINARY LOCAL CLIMATOLOGICAL DATA (WS FORM: F-6)

                                          STATION:   MOUNTAIN HOME AFB
                                          MONTH:     SEPTEMBER
                                          YEAR:      2016
                                          LATITUDE:   43  2 N
                                          LONGITUDE: 115 52 W

  TEMPERATURE IN F:       :PCPN:    SNOW:  WIND      :SUNSHINE: SKY     :PK WND
================================================================================
1   2   3   4   5  6A  6B    7    8   9   10  11  12  13   14  15   16   17  18
                                     12Z  AVG MX 2MIN
DY MAX MIN AVG DEP HDD CDD  WTR  SNW DPTH SPD SPD DIR MIN PSBL S-S WX    SPD DR
================================================================================

 1  88  56  72   3   0   7 0.00    M    M  9.4 15 320   M    M   0         M  M
 2  73  52  63  -6   2   0 0.00    M    M 14.0 23 330   M    M   1        27 330
 3  73  50  62  -7   3   0 0.00    M    M  8.1 15 330   M    M   1        18 300
 4  60  47  54 -14  11   0 0.06    M    M  7.2 13 350   M    M   5         M  M
 5  72  38  55 -13  10   0 0.00    M    M  5.2  9 290   M    M   0 1       M  M
 6  77  41  59  -8   6   0 0.00    M    M 10.9 21 330   M    M   4        29 330
 7  76  47  62  -5   3   0 0.00    M    M  9.5 14 320   M    M   1        24 340
 8  79  44  62  -5   3   0 0.00    M    M  9.4 22 320   M    M   0        30 330
 9  77  45  61  -5   4   0 0.00    M    M  7.9 17 310   M    M   0        24 300
10  82  38  60  -6   5   0 0.00    M    M  5.4  9 100   M    M   0 8       M  M
11  85  44  65   0   0   0 0.00    M    M 11.3 21 330   M    M   1 8      30 310
12  66  46  56  -9   9   0 0.00    M    M 12.7 20 310   M    M   4        28 310
13  64  40  52 -13  13   0 0.26    M    M  4.8  8 260   M    M   5 1       M  M
14  61  50  56  -8   9   0 0.06    M    M  6.4  8 270   M    M   7         M  M
15  72  42  57  -7   8   0 0.00    M    M  4.5  8 230   M    M   0 8       M  M
16  77  41  59  -4   6   0 0.00    M    M  4.4  7 130   M    M   0         M  M
17  83  42  63   0   2   0 0.00    M    M  7.3 14 100   M    M   4 8       M  M
18  83  59  71   8   0   6    T    M    M  5.0 12 360   M    M   6 8       M  M
19  84  55  70   8   0   5    T    M    M  4.6  8 340   M    M   2         M  M
20  83  49  66   4   0   1 0.00    M    M  5.9 14 320   M    M   0         M  M
21  67  49  58  -3   7   0    T    M    M 10.6 23 110   M    M   6        33 110
22  56  50  53  -8  12   0 0.41    M    M 10.4 21 320   M    M   7 13      M  M
23  67  49  58  -3   7   0 0.01    M    M 25.9 37 310   M    M   2        47 310
24  68  47  58  -2   7   0 0.00    M    M 17.3 25 320   M    M   1        32 300
25  76  42  59  -1   6   0    T    M    M  5.5 12 280   M    M   0 8       M  M
26  82  43  63   4   2   0 0.00    M    M  9.3 17 120   M    M   0         M  M
27  87  51  69  10   0   4 0.00    M    M  8.6 17 110   M    M   0         M  M
================================================================================
SM 2018 1257       135  23  0.80    M    241.5          M       57
================================================================================
AV 74.7 46.6                               8.9 FASTST   M    M   2    MAX(MPH)
                                 MISC ---->    37   M                 47    M
================================================================================
NOTES:
# LAST OF SEVERAL OCCURRENCES

COLUMN 17 PEAK WIND IN M.P.H.

PRELIMINARY LOCAL CLIMATOLOGICAL DATA (WS FORM: F-6) , PAGE 2

                                          STATION:  MOUNTAIN HOME AFB
                                          MONTH:    SEPTEMBER
                                          YEAR:     2016
                                          LATITUDE:   43  2 N
                                          LONGITUDE: 115 52 W

[TEMPERATURE DATA]      [PRECIPITATION DATA]       SYMBOLS USED IN COLUMN 16

AVERAGE MONTHLY: 60.6   TOTAL FOR MONTH:   0.80    1 = FOG OR MIST
DPTR FM NORMAL:  -3.5   DPTR FM NORMAL:    0.36    2 = FOG REDUCING VISIBILITY
HIGHEST:    88 ON  1    GRTST 24HR  0.41 ON 22-22      TO 1/4 MILE OR LESS
LOWEST:     38 ON 10, 5                            3 = THUNDER
                        SNOW, ICE PELLETS, HAIL    4 = ICE PELLETS
                        TOTAL MONTH:    M          5 = HAIL
                        GRTST 24HR    M  ON   M    6 = FREEZING RAIN OR DRIZZLE
                        GRTST DEPTH:  M  ON   M    7 = DUSTSTORM OR SANDSTORM:
                                                       VSBY 1/2 MILE OR LESS
                                                   8 = SMOKE OR HAZE
[NO. OF DAYS WITH]      [WEATHER - DAYS WITH]      9 = BLOWING SNOW
                                                   X = TORNADO
MAX 32 OR BELOW:   0    0.01 INCH OR MORE:   5
MAX 90 OR ABOVE:   0    0.10 INCH OR MORE:   2
MIN 32 OR BELOW:   0    0.50 INCH OR MORE:   0
MIN  0 OR BELOW:   0    1.00 INCH OR MORE:   0

[HDD (BASE 65) ]
TOTAL THIS MO.   135    CLEAR  (SCALE 0-3)  18
DPTR FM NORMAL    38    PTCLDY (SCALE 4-7)   9
TOTAL FM JUL 1   138    CLOUDY (SCALE 8-10)  0
DPTR FM NORMAL    27

[CDD (BASE 65) ]
TOTAL THIS MO.    23
DPTR FM NORMAL   -64    [PRESSURE DATA]
TOTAL FM JAN 1   904    HIGHEST SLP M ON M
DPTR FM NORMAL    -4    LOWEST  SLP M ON M

[REMARKS]
