000
CXUS56 KOTX 291500
CF6MWH
PRELIMINARY LOCAL CLIMATOLOGICAL DATA (WS FORM: F-6)

                                          STATION:   MOSES LAKE WA AIRPORT
                                          MONTH:     SEPTEMBER
                                          YEAR:      2016
                                          LATITUDE:   47 12 N
                                          LONGITUDE: 119 19 W

  TEMPERATURE IN F:       :PCPN:    SNOW:  WIND      :SUNSHINE: SKY     :PK WND
================================================================================
1   2   3   4   5  6A  6B    7    8   9   10  11  12  13   14  15   16   17  18
                                     12Z  AVG MX 2MIN
DY MAX MIN AVG DEP HDD CDD  WTR  SNW DPTH SPD SPD DIR MIN PSBL S-S WX    SPD DR
================================================================================

 1  75  52  64  -4   1   0 0.04    M    M  8.2 23 270   M    M   4        30 270
 2  74  51  63  -4   2   0    T    M    M  8.1 18 320   M    M   4        28 250
 3  73  41  57 -10   8   0 0.00    M    M  3.3 13 230   M    M   0        16 230
 4  78  40  59  -8   6   0 0.00    M    M  6.1 20 320   M    M   2        24 320
 5  75  50  63  -3   2   0 0.00    M    M  6.6 16 210   M    M   1        22 190
 6  71  50  61  -5   4   0    T    M    M  7.2 16 160   M    M   6        20 150
 7  77  45  61  -5   4   0 0.00    M    M  7.5 23 260   M    M   1 128    34 260
 8  79  51  65   0   0   0 0.00    M    M 12.4 26 280   M    M   0        32 270
 9  76  43  60  -5   5   0 0.00    M    M  3.8 10 190   M    M   0        15 200
10  87  44  66   2   0   1 0.00    M    M  8.3 21 170   M    M   0        24 180
11  78  52  65   1   0   0 0.00    M    M 12.7 24  10   M    M   0 8      30 300
12  75  45  60  -4   5   0 0.00    M    M 12.8 28  30   M    M   0        34  40
13  78  40  59  -4   6   0 0.00    M    M  6.0 13 360   M    M   0        17  20
14  80  37  59  -4   6   0 0.00    M    M  5.6 10 160   M    M   0        13 160
15  82  43  63   1   2   0 0.00    M    M  4.3 10 190   M    M   0        14 220
16  84  44  64   2   1   0 0.00    M    M  5.5 14 180   M    M   0        18 170
17  74  60  67   5   0   2 0.04    M    M 12.7 26 250   M    M   6        35 250
18  76  47  62   1   3   0 0.00    M    M  7.8 21 250   M    M   0        24 250
19  72  46  59  -2   6   0 0.00    M    M  8.6 21 280   M    M   0        28 250
20  73  36  55  -5  10   0 0.00    M    M  5.5 13  10   M    M   0        15  20
21  73  42  58  -2   7   0 0.00    M    M  6.5 15  10   M    M   2        20  20
22  74  49  62   2   3   0 0.02    M    M  7.9 17  10   M    M   4 3      21 350
23  65  42  54  -5  11   0 0.02    M    M  5.3 15 150   M    M   3        19 170
24  72  35  54  -5  11   0 0.00    M    M  5.5 12 160   M    M   1        18 180
25  79  50  65   7   0   0 0.00    M    M  3.9  9 360   M    M   2        13 220
26  84  50  67   9   0   2 0.00    M    M  5.5 10  10   M    M   0        12  20
27  84  47  66   9   0   1 0.00    M    M  7.0 17 250   M    M   0        21 250
28  83  47  65   8   0   0 0.00    M    M  6.9 15  10   M    M   0        19  10
================================================================================
SM 2151 1279       103   6  0.12    M    201.5          M       36
================================================================================
AV 76.8 45.7                               7.2 FASTST   M    M   1    MAX(MPH)
                                 MISC ---->  # 28  30               # 35  250
================================================================================
NOTES:
# LAST OF SEVERAL OCCURRENCES

COLUMN 17 PEAK WIND IN M.P.H.

PRELIMINARY LOCAL CLIMATOLOGICAL DATA (WS FORM: F-6) , PAGE 2

                                          STATION:  MOSES LAKE WA AIRPORT
                                          MONTH:    SEPTEMBER
                                          YEAR:     2016
                                          LATITUDE:   47 12 N
                                          LONGITUDE: 119 19 W

[TEMPERATURE DATA]      [PRECIPITATION DATA]       SYMBOLS USED IN COLUMN 16

AVERAGE MONTHLY: 61.2   TOTAL FOR MONTH:   0.12    1 = FOG OR MIST
DPTR FM NORMAL:  -1.3   DPTR FM NORMAL:   -0.22    2 = FOG REDUCING VISIBILITY
HIGHEST:    87 ON 10    GRTST 24HR  0.04 ON 17-17      TO 1/4 MILE OR LESS
LOWEST:     35 ON 24                               3 = THUNDER
                        SNOW, ICE PELLETS, HAIL    4 = ICE PELLETS
                        TOTAL MONTH:    M          5 = HAIL
                        GRTST 24HR    M  ON   M    6 = FREEZING RAIN OR DRIZZLE
                        GRTST DEPTH:  M  ON   M    7 = DUSTSTORM OR SANDSTORM:
                                                       VSBY 1/2 MILE OR LESS
                                                   8 = SMOKE OR HAZE
[NO. OF DAYS WITH]      [WEATHER - DAYS WITH]      9 = BLOWING SNOW
                                                   X = TORNADO
MAX 32 OR BELOW:   0    0.01 INCH OR MORE:   4
MAX 90 OR ABOVE:   0    0.10 INCH OR MORE:   0
MIN 32 OR BELOW:   0    0.50 INCH OR MORE:   0
MIN  0 OR BELOW:   0    1.00 INCH OR MORE:   0

[HDD (BASE 65) ]
TOTAL THIS MO.   103    CLEAR  (SCALE 0-3)  23
DPTR FM NORMAL    -9    PTCLDY (SCALE 4-7)   5
TOTAL FM JUL 1   105    CLOUDY (SCALE 8-10)  0
DPTR FM NORMAL   -27

[CDD (BASE 65) ]
TOTAL THIS MO.     6
DPTR FM NORMAL   -38    [PRESSURE DATA]
TOTAL FM JAN 1   629    HIGHEST SLP M ON M
DPTR FM NORMAL    15    LOWEST  SLP  0.00 ON M

[REMARKS]
