000
CXUS56 KOTX 181500
CF6MWH
PRELIMINARY LOCAL CLIMATOLOGICAL DATA (WS FORM: F-6)

                                          STATION:   MOSES LAKE WA AIRPORT
                                          MONTH:     DECEMBER
                                          YEAR:      2014
                                          LATITUDE:   47 12 N
                                          LONGITUDE: 119 19 W

  TEMPERATURE IN F:       :PCPN:    SNOW:  WIND      :SUNSHINE: SKY     :PK WND
================================================================================
1   2   3   4   5  6A  6B    7    8   9   10  11  12  13   14  15   16   17  18
                                     12Z  AVG MX 2MIN
DY MAX MIN AVG DEP HDD CDD  WTR  SNW DPTH SPD SPD DIR MIN PSBL S-S WX    SPD DR
================================================================================

 1  28  11  20 -12  45   0 0.00    M    M  3.7  7 330   M    M   3         9 350
 2  31   8  20 -11  45   0 0.00    M    M  8.0 16  30   M    M   2        20  20
 3  36  15  26  -5  39   0 0.00    M    M  5.3 10 360   M    M   3        12  10
 4  35  30  33   2  32   0 0.01    M    M  1.8  7 360   M    M  10 1       8  20
 5  38  32  35   5  30   0    T    M    M  6.2 12 340   M    M  10        15 340
 6  41  32  37   7  28   0 0.15    M    M  5.9 15 170   M    M   8 12     19 170
 7  44  33  39   9  26   0 0.00    M    M  8.6 14 340   M    M   9 1      16 350
 8  37  32  35   5  30   0 0.00    M    M  3.8 12  20   M    M   8 12     12  20
 9  39  33  36   7  29   0 0.15    M    M  2.4  9  40   M    M   9 12     11 310
10  53  36  45  16  20   0 0.07    M    M  5.1 20 190   M    M   8 12     27 200
11  54  37  46  17  19   0 0.03    M    M  7.2 21 190   M    M   6        27 190
12  52  33  43  14  22   0 0.00    M    M  3.5 20 210   M    M   4        25 210
13  51  28  40  12  25   0 0.00    M    M  4.1 15  20   M    M   0 1      17  30
14  42  29  36   8  29   0 0.00    M    M 10.5 17 360   M    M   7 1      22 350
15  43  25  34   6  31   0 0.00    M    M  6.7 14 360   M    M   3 12     17 310
16  37  33  35   7  30   0 0.03    M    M  6.8 12  10   M    M  10        13  10
17  41  34  38  10  27   0 0.02    M    M  5.3 10 360   M    M  10 1      13 360
================================================================================
SM  702  481       507   0  0.46    M     94.9          M      110
================================================================================
AV 41.3 28.3                               5.6 FASTST   M    M   6    MAX(MPH)
                                 MISC ---->  # 21 190               # 27  200
================================================================================
NOTES:
# LAST OF SEVERAL OCCURRENCES

COLUMN 17 PEAK WIND IN M.P.H.

PRELIMINARY LOCAL CLIMATOLOGICAL DATA (WS FORM: F-6) , PAGE 2

                                          STATION:  MOSES LAKE WA AIRPORT
                                          MONTH:    DECEMBER
                                          YEAR:     2014
                                          LATITUDE:   47 12 N
                                          LONGITUDE: 119 19 W

[TEMPERATURE DATA]      [PRECIPITATION DATA]       SYMBOLS USED IN COLUMN 16

AVERAGE MONTHLY: 34.8   TOTAL FOR MONTH:   0.46    1 = FOG OR MIST
DPTR FM NORMAL:   5.3   DPTR FM NORMAL:   -0.20    2 = FOG REDUCING VISIBILITY
HIGHEST:    54 ON 11    GRTST 24HR  0.21 ON  9-10      TO 1/4 MILE OR LESS
LOWEST:      8 ON  2                               3 = THUNDER
                        SNOW, ICE PELLETS, HAIL    4 = ICE PELLETS
                        TOTAL MONTH:    M          5 = HAIL
                        GRTST 24HR    M  ON   M    6 = FREEZING RAIN OR DRIZZLE
                        GRTST DEPTH:  M  ON   M    7 = DUSTSTORM OR SANDSTORM:
                                                       VSBY 1/2 MILE OR LESS
                                                   8 = SMOKE OR HAZE
[NO. OF DAYS WITH]      [WEATHER - DAYS WITH]      9 = BLOWING SNOW
                                                   X = TORNADO
MAX 32 OR BELOW:   2    0.01 INCH OR MORE:   7
MAX 90 OR ABOVE:   0    0.10 INCH OR MORE:   2
MIN 32 OR BELOW:  10    0.50 INCH OR MORE:   0
MIN  0 OR BELOW:   0    1.00 INCH OR MORE:   0

[HDD (BASE 65) ]
TOTAL THIS MO.   507    CLEAR  (SCALE 0-3)   3
DPTR FM NORMAL   -96    PTCLDY (SCALE 4-7)   7
TOTAL FM JUL 1  1709    CLOUDY (SCALE 8-10)  7
DPTR FM NORMAL  -355

[CDD (BASE 65) ]
TOTAL THIS MO.     0
DPTR FM NORMAL     0    [PRESSURE DATA]
TOTAL FM JAN 1   952    HIGHEST SLP M ON M
DPTR FM NORMAL   337    LOWEST  SLP  0.00 ON M

[REMARKS]
