000
CXUS55 KBOI 191002
CF6MYL
PRELIMINARY LOCAL CLIMATOLOGICAL DATA (WS FORM: F-6)

                                          STATION:   MCCALL ID
                                          MONTH:     DECEMBER
                                          YEAR:      2014
                                          LATITUDE:   44 52 N
                                          LONGITUDE: 116  6 W

  TEMPERATURE IN F:       :PCPN:    SNOW:  WIND      :SUNSHINE: SKY     :PK WND
================================================================================
1   2   3   4   5  6A  6B    7    8   9   10  11  12  13   14  15   16   17  18
                                     12Z  AVG MX 2MIN
DY MAX MIN AVG DEP HDD CDD  WTR  SNW DPTH SPD SPD DIR MIN PSBL S-S WX    SPD DR
================================================================================

 1  28   5  17  -5  48   0 0.09    M    M  0.7  7  60   M    M   8 1       7 330
 2  29  20  25   4  40   0 0.00    M    M  1.0  7 190   M    M  10 128     8 200
 3  36  22  29   8  36   0 0.26    M    M  1.8 10 180   M    M   9 18     11 220
 4  39  34  37  17  28   0 0.31    M    M  4.2 14 140   M    M  10 1      16 130
 5  42  30  36  16  29   0 0.03    M    M  1.4  7 340   M    M   8 12      8 340
 6  43  27  35  15  30   0 0.17    M    M  4.5 15 170   M    M   9 12     19 160
 7  34  27  31  11  34   0 0.00    M    M  0.6  5 220   M    M   9 128     6 230
 8  37  27  32  13  33   0 0.00    M    M  0.7  7  70   M    M  10 128     7  70
 9  43  30  37  18  28   0    T    M    M  1.6  8  80   M    M  10 12     11  80
10  47  31  39  20  26   0 0.00    M    M  5.6 18 200   M    M   4 1      23 200
11  50  36  43  24  22   0 0.03    M    M  8.8 26 170   M    M   9        33 190
12  49  32  41  23  24   0 0.39    M    M  6.2 25 160   M    M  10 1      34 160
13  34  27  31  13  34   0 0.05    M    M  6.3 12 340   M    M   9 1      15 340
14  34  17  26   8  39   0 0.00    M    M  3.1  9  30   M    M   3        12  20
15  28  13  21   3  44   0 0.03    M    M  1.0  7 170   M    M   4 128     8 170
16  32  26  29  11  36   0 0.03    M    M  1.4  7 110   M    M  10 1       8 120
17  35  24  30  12  35   0 0.02    M    M  0.1  5 220   M    M  10 1       5 180
18  34  30  32  14  33   0 0.04    M    M  4.6 13 150   M    M  10 1      16 150
================================================================================
SM  674  458       599   0  1.45    M     53.6          M      152
================================================================================
AV 37.4 25.4                               3.0 FASTST   M    M   8    MAX(MPH)
                                 MISC ---->  # 26 170               # 34  160
================================================================================
NOTES:
# LAST OF SEVERAL OCCURRENCES

COLUMN 17 PEAK WIND IN M.P.H.

PRELIMINARY LOCAL CLIMATOLOGICAL DATA (WS FORM: F-6) , PAGE 2

                                          STATION:  MCCALL ID
                                          MONTH:    DECEMBER
                                          YEAR:     2014
                                          LATITUDE:   44 52 N
                                          LONGITUDE: 116  6 W

[TEMPERATURE DATA]      [PRECIPITATION DATA]       SYMBOLS USED IN COLUMN 16

AVERAGE MONTHLY: 31.4   TOTAL FOR MONTH:   1.45    1 = FOG OR MIST
DPTR FM NORMAL:  12.2   DPTR FM NORMAL:    0.37    2 = FOG REDUCING VISIBILITY
HIGHEST:    50 ON 11    GRTST 24HR  0.48 ON  3- 4      TO 1/4 MILE OR LESS
LOWEST:      5 ON  1                               3 = THUNDER
                        SNOW, ICE PELLETS, HAIL    4 = ICE PELLETS
                        TOTAL MONTH:    M          5 = HAIL
                        GRTST 24HR    M  ON   M    6 = FREEZING RAIN OR DRIZZLE
                        GRTST DEPTH:  M  ON   M    7 = DUSTSTORM OR SANDSTORM:
                                                       VSBY 1/2 MILE OR LESS
                                                   8 = SMOKE OR HAZE
[NO. OF DAYS WITH]      [WEATHER - DAYS WITH]      9 = BLOWING SNOW
                                                   X = TORNADO
MAX 32 OR BELOW:   4    0.01 INCH OR MORE:  12
MAX 90 OR ABOVE:   0    0.10 INCH OR MORE:   4
MIN 32 OR BELOW:  16    0.50 INCH OR MORE:   0
MIN  0 OR BELOW:   0    1.00 INCH OR MORE:   0

[HDD (BASE 65) ]
TOTAL THIS MO.   599    CLEAR  (SCALE 0-3)   1
DPTR FM NORMAL  -225    PTCLDY (SCALE 4-7)   2
TOTAL FM JUL 1  2663    CLOUDY (SCALE 8-10) 15
DPTR FM NORMAL  -799

[CDD (BASE 65) ]
TOTAL THIS MO.     0
DPTR FM NORMAL     0    [PRESSURE DATA]
TOTAL FM JAN 1   185    HIGHEST SLP M ON M
DPTR FM NORMAL   160    LOWEST  SLP 29.52 ON 11

[REMARKS]
