000
CXUS56 KSTO 011455
CF6MYV
PRELIMINARY LOCAL CLIMATOLOGICAL DATA (WS FORM: F-6)

                                          STATION:   MARYSVILLE AIRPORT CA
                                          MONTH:     JANUARY
                                          YEAR:      2015
                                          LATITUDE:   39  5 N
                                          LONGITUDE: 121 34 W

  TEMPERATURE IN F:       :PCPN:    SNOW:  WIND      :SUNSHINE: SKY     :PK WND
================================================================================
1   2   3   4   5  6A  6B    7    8   9   10  11  12  13   14  15   16   17  18
                                     12Z  AVG MX 2MIN
DY MAX MIN AVG DEP HDD CDD  WTR  SNW DPTH SPD SPD DIR MIN PSBL S-S WX    SPD DR
================================================================================

 1  48  27  38  -7  27   0 0.00  0.0    0  2.7  9 150   M    M   0 18     14 140
 2  52  26  39  -6  26   0 0.00  0.0    0  2.1  7  90   M    M   0 18     11 310
 3  53  28  41  -4  24   0 0.00  0.0    0  1.1  5  70   M    M   0 18      7 230
 4  57  30  44  -1  21   0 0.00  0.0    0  2.7  8 310   M    M   0 128    10 290
 5  56  32  44  -1  21   0 0.00  0.0    0  1.9  8 180   M    M   0 1      11  30
 6  65  33  49   4  16   0 0.00  0.0    0  2.7 12 320   M    M   0 18     14 320
 7  66  34  50   5  15   0 0.00  0.0    0  1.9  6  80   M    M   1 128     9  20
 8  63  35  49   4  16   0 0.00  0.0    0  3.3 10 250   M    M   0 128    12 250
 9  58  40  49   4  16   0 0.00  0.0    0  2.2  8 270   M    M   1 128     9 270
10  62  42  52   7  13   0 0.00  0.0    0  1.5  7 330   M    M   2 128     7  30
11  62  38  50   5  15   0 0.00  0.0    0  1.4  8 320   M    M   3 128     9 320
12  64  39  52   7  13   0 0.00  0.0    0  3.1 13 330   M    M   2 128    15 320
13  66  39  53   8  12   0 0.00  0.0    0  7.7 16 330   M    M   0 18     22 340
14  57  35  46   1  19   0 0.00  0.0    0  3.3  9 320   M    M   2 128    12 320
15  56  32  44  -1  21   0 0.00  0.0    0  3.2 10 100   M    M   3 128    13 110
16  51  45  48   3  17   0 0.03    M    0  5.2 13 130   M    M   9 1      15 140
17  51  43  47   1  18   0 0.00  0.0    0  3.6  8 110   M    M   8 12     10  80
18  51  45  48   2  17   0 0.00  0.0    0  3.1 12 130   M    M  10 12     15 130
19  57  50  54   8  11   0 0.00  0.0    0  3.0  8 180   M    M  10 128     9 180
20  54  37  46   0  19   0 0.00  0.0    0  2.1  5 290   M    M   8 12      M  M
21  57  32  45  -1  20   0 0.00  0.0    0  2.4  9 150   M    M   5 12     11 150
22  55  36  46   0  19   0 0.00  0.0    0  2.6  9 270   M    M   6 128    11 280
23  60  36  48   2  17   0 0.00  0.0    0  3.5  9 160   M    M   5 128    11 160
24  55  41  48   2  17   0 0.00  0.0    0  3.7 10 150   M    M   6 128    12 140
25  56  40  48   2  17   0 0.00  0.0    0  3.6  8 180   M    M   6 128    10 180
26  64  37  51   5  14   0 0.00  0.0    0  3.7 13 340   M    M   1 128    15 340
27  59  47  53   7  12   0 0.00  0.0    0  3.0  9 140   M    M   1 18     11 140
28  70  45  58  11   7   0 0.00  0.0    0  5.9 13 160   M    M   0 18     16 320
29  68  39  54   7  11   0 0.00  0.0    0  2.1  7 130   M    M   0 1      10 300
30  73  38  56   9   9   0 0.00  0.0    0  6.4 18  10   M    M   0 1      25 340
31  74  44  59  12   6   0 0.00  0.0    0 10.3 22 330   M    M   0 1      26 320
================================================================================
SM 1840 1165       506   0  0.03     0.0 105.0          M       89
================================================================================
AV 59.4 37.6                               3.4 FASTST   M    M   3    MAX(MPH)
                                 MISC ---->  # 22 330               # 26  320
================================================================================
NOTES:
# LAST OF SEVERAL OCCURRENCES

COLUMN 17 PEAK WIND IN M.P.H.

PRELIMINARY LOCAL CLIMATOLOGICAL DATA (WS FORM: F-6) , PAGE 2

                                          STATION:  MARYSVILLE AIRPORT CA
                                          MONTH:    JANUARY
                                          YEAR:     2015
                                          LATITUDE:   39  5 N
                                          LONGITUDE: 121 34 W

[TEMPERATURE DATA]      [PRECIPITATION DATA]       SYMBOLS USED IN COLUMN 16

AVERAGE MONTHLY: 48.5   TOTAL FOR MONTH:   0.03    1 = FOG OR MIST
DPTR FM NORMAL:   2.8   DPTR FM NORMAL:   -4.20    2 = FOG REDUCING VISIBILITY
HIGHEST:    74 ON 31    GRTST 24HR  0.03 ON 16-16      TO 1/4 MILE OR LESS
LOWEST:     26 ON  2                               3 = THUNDER
                        SNOW, ICE PELLETS, HAIL    4 = ICE PELLETS
                        TOTAL MONTH:   0.0 INCH    5 = HAIL
                        GRTST 24HR     0.0         6 = FREEZING RAIN OR DRIZZLE
                        GRTST DEPTH:   0           7 = DUSTSTORM OR SANDSTORM:
                                                       VSBY 1/2 MILE OR LESS
                                                   8 = SMOKE OR HAZE
[NO. OF DAYS WITH]      [WEATHER - DAYS WITH]      9 = BLOWING SNOW
                                                   X = TORNADO
MAX 32 OR BELOW:   0    0.01 INCH OR MORE:   1
MAX 90 OR ABOVE:   0    0.10 INCH OR MORE:   0
MIN 32 OR BELOW:   7    0.50 INCH OR MORE:   0
MIN  0 OR BELOW:   0    1.00 INCH OR MORE:   0

[HDD (BASE 65) ]
TOTAL THIS MO.   506    CLEAR  (SCALE 0-3)  20
DPTR FM NORMAL   -94    PTCLDY (SCALE 4-7)   8
TOTAL FM JUL 1  1226    CLOUDY (SCALE 8-10)  3
DPTR FM NORMAL  -478

[CDD (BASE 65) ]
TOTAL THIS MO.     0
DPTR FM NORMAL     0    [PRESSURE DATA]
TOTAL FM JAN 1     0    HIGHEST SLP 30.47 ON  4
DPTR FM NORMAL     0    LOWEST  SLP 29.86 ON 30

[REMARKS]
#FINAL-01-15#
