000
CXUS56 KMTR 241000
CF6NUQ
PRELIMINARY LOCAL CLIMATOLOGICAL DATA (WS FORM: F-6)

                                          STATION:   MOFFETT FIELD
                                          MONTH:     NOVEMBER
                                          YEAR:      2014
                                          LATITUDE:   37 25 N
                                          LONGITUDE: 122  3 W

  TEMPERATURE IN F:       :PCPN:    SNOW:  WIND      :SUNSHINE: SKY     :PK WND
================================================================================
1   2   3   4   5  6A  6B    7    8   9   10  11  12  13   14  15   16   17  18
                                     12Z  AVG MX 2MIN
DY MAX MIN AVG DEP HDD CDD  WTR  SNW DPTH SPD SPD DIR MIN PSBL S-S WX    SPD DR
================================================================================

 1  64  50  57  -3   8   0 0.03  0.0    0  3.5 13 270   M    M   4 1      20 310
 2  67  46  57  -3   8   0 0.00  0.0    0  2.6 14 340   M    M   0        20 340
 3  70  44  57  -3   8   0 0.00  0.0    0  2.3 13 350   M    M   0        15 350
 4  72  46  59   0   6   0 0.00  0.0    0  1.8 12 340   M    M   0        14 340
 5  77  49  63   4   2   0 0.00  0.0    0  1.1  9 350   M    M   0        12 340
 6  74  52  63   4   2   0 0.00  0.0    0  2.5 13 330   M    M   0 8      18 330
 7  69  52  61   3   4   0 0.01  0.0    0  2.6 10 340   M    M   4 128    24  70
 8  74  50  62   4   3   0 0.00  0.0    0  2.0  7 320   M    M   0 1      13  60
 9  75  51  63   5   2   0 0.00  0.0    0  1.7 12 320   M    M   0 1      15 330
10  69  51  60   2   5   0 0.00  0.0    0  3.3 13 330   M    M   3 128    17 330
11  69  51  60   3   5   0 0.00  0.0    0  1.4 12  10   M    M   7        14  20
12  67  57  62   5   3   0 0.03  0.0    0  3.4 10  20   M    M   8        14 360
13  67  55  61   4   4   0 0.10  0.0    0  5.8 16 140   M    M   7 1      23 140
14  66  51  59   3   6   0 0.00  0.0    0  3.1 13 350   M    M   2        28 210
15  66  48  57   1   8   0 0.00  0.0    0  3.3 14 340   M    M   1        17 300
16  65  49  57   1   8   0 0.01    M    0  5.4 18  20   M    M   0        21  20
17  67  45  56   0   9   0 0.00  0.0    0  2.2 12  20   M    M   0        14  20
18  66  45  56   1   9   0 0.00  0.0    0  1.9  9 350   M    M   0        10 350
19  68  53  61   6   4   0 0.06  0.0    0  6.2 18 180   M    M   7 1      28 180
20  61  51  56   1   9   0 0.14  0.0    0  2.1 13 120   M    M   7 1      15 130
21  64  48  56   1   9   0 0.00  0.0    0  1.7  8 320   M    M   6 1       9 330
22  68  53  61   7   4   0 0.01  0.0    0  6.8 16 310   M    M   6 1      25 330
23  66  45  56   2   9   0 0.00  0.0    0  3.4 10 260   M    M   0        12 350
================================================================================
SM 1571 1142       135   0  0.39     0.0  70.1          M       62
================================================================================
AV 68.3 49.7                               3.0 FASTST   M    M   3    MAX(MPH)
                                 MISC ---->  # 18  20               # 28  210
================================================================================
NOTES:
# LAST OF SEVERAL OCCURRENCES

COLUMN 17 PEAK WIND IN M.P.H.

PRELIMINARY LOCAL CLIMATOLOGICAL DATA (WS FORM: F-6) , PAGE 2

                                          STATION:  MOFFETT FIELD
                                          MONTH:    NOVEMBER
                                          YEAR:     2014
                                          LATITUDE:   37 25 N
                                          LONGITUDE: 122  3 W

[TEMPERATURE DATA]      [PRECIPITATION DATA]       SYMBOLS USED IN COLUMN 16

AVERAGE MONTHLY: 59.0   TOTAL FOR MONTH:   0.39    1 = FOG OR MIST
DPTR FM NORMAL:   1.9   DPTR FM NORMAL:   -0.85    2 = FOG REDUCING VISIBILITY
HIGHEST:    77 ON  5    GRTST 24HR  0.19 ON 19-20      TO 1/4 MILE OR LESS
LOWEST:     44 ON  3                               3 = THUNDER
                        SNOW, ICE PELLETS, HAIL    4 = ICE PELLETS
                        TOTAL MONTH:   0.0 INCH    5 = HAIL
                        GRTST 24HR     0.0         6 = FREEZING RAIN OR DRIZZLE
                        GRTST DEPTH:   0           7 = DUSTSTORM OR SANDSTORM:
                                                       VSBY 1/2 MILE OR LESS
                                                   8 = SMOKE OR HAZE
[NO. OF DAYS WITH]      [WEATHER - DAYS WITH]      9 = BLOWING SNOW
                                                   X = TORNADO
MAX 32 OR BELOW:   0    0.01 INCH OR MORE:   8
MAX 90 OR ABOVE:   0    0.10 INCH OR MORE:   2
MIN 32 OR BELOW:   0    0.50 INCH OR MORE:   0
MIN  0 OR BELOW:   0    1.00 INCH OR MORE:   0

[HDD (BASE 65) ]
TOTAL THIS MO.   135    CLEAR  (SCALE 0-3)  13
DPTR FM NORMAL   -49    PTCLDY (SCALE 4-7)  10
TOTAL FM JUL 1   166    CLOUDY (SCALE 8-10)  0
DPTR FM NORMAL  -133

[CDD (BASE 65) ]
TOTAL THIS MO.     0
DPTR FM NORMAL     0    [PRESSURE DATA]
TOTAL FM JAN 1   643    HIGHEST SLP M ON M
DPTR FM NORMAL   176    LOWEST  SLP 29.75 ON  1

[REMARKS]
