000
CXUS51 KOKX 300703
CF6NYC
PRELIMINARY LOCAL CLIMATOLOGICAL DATA (WS FORM: F-6)

                                          STATION:   CENTRAL PARK NY
                                          MONTH:     MARCH
                                          YEAR:      2015
                                          LATITUDE:   40 46 N
                                          LONGITUDE:  73 58 W

  TEMPERATURE IN F:       :PCPN:    SNOW:  WIND      :SUNSHINE: SKY     :PK WND
================================================================================
1   2   3   4   5  6A  6B    7    8   9   10  11  12  13   14  15   16   17  18
                                     12Z  AVG MX 2MIN
DY MAX MIN AVG DEP HDD CDD  WTR  SNW DPTH SPD SPD DIR MIN PSBL S-S WX    SPD DR
================================================================================

 1  31  24  28 -10  37   0 0.52  4.8   10  2.2 15 170   M    M   8 128    20 170
 2  39  27  33  -5  32   0 0.00  0.0   15  8.0 18 310   M    M   5 8      34 300
 3  37  22  30  -9  35   0 0.67  1.8   14  4.8 14 240   M    M   5 168    24 250
 4  45  35  40   1  25   0 0.25  0.0   13  6.0 15 250   M    M  10 18     25 250
 5  40  19  30  -9  35   0 0.76  7.5   13  5.8 14 310   M    M   9 128    20 300
 6  27  12  20 -19  45   0 0.00  0.0   19  6.3 14 250   M    M   0        20 250
 7  38  18  28 -12  37   0 0.00  0.0   18  5.2 16 250   M    M   3 8      24 250
 8  49  37  43   3  22   0 0.00  0.0   16  5.1 20 280   M    M   5        30 270
 9  54  40  47   7  18   0 0.01  0.0   13  4.7 16 290   M    M   3        25 290
10  53  39  46   6  19   0 0.46  0.0   11  3.5 12 180   M    M   4 18     17 170
11  59  44  52  11  13   0 0.01  0.0    6  6.9 14 320   M    M   2 1      22 330
12  47  36  42   1  23   0 0.00  0.0    4  8.2 20 350   M    M   0        33 310
13  43  31  37  -4  28   0 0.00  0.0    2  6.5 13 170   M    M   0        19 240
14  51  40  46   4  19   0 0.81  0.0    1  5.5 15 160   M    M  10 1      22 170
15  44  36  40  -2  25   0 0.00  0.0    0 11.3 23 310   M    M   9        41 320
16  52  35  44   2  21   0 0.00  0.0    0  3.9 13 310   M    M   1        20 310
17  57  34  46   3  19   0 0.02  0.0    0  9.7 24 310   M    M   6 8      43 310
18  39  29  34  -9  31   0 0.00  0.0    0  9.5 20 310   M    M   3 8      35 290
19  43  29  36  -7  29   0 0.00  0.0    0  5.9 14 280   M    M   1        22 310
20  38  29  34 -10  31   0 0.40  4.5    0  7.9 17  60   M    M   7 128    22  70
21  47  29  38  -6  27   0    T    T    5  5.4 16 310   M    M   8 18     27 320
22  43  28  36  -8  29   0 0.00  0.0    0  7.5 18 310   M    M   0        30 310
23  38  23  31 -14  34   0 0.00  0.0    0  6.7 16 310   M    M   0        27 280
24  45  26  36  -9  29   0 0.00  0.0    0  4.0 13 360   M    M   3        17 360
25  49  34  42  -3  23   0 0.05  0.0    0  4.4 13 160   M    M   4 18     22 180
26  62  42  52   6  13   0 0.32  0.0    0  2.9 14  30   M    M  10 18     23 360
27  46  39  43  -3  22   0 0.27  0.0    0  4.3 12 360   M    M   8 1      18 290
28  40  26  33 -13  32   0    T    T    0  7.7 15  10   M    M  10 8      23 310
29  46  25  36 -11  29   0 0.00  0.0    0  6.3 14 230   M    M   3        22 250
================================================================================
SM 1302  888       782   0  4.55    18.6 176.1          M      137
================================================================================
AV 44.9 30.6                               6.1 FASTST   M    M   5    MAX(MPH)
                                 MISC ---->  # 24 310               # 43  310
================================================================================
NOTES:
# LAST OF SEVERAL OCCURRENCES

COLUMN 17 PEAK WIND IN M.P.H.

PRELIMINARY LOCAL CLIMATOLOGICAL DATA (WS FORM: F-6) , PAGE 2

                                          STATION:  CENTRAL PARK NY
                                          MONTH:    MARCH
                                          YEAR:     2015
                                          LATITUDE:   40 46 N
                                          LONGITUDE:  73 58 W

[TEMPERATURE DATA]      [PRECIPITATION DATA]       SYMBOLS USED IN COLUMN 16

AVERAGE MONTHLY: 37.8   TOTAL FOR MONTH:   4.55    1 = FOG OR MIST
DPTR FM NORMAL:  -4.4   DPTR FM NORMAL:    0.50    2 = FOG REDUCING VISIBILITY
HIGHEST:    62 ON 26    GRTST 24HR  0.81 ON 14-14      TO 1/4 MILE OR LESS
LOWEST:     12 ON  6                               3 = THUNDER
                        SNOW, ICE PELLETS, HAIL    4 = ICE PELLETS
                        TOTAL MONTH:  18.6 INCHES  5 = HAIL
                        GRTST 24HR   7.5 ON  5- 5  6 = FREEZING RAIN OR DRIZZLE
                        GRTST DEPTH:  19 ON  6     7 = DUSTSTORM OR SANDSTORM:
                                                       VSBY 1/2 MILE OR LESS
                                                   8 = SMOKE OR HAZE
[NO. OF DAYS WITH]      [WEATHER - DAYS WITH]      9 = BLOWING SNOW
                                                   X = TORNADO
MAX 32 OR BELOW:   2    0.01 INCH OR MORE:  13
MAX 90 OR ABOVE:   0    0.10 INCH OR MORE:   9
MIN 32 OR BELOW:  16    0.50 INCH OR MORE:   4
MIN  0 OR BELOW:   0    1.00 INCH OR MORE:   0

[HDD (BASE 65) ]
TOTAL THIS MO.   782    CLEAR  (SCALE 0-3)  11
DPTR FM NORMAL   119    PTCLDY (SCALE 4-7)  11
TOTAL FM JUL 1  4541    CLOUDY (SCALE 8-10)  7
DPTR FM NORMAL   356

[CDD (BASE 65) ]
TOTAL THIS MO.     0
DPTR FM NORMAL     0    [PRESSURE DATA]
TOTAL FM JAN 1     0    HIGHEST SLP M ON M
DPTR FM NORMAL     0    LOWEST  SLP 29.55 ON 17

[REMARKS]
