000
CXUS51 KOKX 210701
CF6NYC
PRELIMINARY LOCAL CLIMATOLOGICAL DATA (WS FORM: F-6)

                                          STATION:   CENTRAL PARK NY
                                          MONTH:     OCTOBER
                                          YEAR:      2014
                                          LATITUDE:   40 46 N
                                          LONGITUDE:  73 58 W

  TEMPERATURE IN F:       :PCPN:    SNOW:  WIND      :SUNSHINE: SKY     :PK WND
================================================================================
1   2   3   4   5  6A  6B    7    8   9   10  11  12  13   14  15   16   17  18
                                     12Z  AVG MX 2MIN
DY MAX MIN AVG DEP HDD CDD  WTR  SNW DPTH SPD SPD DIR MIN PSBL S-S WX    SPD DR
================================================================================

 1  65  61  63   1   2   0 0.02  0.0    0  6.1 14  60   M    M  10 18     18  40
 2  70  61  66   4   0   1 0.00  0.0    0  4.7 13  60   M    M  10        16  50
 3  71  56  64   3   1   0 0.00  0.0    0  4.2 10  70   M    M   3        20 180
 4  69  52  61   0   4   0 1.18  0.0    0  6.7 16 280   M    M   7 1      27 290
 5  61  46  54  -6  11   0 0.00  0.0    0  5.6 15 270   M    M   0        23 260
 6  69  50  60   0   5   0 0.00  0.0    0  3.9 15 160   M    M   0        24 160
 7  71  63  67   7   0   2 0.06  0.0    0  4.7 10 170   M    M   5 1      21 240
 8  73  62  68   9   0   3 0.04  0.0    0  7.1 15 260   M    M   2 1      26 240
 9  68  55  62   3   3   0 0.00  0.0    0  5.6 18 280   M    M   0        32 290
10  64  52  58  -1   7   0    T  0.0    0  2.2  7 290   M    M   5        11 280
11  60  50  55  -3  10   0 0.33  0.0    0  4.5 10  40   M    M   8 1      17  40
12  63  48  56  -2   9   0 0.00  0.0    0  2.6 13  30   M    M   0        19  30
13  65  52  59   1   6   0 0.05  0.0    0  2.6  8 160   M    M   9 18     16 170
14  76  63  70  13   0   5 0.00  0.0    0  4.7 13 180   M    M   7 1      23 180
15  77  69  73  16   0   8 0.69  0.0    0  5.1 14 170   M    M  10 18     25 190
16  71  61  66   9   0   1 1.11  0.0    0  4.0 13 250   M    M   5 1      19 250
17  71  59  65   9   0   0 0.00  0.0    0  4.5 14 250   M    M   3        23 260
18  70  56  63   7   2   0 0.00  0.0    0  6.3 15 280   M    M   7 8      23 290
19  56  44  50  -6  15   0 0.00  0.0    0  7.7 17 300   M    M   5        28 300
20  60  42  51  -5  14   0 0.00  0.0    0  3.9 12 240   M    M   0 8      19 260
================================================================================
SM 1350 1102        89  20  3.48     0.0  96.7          M       96
================================================================================
AV 67.5 55.1                               4.8 FASTST   M    M   5    MAX(MPH)
                                 MISC ---->  # 18 280               # 32  290
================================================================================
NOTES:
# LAST OF SEVERAL OCCURRENCES

COLUMN 17 PEAK WIND IN M.P.H.

PRELIMINARY LOCAL CLIMATOLOGICAL DATA (WS FORM: F-6) , PAGE 2

                                          STATION:  CENTRAL PARK NY
                                          MONTH:    OCTOBER
                                          YEAR:     2014
                                          LATITUDE:   40 46 N
                                          LONGITUDE:  73 58 W

[TEMPERATURE DATA]      [PRECIPITATION DATA]       SYMBOLS USED IN COLUMN 16

AVERAGE MONTHLY: 61.3   TOTAL FOR MONTH:   3.48    1 = FOG OR MIST
DPTR FM NORMAL:   2.7   DPTR FM NORMAL:    0.61    2 = FOG REDUCING VISIBILITY
HIGHEST:    77 ON 15    GRTST 24HR  1.80 ON 15-16      TO 1/4 MILE OR LESS
LOWEST:     42 ON 20                               3 = THUNDER
                        SNOW, ICE PELLETS, HAIL    4 = ICE PELLETS
                        TOTAL MONTH:   0.0 INCH    5 = HAIL
                        GRTST 24HR     0.0         6 = FREEZING RAIN OR DRIZZLE
                        GRTST DEPTH:   0           7 = DUSTSTORM OR SANDSTORM:
                                                       VSBY 1/2 MILE OR LESS
                                                   8 = SMOKE OR HAZE
[NO. OF DAYS WITH]      [WEATHER - DAYS WITH]      9 = BLOWING SNOW
                                                   X = TORNADO
MAX 32 OR BELOW:   0    0.01 INCH OR MORE:   8
MAX 90 OR ABOVE:   0    0.10 INCH OR MORE:   4
MIN 32 OR BELOW:   0    0.50 INCH OR MORE:   3
MIN  0 OR BELOW:   0    1.00 INCH OR MORE:   2

[HDD (BASE 65) ]
TOTAL THIS MO.    89    CLEAR  (SCALE 0-3)   6
DPTR FM NORMAL   -54    PTCLDY (SCALE 4-7)   9
TOTAL FM JUL 1   111    CLOUDY (SCALE 8-10)  5
DPTR FM NORMAL   -77

[CDD (BASE 65) ]
TOTAL THIS MO.    20
DPTR FM NORMAL     7    [PRESSURE DATA]
TOTAL FM JAN 1  1128    HIGHEST SLP M ON M
DPTR FM NORMAL    28    LOWEST  SLP 29.50 ON  4

[REMARKS]
