000
CXUS56 KMTR 271000
CF6OAK
PRELIMINARY LOCAL CLIMATOLOGICAL DATA (WS FORM: F-6)

                                          STATION:   OAKLAND AIRPORT
                                          MONTH:     FEBRUARY
                                          YEAR:      2015
                                          LATITUDE:   37 43 N
                                          LONGITUDE: 122 13 W

  TEMPERATURE IN F:       :PCPN:    SNOW:  WIND      :SUNSHINE: SKY     :PK WND
================================================================================
1   2   3   4   5  6A  6B    7    8   9   10  11  12  13   14  15   16   17  18
                                     12Z  AVG MX 2MIN
DY MAX MIN AVG DEP HDD CDD  WTR  SNW DPTH SPD SPD DIR MIN PSBL S-S WX    SPD DR
================================================================================

 1  65  40  53   2  12   0 0.00  0.0    0  3.2 12 290   M    M   6        14 250
 2  65  43  54   3  11   0 0.00  0.0    0  2.6  9 300   M    M   6 18     12 300
 3  67  47  57   6   8   0 0.00  0.0    0  3.4 13 300   M    M   7 18     15 300
 4  64  46  55   4  10   0 0.00  0.0    0  4.6 15 310   M    M   7 18     17 310
 5  63  48  56   5   9   0 0.00  0.0    0  5.9 28 180   M    M   8        35 190
 6  63  58  61  10   4   0 0.91  0.0    0 21.9 33 150   M    M  10 1      40 150
 7  64  54  59   8   6   0 0.03  0.0    0  5.8 28 200   M    M   7 1      35 200
 8  63  53  58   6   7   0 0.99  0.0    0 15.2 36 200   M    M   8 1      44 210
 9  64  49  57   5   8   0    T    M    M  8.1 22 210   M    M   5        26 210
10  63  44  54   2  11   0 0.00  0.0    0  3.6 12 300   M    M   3 1      14 320
11  64  42  53   1  12   0 0.00  0.0    0  3.1  8  60   M    M   5        10 230
12  69  47  58   6   7   0 0.00  0.0    0  2.3  9 300   M    M   4        17  80
13  70  46  58   6   7   0 0.00  0.0    0  3.0 10 140   M    M   2        13 140
14  71  47  59   7   6   0 0.00  0.0    0  3.9 12 290   M    M   2 8      14 280
15  70  45  58   6   7   0 0.00  0.0    0  2.9  9 270   M    M   3        13 230
16  71  46  59   7   6   0 0.00  0.0    0  6.1 17 290   M    M   3 18     20 290
17  58  53  56   4   9   0    T  0.0    0  5.5 10 290   M    M  10 18     13 280
18  64  50  57   5   8   0 0.00  0.0    0  5.2 12 280   M    M   5        13 280
19  61  50  56   4   9   0 0.00  0.0    0  4.5 14 300   M    M   8 18     17 300
20  65  52  59   6   6   0    T  0.0    0  3.2 12 180   M    M   5 18     15 170
21  68  46  57   4   8   0 0.00  0.0    0  5.0 17 300   M    M   3 1      21 290
22  67  45  56   3   9   0 0.00  0.0    0  7.8 24  30   M    M   2 12     35  10
23  64  44  54   1  11   0 0.00  0.0    0  7.0 24  40   M    M   1        31  50
24  64  36  50  -3  15   0 0.00  0.0    0  5.0 12 290   M    M   2 1      17 260
25  65  45  55   2  10   0 0.00  0.0    0  4.9 17 280   M    M   4        20 280
26  67  45  56   3   9   0 0.00  0.0    0  5.6 16 270   M    M   5 1      21 260
================================================================================
SM 1699 1221       225   0  1.93     0.0 149.3          M      131
================================================================================
AV 65.3 47.0                               5.7 FASTST   M    M   5    MAX(MPH)
                                 MISC ---->  # 36 200               # 44  210
================================================================================
NOTES:
# LAST OF SEVERAL OCCURRENCES

COLUMN 17 PEAK WIND IN M.P.H.

PRELIMINARY LOCAL CLIMATOLOGICAL DATA (WS FORM: F-6) , PAGE 2

                                          STATION:  OAKLAND AIRPORT
                                          MONTH:    FEBRUARY
                                          YEAR:     2015
                                          LATITUDE:   37 43 N
                                          LONGITUDE: 122 13 W

[TEMPERATURE DATA]      [PRECIPITATION DATA]       SYMBOLS USED IN COLUMN 16

AVERAGE MONTHLY: 56.2   TOTAL FOR MONTH:   1.93    1 = FOG OR MIST
DPTR FM NORMAL:   4.2   DPTR FM NORMAL:   -1.72    2 = FOG REDUCING VISIBILITY
HIGHEST:    71 ON 16,14 GRTST 24HR  1.00 ON  7- 8      TO 1/4 MILE OR LESS
LOWEST:     36 ON 24                               3 = THUNDER
                        SNOW, ICE PELLETS, HAIL    4 = ICE PELLETS
                        TOTAL MONTH:   0.0 INCH    5 = HAIL
                        GRTST 24HR     0.0         6 = FREEZING RAIN OR DRIZZLE
                        GRTST DEPTH:   0           7 = DUSTSTORM OR SANDSTORM:
                                                       VSBY 1/2 MILE OR LESS
                                                   8 = SMOKE OR HAZE
[NO. OF DAYS WITH]      [WEATHER - DAYS WITH]      9 = BLOWING SNOW
                                                   X = TORNADO
MAX 32 OR BELOW:   0    0.01 INCH OR MORE:   3
MAX 90 OR ABOVE:   0    0.10 INCH OR MORE:   2
MIN 32 OR BELOW:   0    0.50 INCH OR MORE:   2
MIN  0 OR BELOW:   0    1.00 INCH OR MORE:   0

[HDD (BASE 65) ]
TOTAL THIS MO.   225    CLEAR  (SCALE 0-3)   7
DPTR FM NORMAL  -113    PTCLDY (SCALE 4-7)  14
TOTAL FM JUL 1  1287    CLOUDY (SCALE 8-10)  5
DPTR FM NORMAL  -710

[CDD (BASE 65) ]
TOTAL THIS MO.     0
DPTR FM NORMAL     0    [PRESSURE DATA]
TOTAL FM JAN 1     0    HIGHEST SLP M ON M
DPTR FM NORMAL     0    LOWEST  SLP 29.76 ON  6

[REMARKS]
