000
CXUS53 KOAX 281000
CF6OAX
PRELIMINARY LOCAL CLIMATOLOGICAL DATA (WS FORM: F-6)

                                          STATION:   VALLEY  NWS, NEBRASKA
                                          MONTH:     MAY
                                          YEAR:      2015
                                          LATITUDE:   41 19 N
                                          LONGITUDE:  96 22 W

  TEMPERATURE IN F:       :PCPN:    SNOW:  WIND      :SUNSHINE: SKY     :PK WND
================================================================================
1   2   3   4   5  6A  6B    7    8   9   10  11  12  13   14  15   16   17  18
                                     12Z  AVG MX 2MIN
DY MAX MIN AVG DEP HDD CDD  WTR  SNW DPTH SPD SPD DIR MIN PSBL S-S WX    SPD DR
================================================================================

 1  72  56  64   8   1   0    T  0.0    0   M   M   M   M    M   M        20  M
 2  74  57  66   9   0   1 0.91  0.0    0   M   M   M   M    M   M 3      33  M
 3  80  60  70  13   0   5 0.13  0.0    0   M   M   M   M    M   M 3      25  M
 4  64  55  60   2   5   0 0.28  0.0    0   M   M   M   0    M   M 13     33  M
 5  74  57  66   8   0   1 0.03  0.0    0   M   M   M   M    M   M 1      30  M
 6  70  61  66   8   0   1 1.49  0.0    0   M   M   M   M    M   M 13     38  M
 7  75  56  66   7   0   1 0.69  0.0    0   M   M   M   M    M   M 13     31  M
 8  60  52  56  -3   9   0 0.00  0.0    0   M   M   M   M    M   M        23  M
 9  69  48  59  -1   6   0 0.00  0.0    0   M   M   M   M    M   M        23  M
10  70  47  59  -1   6   0 0.22  0.0    0   M   M   M   M    M   M 3      31  M
11  51  43  47 -13  18   0 0.00  0.0    0   M   M   M   M    M   M        37  M
12  68  39  54  -7  11   0 0.00  0.0    0   M   M   M   M    M   M        21  M
13  71  51  61   0   4   0 0.39  0.0    0   M   M   M   M    M   M 1      33  M
14  68  54  61  -1   4   0 0.44  0.0    0   M   M   M   M    M   M 1      22  M
15  70  57  64   2   1   0 0.38  0.0    0   M   M   M   M    M   M 13     35  M
16  79  61  70   8   0   5 0.09  0.0    0   M   M   M   M    M   M        31  M
17  76  55  66   3   0   1 0.19  0.0    0   M   M   M   M    M   M        40  M
18  61  45  53 -10  12   0 0.00  0.0    0   M   M   M   M    M   M        33  M
19  53  39  46 -17  19   0 0.09  0.0    0   M   M   M   M    M   M        22  M
20  51  42  47 -17  18   0 0.07  0.0    0   M   M   M   M    M   M        20  M
21  72  42  57  -7   8   0 0.00  0.0    0   M   M   M   M    M   M        17  M
22  67  47  57  -7   8   0 0.01  0.0    0   M   M   M   M    M   M        21  M
23  63  57  60  -5   5   0 0.04  0.0    0   M   M   M   M    M   M 1      21  M
24  68  59  64  -1   1   0 0.05  0.0    0   M   M   M   M    M   M 1      20  M
25  79  60  70   4   0   5 0.21  0.0    0   M   M   M   M    M   M 3      32  M
26  69  57  63  -3   2   0 0.10  0.0    0   M   M   M   M    M   M        21  M
27  82  54  68   2   0   3 0.00  0.0    0   M   M   M   M    M   M        15  M
================================================================================
SM 1856 1411       138  23  5.81     0.0     M            0      M
================================================================================
AV 68.7 52.3                                 M FASTST    0   M   8    MAX(MPH)
                                 MISC ---->     M   M                 40    M
================================================================================
NOTES:
# LAST OF SEVERAL OCCURRENCES

COLUMN 17 PEAK WIND IN M.P.H.

PRELIMINARY LOCAL CLIMATOLOGICAL DATA (WS FORM: F-6) , PAGE 2

                                          STATION:  VALLEY  NWS, NEBRASKA
                                          MONTH:    MAY
                                          YEAR:     2015
                                          LATITUDE:   41 19 N
                                          LONGITUDE:  96 22 W

[TEMPERATURE DATA]      [PRECIPITATION DATA]       SYMBOLS USED IN COLUMN 16

AVERAGE MONTHLY: 60.5   TOTAL FOR MONTH:   5.81    1 = FOG OR MIST
DPTR FM NORMAL:  -0.9   DPTR FM NORMAL:    1.87    2 = FOG REDUCING VISIBILITY
HIGHEST:    82 ON 27    GRTST 24HR  1.49 ON  6- 6      TO 1/4 MILE OR LESS
LOWEST:     39 ON 19,12                            3 = THUNDER
                        SNOW, ICE PELLETS, HAIL    4 = ICE PELLETS
                        TOTAL MONTH:   0.0 INCH    5 = HAIL
                        GRTST 24HR     0.0         6 = FREEZING RAIN OR DRIZZLE
                        GRTST DEPTH:   0           7 = DUSTSTORM OR SANDSTORM:
                                                       VSBY 1/2 MILE OR LESS
                                                   8 = SMOKE OR HAZE
[NO. OF DAYS WITH]      [WEATHER - DAYS WITH]      9 = BLOWING SNOW
                                                   X = TORNADO
MAX 32 OR BELOW:   0    0.01 INCH OR MORE:  19
MAX 90 OR ABOVE:   0    0.10 INCH OR MORE:  12
MIN 32 OR BELOW:   0    0.50 INCH OR MORE:   3
MIN  0 OR BELOW:   0    1.00 INCH OR MORE:   1

[HDD (BASE 65) ]
TOTAL THIS MO.   138    CLEAR  (SCALE 0-3)   0
DPTR FM NORMAL    -5    PTCLDY (SCALE 4-7)   0
TOTAL FM JUL 1  5855    CLOUDY (SCALE 8-10)  0
DPTR FM NORMAL  -386

[CDD (BASE 65) ]
TOTAL THIS MO.    23
DPTR FM NORMAL   -26    [PRESSURE DATA]
TOTAL FM JAN 1    27    HIGHEST SLP M ON M
DPTR FM NORMAL   -29    LOWEST  SLP M ON M

[REMARKS]
