000
CXUS54 KMAF 211100
CF6ODO
PRELIMINARY LOCAL CLIMATOLOGICAL DATA (WS FORM: F-6)

                                          STATION:   Odessa Schleymeyer
                                          MONTH:     JANUARY
                                          YEAR:      2017
                                          LATITUDE:   31 55 N
                                          LONGITUDE: 102 23 W

  TEMPERATURE IN F:       :PCPN:    SNOW:  WIND      :SUNSHINE: SKY     :PK WND
================================================================================
1   2   3   4   5  6A  6B    7    8   9   10  11  12  13   14  15   16   17  18
                                     12Z  AVG MX 2MIN
DY MAX MIN AVG DEP HDD CDD  WTR  SNW DPTH SPD SPD DIR MIN PSBL S-S WX    SPD DR
================================================================================

 1  70  43  57  13   8   0 0.14    M    0 10.2 41 310   M    M   3        59 310
 2  63  44  54  10  11   0 0.00  0.0    0 13.8 24 270   M    M   0        30 270
 3  65  38  52   8  13   0 0.00  0.0    0  8.7 20  90   M    M   0        23  90
 4  55  33  44   0  21   0 0.00  0.0    0  8.4 16  80   M    M   3        20  80
 5  49  21  35  -9  30   0 0.00  0.0    0 14.1 25  70   M    M   0        29  70
 6  26  15  21 -23  44   0 0.00  0.0    0 11.3 23  60   M    M   3        26  60
 7  40  12  26 -19  39   0 0.00  0.0    0  5.4 17 160   M    M   0        20 160
 8  60  26  43  -2  22   0 0.00  0.0    0 11.6 18 210   M    M   0        23 200
 9  79  35  57  12   8   0 0.00  0.0    0 11.8 22 200   M    M   0        28 190
10  76  44  60  15   5   0 0.00  0.0    0  8.1 22 200   M    M   0        28 200
11  82  48  65  20   0   0 0.00  0.0    0 11.4 30 270   M    M   0        36 260
12  75  46  61  16   4   0 0.00  0.0    0  7.5 22 150   M    M   0 18     28 140
13  52  36  44  -1  21   0 0.00  0.0    0 14.2 18  50   M    M  10 8      22  50
14  38  34  36  -9  29   0 0.02    M    0 10.8 18  60   M    M  10 128    21  60
15  47  35  41  -4  24   0 0.96    M    0 10.4 28 250   M    M   8 123    33 250
16  63  37  50   5  15   0 0.00  0.0    0  8.5 18 260   M    M   0        24 260
17  46  36  41  -4  24   0 0.02    M    0  8.5 20  60   M    M   6 138    24  70
18  59  43  51   6  14   0 0.00  0.0    0  6.2 14 270   M    M   5 18     15 290
19  66  43  55  10  10   0 0.00  0.0    0 17.7 33 260   M    M   0        41 270
20  67  46  57  12   8   0 0.00  0.0    0 13.9 33 270   M    M   0        41 270
================================================================================
SM 1178  715       350   0  1.14     0.0 212.5          M       48
================================================================================
AV 58.9 35.8                              10.6 FASTST   M    M   2    MAX(MPH)
                                 MISC ---->  # 41 310               # 59  310
================================================================================
NOTES:
# LAST OF SEVERAL OCCURRENCES

COLUMN 17 PEAK WIND IN M.P.H.

PRELIMINARY LOCAL CLIMATOLOGICAL DATA (WS FORM: F-6) , PAGE 2

                                          STATION:  Odessa Schleymeyer
                                          MONTH:    JANUARY
                                          YEAR:     2017
                                          LATITUDE:   31 55 N
                                          LONGITUDE: 102 23 W

[TEMPERATURE DATA]      [PRECIPITATION DATA]       SYMBOLS USED IN COLUMN 16

AVERAGE MONTHLY: 47.3   TOTAL FOR MONTH:   1.14    1 = FOG OR MIST
DPTR FM NORMAL:   2.6   DPTR FM NORMAL:    0.84    2 = FOG REDUCING VISIBILITY
HIGHEST:    82 ON 11    GRTST 24HR  0.96 ON 14-15      TO 1/4 MILE OR LESS
LOWEST:     12 ON  7                               3 = THUNDER
                        SNOW, ICE PELLETS, HAIL    4 = ICE PELLETS
                        TOTAL MONTH:   0.0 INCH    5 = HAIL
                        GRTST 24HR     0.0         6 = FREEZING RAIN OR DRIZZLE
                        GRTST DEPTH:   0           7 = DUSTSTORM OR SANDSTORM:
                                                       VSBY 1/2 MILE OR LESS
                                                   8 = SMOKE OR HAZE
[NO. OF DAYS WITH]      [WEATHER - DAYS WITH]      9 = BLOWING SNOW
                                                   X = TORNADO
MAX 32 OR BELOW:   1    0.01 INCH OR MORE:   4
MAX 90 OR ABOVE:   0    0.10 INCH OR MORE:   2
MIN 32 OR BELOW:   4    0.50 INCH OR MORE:   1
MIN  0 OR BELOW:   0    1.00 INCH OR MORE:   0

[HDD (BASE 65) ]
TOTAL THIS MO.   350    CLEAR  (SCALE 0-3)  15
DPTR FM NORMAL   -55    PTCLDY (SCALE 4-7)   3
TOTAL FM JUL 1  1093    CLOUDY (SCALE 8-10)  2
DPTR FM NORMAL  -367

[CDD (BASE 65) ]
TOTAL THIS MO.     0
DPTR FM NORMAL     0    [PRESSURE DATA]
TOTAL FM JAN 1     0    HIGHEST SLP M ON M
DPTR FM NORMAL     0    LOWEST  SLP 29.56 ON 20

[REMARKS]
