000
CXUS53 KOAX 291000
CF6OFK
PRELIMINARY LOCAL CLIMATOLOGICAL DATA (WS FORM: F-6)

                                          STATION:   NORFOLK, NEBRASKA
                                          MONTH:     APRIL
                                          YEAR:      2016
                                          LATITUDE:   41 58 N
                                          LONGITUDE:  97 26 W

  TEMPERATURE IN F:       :PCPN:    SNOW:  WIND      :SUNSHINE: SKY     :PK WND
================================================================================
1   2   3   4   5  6A  6B    7    8   9   10  11  12  13   14  15   16   17  18
                                     12Z  AVG MX 2MIN
DY MAX MIN AVG DEP HDD CDD  WTR  SNW DPTH SPD SPD DIR MIN PSBL S-S WX    SPD DR
================================================================================

 1  40  27  34 -10  31   0 0.03    T    0 15.0 24 310   M    M   7 1      32 310
 2  57  33  45   1  20   0 0.00  0.0    0 12.8 22 190   M    M   0        27 190
 3  80  43  62  17   3   0 0.00  0.0    0 17.4 31 310   M    M   1        41 330
 4  56  33  45   0  20   0    T  0.0    0  9.1 22 120   M    M   1        27 120
 5  70  40  55  10  10   0    T  0.0    0 14.8 31 170   M    M   1        40 150
 6  58  34  46   0  19   0 0.00  0.0    0 20.2 36 320   M    M   5        46 300
 7  56  33  45  -1  20   0 0.00  0.0    0 20.7 44 320   M    M   3        52 320
 8  51  29  40  -7  25   0 0.00  0.0    0 13.9 28 330   M    M   0        38 320
 9  61  21  41  -6  24   0 0.00  0.0    0 16.3 30 170   M    M   0        37 150
10  60  38  49   1  16   0 0.01  0.0    0 15.1 31 360   M    M   3        38 340
11  50  23  37 -11  28   0 0.00  0.0    0 10.7 25 340   M    M   0        32 340
12  69  27  48   0  17   0 0.00  0.0    0 17.1 31 210   M    M   3 8      39 190
13  79  44  62  13   3   0 0.00  0.0    0 14.2 24 210   M    M   0 8      30 210
14  76  50  63  14   2   0 0.00  0.0    0 15.9 29 160   M    M   0        37 160
15  77  53  65  15   0   0 0.00  0.0    0 20.4 35 170   M    M   2        44 170
16  68  49  59   9   6   0 0.00  0.0    0 13.7 22 160   M    M   7        27 160
17  67  44  56   6   9   0 0.50  0.0    0 10.0 21 150   M    M  10 1      24 130
18  50  43  47  -4  18   0 0.75  0.0    0 10.5 20  10   M    M   9 1      23 360
19  62  42  52   1  13   0 0.00  0.0    0  4.5 12 340   M    M   8        13 290
20  52  48  50  -1  15   0 1.59  0.0    0 12.7 24 300   M    M  10 1      34 300
21  70  46  58   6   7   0 0.01  0.0    0 16.6 30 340   M    M   5 1      34 340
22  67  35  51  -1  14   0 0.00  0.0    0  5.5 12 150   M    M   0        17 190
23  81  45  63  10   2   0 0.00  0.0    0 19.4 32 170   M    M   0 8      42 140
24  74  54  64  11   1   0 0.03  0.0    0 16.8 32 190   M    M   2 3      41 190
25  68  47  58   5   7   0 0.00  0.0    0 12.1 20 300   M    M   2        26 310
26  68  44  56   2   9   0 0.02  0.0    0 14.0 25  80   M    M   5 3      33  70
27  54  44  49  -5  16   0 1.11  0.0    0 15.7 26  70   M    M  10 1      36  70
28  47  41  44 -10  21   0 0.04  0.0    0 11.3 20 330   M    M  10 1      24 320
================================================================================
SM 1768 1110       376   0  4.09    T    396.4          M      104
================================================================================
AV 63.1 39.6                              14.2 FASTST   M    M   4    MAX(MPH)
                                 MISC ---->  # 44 320               # 52  320
================================================================================
NOTES:
# LAST OF SEVERAL OCCURRENCES

COLUMN 17 PEAK WIND IN M.P.H.

PRELIMINARY LOCAL CLIMATOLOGICAL DATA (WS FORM: F-6) , PAGE 2

                                          STATION:  NORFOLK, NEBRASKA
                                          MONTH:    APRIL
                                          YEAR:     2016
                                          LATITUDE:   41 58 N
                                          LONGITUDE:  97 26 W

[TEMPERATURE DATA]      [PRECIPITATION DATA]       SYMBOLS USED IN COLUMN 16

AVERAGE MONTHLY: 51.4   TOTAL FOR MONTH:   4.09    1 = FOG OR MIST
DPTR FM NORMAL:   2.1   DPTR FM NORMAL:    1.64    2 = FOG REDUCING VISIBILITY
HIGHEST:    81 ON 23    GRTST 24HR  1.59 ON 20-20      TO 1/4 MILE OR LESS
LOWEST:     21 ON  9                               3 = THUNDER
                        SNOW, ICE PELLETS, HAIL    4 = ICE PELLETS
                        TOTAL MONTH:    T          5 = HAIL
                        GRTST 24HR    T  ON  1- 1  6 = FREEZING RAIN OR DRIZZLE
                        GRTST DEPTH:   0           7 = DUSTSTORM OR SANDSTORM:
                                                       VSBY 1/2 MILE OR LESS
                                                   8 = SMOKE OR HAZE
[NO. OF DAYS WITH]      [WEATHER - DAYS WITH]      9 = BLOWING SNOW
                                                   X = TORNADO
MAX 32 OR BELOW:   0    0.01 INCH OR MORE:  10
MAX 90 OR ABOVE:   0    0.10 INCH OR MORE:   4
MIN 32 OR BELOW:   5    0.50 INCH OR MORE:   4
MIN  0 OR BELOW:   0    1.00 INCH OR MORE:   2

[HDD (BASE 65) ]
TOTAL THIS MO.   376    CLEAR  (SCALE 0-3)  17
DPTR FM NORMAL   -75    PTCLDY (SCALE 4-7)   6
TOTAL FM JUL 1  5340    CLOUDY (SCALE 8-10)  5
DPTR FM NORMAL -1060

[CDD (BASE 65) ]
TOTAL THIS MO.     0
DPTR FM NORMAL   -10    [PRESSURE DATA]
TOTAL FM JAN 1     0    HIGHEST SLP M ON M
DPTR FM NORMAL   -10    LOWEST  SLP 29.33 ON 27

[REMARKS]
