000
CXUS55 KEAX 170736
CF6OJC
PRELIMINARY LOCAL CLIMATOLOGICAL DATA (WS FORM: F-6)

                                          STATION:   Johnson County Executive KS
                                          MONTH:     APRIL
                                          YEAR:      2014
                                          LATITUDE:   38 50 N
                                          LONGITUDE:  94 44 W

  TEMPERATURE IN F:       :PCPN:    SNOW:  WIND      :SUNSHINE: SKY     :PK WND
================================================================================
1   2   3   4   5  6A  6B    7    8   9   10  11  12  13   14  15   16   17  18
                                     12Z  AVG MX 2MIN
DY MAX MIN AVG DEP HDD CDD  WTR  SNW DPTH SPD SPD DIR MIN PSBL S-S WX    SPD DR
================================================================================

 1  53  29  41  -9  24   0    T    M    M  8.0 18 320   M    M   4        25 330
 2  53  44  49  -2  16   0 0.94    M    M 11.4 24 100   M    M  10 13     31 110
 3  75  38  57   6   8   0 0.03    M    M 11.4 22 310   M    M   9 138    32 280
 4  46  32  39 -13  26   0 0.00    M    M 11.7 26 330   M    M   8        38 330
 5  55  29  42 -10  23   0 0.00    M    M  5.4 13 170   M    M   0        17 180
 6  60  45  53   1  12   0 0.00    M    M  4.7 13 140   M    M   8        16 140
 7  65  44  55   3  10   0    T    M    M  7.7 18 310   M    M   6        23 330
 8  59  42  51  -2  14   0 0.01    M    M 10.9 25 350   M    M   4        33 350
 9  73  36  55   2  10   0 0.00    M    M 11.5 25 180   M    M   0        32 180
10  68  51  60   7   5   0 0.00    M    M 11.6 22  30   M    M   0        33 200
11  75  43  59   5   6   0 0.00    M    M  7.0 15 130   M    M   0        19 160
12  80  56  68  14   0   3 0.00    M    M 15.9 28 180   M    M   1        37 160
13  69  36  53  -1  12   0 0.78    M    M 14.2 23 340   M    M   9 13     36 310
14  44  30  37 -18  28   0    T    M    M 14.3 29 360   M    M   7 18     36  10
15  53  26  40 -15  25   0 0.00    M    M  6.5 18 170   M    M   1 1      24 160
16  63  40  52  -3  13   0 0.00    M    M 18.3 35 170   M    M   0        44 170
================================================================================
SM  991  621       232   3  1.76    M    170.5          M       67
================================================================================
AV 61.9 38.8                              10.7 FASTST   M    M   4    MAX(MPH)
                                 MISC ---->  # 35 170               # 44  170
================================================================================
NOTES:
# LAST OF SEVERAL OCCURRENCES

COLUMN 17 PEAK WIND IN M.P.H.

PRELIMINARY LOCAL CLIMATOLOGICAL DATA (WS FORM: F-6) , PAGE 2

                                          STATION:  Johnson County Executive KS
                                          MONTH:    APRIL
                                          YEAR:     2014
                                          LATITUDE:   38 50 N
                                          LONGITUDE:  94 44 W

[TEMPERATURE DATA]      [PRECIPITATION DATA]       SYMBOLS USED IN COLUMN 16

AVERAGE MONTHLY: 50.4   TOTAL FOR MONTH:   1.76    1 = FOG OR MIST
DPTR FM NORMAL:  -2.5   DPTR FM NORMAL:   -0.01    2 = FOG REDUCING VISIBILITY
HIGHEST:    80 ON 12    GRTST 24HR  0.94 ON  2- 2      TO 1/4 MILE OR LESS
LOWEST:     26 ON 15                               3 = THUNDER
                        SNOW, ICE PELLETS, HAIL    4 = ICE PELLETS
                        TOTAL MONTH:    M          5 = HAIL
                        GRTST 24HR    M  ON   M    6 = FREEZING RAIN OR DRIZZLE
                        GRTST DEPTH:  M  ON   M    7 = DUSTSTORM OR SANDSTORM:
                                                       VSBY 1/2 MILE OR LESS
                                                   8 = SMOKE OR HAZE
[NO. OF DAYS WITH]      [WEATHER - DAYS WITH]      9 = BLOWING SNOW
                                                   X = TORNADO
MAX 32 OR BELOW:   0    0.01 INCH OR MORE:   4
MAX 90 OR ABOVE:   0    0.10 INCH OR MORE:   2
MIN 32 OR BELOW:   5    0.50 INCH OR MORE:   2
MIN  0 OR BELOW:   0    1.00 INCH OR MORE:   0

[HDD (BASE 65) ]
TOTAL THIS MO.   232    CLEAR  (SCALE 0-3)   7
DPTR FM NORMAL    31    PTCLDY (SCALE 4-7)   5
TOTAL FM JUL 1  5469    CLOUDY (SCALE 8-10)  4
DPTR FM NORMAL   751

[CDD (BASE 65) ]
TOTAL THIS MO.     3
DPTR FM NORMAL    -5    [PRESSURE DATA]
TOTAL FM JAN 1     3    HIGHEST SLP  0.00 ON M
DPTR FM NORMAL    -6    LOWEST  SLP  0.00 ON M

[REMARKS]
