000
CXUS56 KSGX 291445
CF6OKB
PRELIMINARY LOCAL CLIMATOLOGICAL DATA (WS FORM: F-6)

                                          STATION:   OCEANSIDE AIRPORT CA
                                          MONTH:     APRIL
                                          YEAR:      2017
                                          LATITUDE:   33 13 N
                                          LONGITUDE: 117 21 W

  TEMPERATURE IN F:       :PCPN:    SNOW:  WIND      :SUNSHINE: SKY     :PK WND
================================================================================
1   2   3   4   5  6A  6B    7    8   9   10  11  12  13   14  15   16   17  18
                                     12Z  AVG MX 2MIN
DY MAX MIN AVG DEP HDD CDD  WTR  SNW DPTH SPD SPD DIR MIN PSBL S-S WX    SPD DR
================================================================================

 1  68  41  55  -2  10   0 0.00  0.0    0  4.2 13 240   M    M   0         M  M
 2  74  44  59   2   6   0 0.00  0.0    0  3.9 13 260   M    M   M 1      15 260
 3  66  57  62   5   3   0 0.00    M    M  5.5 15 240   M    M   M        20 259
 4  69  58  64   7   1   0 0.00    M    M  4.9 15 240   M    M   M        19 250
 5  77  48  63   6   2   0 0.00    M    M   M   7  30   M    M   M         8  30
 6  75  48  62   4   3   0 0.00  0.0    M  3.7 14 250   M    M   4 18     17 250
 7  71  51  61   3   4   0 0.00  0.0    0  3.9 14 250   M    M   3 18     17 230
 8  70  48  59   1   6   0    T    M    0  5.9 22 300   M    M   5 1      30 290
 9  67  42  55  -3  10   0 0.00  0.0    0  5.8 17 300   M    M   0        21 280
10  72  42  57  -1   8   0 0.00  0.0    0  4.5 15 250   M    M   0 1      20 240
11  74  43  59   1   6   0 0.00  0.0    0  4.0 17 240   M    M   1 1      22 240
12  71  47  59   1   6   0 0.00  0.0    0  6.4 20 270   M    M   3 12     24 270
13  75  50  63   5   2   0 0.00  0.0    0  6.6 20 280   M    M   4 18     26 270
14  68  43  56  -2   9   0 0.00  0.0    0  5.8 15 270   M    M   0 1      19 260
15  71  44  58   0   7   0 0.00  0.0    0  4.0 14 240   M    M   0        18 230
16  73  46  60   1   5   0 0.00  0.0    0  4.4 15 240   M    M   0        21 250
17  72  49  61   2   4   0 0.00  0.0    0  6.5 17 250   M    M   3 12     22 250
18  71  57  64   5   1   0    T  0.0    0  5.7 16 260   M    M   7 1      22 260
19  73  52  63   4   2   0 0.02  0.0    0  6.0 21 260   M    M   4 1      24 260
20  72  51  62   3   3   0 0.00  0.0    0  6.2 15 250   M    M   3 18     20 250
21  81  48  65   6   0   0 0.00  0.0    0  4.6 15 240   M    M   0 1      20 250
22  82  50  66   7   0   1 0.00  0.0    0  4.2 14 240   M    M   0 1      18 230
23  74  54  64   5   1   0 0.00  0.0    0  5.9 16 230   M    M   5 128    20 240
24  72  62  67   7   0   2 0.00  0.0    0  7.8 16 200   M    M   8 8      24 200
25  72  53  63   3   2   0 0.00  0.0    0  7.0 16 260   M    M   4        21 250
26  74  50  62   2   3   0 0.00  0.0    0  4.6 13 240   M    M   1        18 230
27  72  55  64   4   1   0 0.00  0.0    0  5.7 15 240   M    M   5 1      19 250
28  76  52  64   4   1   0 0.00  0.0    0  6.4 22 290   M    M   3 18     28 290
================================================================================
SM 2032 1385       106   3  0.02     0.0 144.1          M       63
================================================================================
AV 72.6 49.5                               5.3 FASTST   M    M   3    MAX(MPH)
                                 MISC ---->  # 22 300               # 30  290
================================================================================
NOTES:
# LAST OF SEVERAL OCCURRENCES

COLUMN 17 PEAK WIND IN M.P.H.

PRELIMINARY LOCAL CLIMATOLOGICAL DATA (WS FORM: F-6) , PAGE 2

                                          STATION:  OCEANSIDE AIRPORT CA
                                          MONTH:    APRIL
                                          YEAR:     2017
                                          LATITUDE:   33 13 N
                                          LONGITUDE: 117 21 W

[TEMPERATURE DATA]      [PRECIPITATION DATA]       SYMBOLS USED IN COLUMN 16

AVERAGE MONTHLY: 61.0   TOTAL FOR MONTH:   0.02    1 = FOG OR MIST
DPTR FM NORMAL:   2.6   DPTR FM NORMAL:   -0.92    2 = FOG REDUCING VISIBILITY
HIGHEST:    82 ON 22    GRTST 24HR  0.02 ON 19-19      TO 1/4 MILE OR LESS
LOWEST:     41 ON  1                               3 = THUNDER
                        SNOW, ICE PELLETS, HAIL    4 = ICE PELLETS
                        TOTAL MONTH:   0.0 INCH    5 = HAIL
                        GRTST 24HR     0.0         6 = FREEZING RAIN OR DRIZZLE
                        GRTST DEPTH:   0           7 = DUSTSTORM OR SANDSTORM:
                                                       VSBY 1/2 MILE OR LESS
                                                   8 = SMOKE OR HAZE
[NO. OF DAYS WITH]      [WEATHER - DAYS WITH]      9 = BLOWING SNOW
                                                   X = TORNADO
MAX 32 OR BELOW:   0    0.01 INCH OR MORE:   1
MAX 90 OR ABOVE:   0    0.10 INCH OR MORE:   0
MIN 32 OR BELOW:   0    0.50 INCH OR MORE:   0
MIN  0 OR BELOW:   0    1.00 INCH OR MORE:   0

[HDD (BASE 65) ]
TOTAL THIS MO.   106    CLEAR  (SCALE 0-3)  15
DPTR FM NORMAL   -80    PTCLDY (SCALE 4-7)   8
TOTAL FM JUL 1  1334    CLOUDY (SCALE 8-10)  1
DPTR FM NORMAL  -550

[CDD (BASE 65) ]
TOTAL THIS MO.     3
DPTR FM NORMAL     3    [PRESSURE DATA]
TOTAL FM JAN 1     3    HIGHEST SLP M ON M
DPTR FM NORMAL     2    LOWEST  SLP 29.67 ON 27

[REMARKS]
