000
CXUS54 KOUN 280700
CF6OKC
PRELIMINARY LOCAL CLIMATOLOGICAL DATA (WS FORM: F-6)

                                          STATION:   OKLAHOMA CITY
                                          MONTH:     APRIL
                                          YEAR:      2016
                                          LATITUDE:   35 24 N
                                          LONGITUDE:  97 36 W

  TEMPERATURE IN F:       :PCPN:    SNOW:  WIND      :SUNSHINE: SKY     :PK WND
================================================================================
1   2   3   4   5  6A  6B    7    8   9   10  11  12  13   14  15   16   17  18
                                     12Z  AVG MX 2MIN
DY MAX MIN AVG DEP HDD CDD  WTR  SNW DPTH SPD SPD DIR MIN PSBL S-S WX    SPD DR
================================================================================

 1  62  44  53  -4  12   0 0.00  0.0    0  9.6 22 330   M    M   6        28  20
 2  72  32  52  -5  13   0 0.00  0.0    0  7.5 18 330   M    M   0        24 290
 3  78  43  61   4   4   0 0.00  0.0    0 12.7 26 210   M    M   0        35 200
 4  84  48  66   8   0   1 0.00  0.0    0 11.0 20  40   M    M   1        25  30
 5  87  50  69  11   0   4 0.00  0.0    0 20.0 35 200   M    M   4        44 220
 6  74  48  61   3   4   0 0.00  0.0    0 18.4 38 330   M    M   3        45 340
 7  78  44  61   3   4   0 0.00  0.0    0 11.6 25 360   M    M   3        41  10
 8  72  41  57  -2   8   0 0.00  0.0    0  4.6 16  50   M    M   7        21  50
 9  75  45  60   1   5   0    T  0.0    0 15.5 32 200   M    M   7        41 190
10  86  56  71  12   0   6 1.28  0.0    0 19.8 32  10   M    M   9 13     41  10
11  69  51  60   0   5   0 0.02  0.0    0 13.2 31 330   M    M   7 13     39 330
12  68  45  57  -3   8   0 0.00  0.0    0  7.7 17  80   M    M   5        21  70
13  64  51  58  -2   7   0 0.31  0.0    0  6.5 17 150   M    M   8 1      20 150
14  69  47  58  -2   7   0 0.00  0.0    0  5.2 14 130   M    M   6 12     16 130
15  74  49  62   1   3   0 0.00  0.0    0 13.5 23 140   M    M   6 1      30 150
16  76  61  69   8   0   4 0.00  0.0    0 22.8 33 130   M    M   9        43 130
17  68  60  64   3   1   0 3.39  0.0    0 10.7 30 140   M    M  10 13     36 140
18  65  50  58  -4   7   0 0.05  0.0    0  9.9 21 330   M    M   9 1      24 340
19  71  56  64   2   1   0 1.25  0.0    0  7.4 23 320   M    M   9 13     30 310
20  68  53  61  -1   4   0    T  0.0    0  6.9 17 330   M    M   7 1      19 340
21  73  50  62  -1   3   0 0.00  0.0    0  8.2 21 330   M    M   4 1      26 330
22  79  50  65   2   0   0 0.00  0.0    0  7.3 16 310   M    M   1        21 310
23  79  51  65   2   0   0 0.00  0.0    0 10.6 22 180   M    M   3        28 160
24  79  58  69   5   0   4 0.00  0.0    0 19.0 33 180   M    M   5        40 180
25  83  65  74  10   0   9 0.00  0.0    0 16.9 24 180   M    M   5        31 180
26  77  56  67   3   0   2 0.92  0.0    0 16.0 41 250   M    M   8 138    52 250
27  73  53  63  -1   2   0 0.00  0.0    0 10.0 21 310   M    M   4 1      25 320
================================================================================
SM 2003 1357        98  30  7.22     0.0 322.5          M      146
================================================================================
AV 74.2 50.3                              11.9 FASTST   M    M   5    MAX(MPH)
                                 MISC ---->  # 41 250               # 52  250
================================================================================
NOTES:
# LAST OF SEVERAL OCCURRENCES

COLUMN 17 PEAK WIND IN M.P.H.

PRELIMINARY LOCAL CLIMATOLOGICAL DATA (WS FORM: F-6) , PAGE 2

                                          STATION:  OKLAHOMA CITY
                                          MONTH:    APRIL
                                          YEAR:     2016
                                          LATITUDE:   35 24 N
                                          LONGITUDE:  97 36 W

[TEMPERATURE DATA]      [PRECIPITATION DATA]       SYMBOLS USED IN COLUMN 16

AVERAGE MONTHLY: 62.2   TOTAL FOR MONTH:   7.22    1 = FOG OR MIST
DPTR FM NORMAL:   1.7   DPTR FM NORMAL:    4.55    2 = FOG REDUCING VISIBILITY
HIGHEST:    87 ON  5    GRTST 24HR  3.42 ON 17-18      TO 1/4 MILE OR LESS
LOWEST:     32 ON  2                               3 = THUNDER
                        SNOW, ICE PELLETS, HAIL    4 = ICE PELLETS
                        TOTAL MONTH:   0.0 INCH    5 = HAIL
                        GRTST 24HR     0.0         6 = FREEZING RAIN OR DRIZZLE
                        GRTST DEPTH:   0           7 = DUSTSTORM OR SANDSTORM:
                                                       VSBY 1/2 MILE OR LESS
                                                   8 = SMOKE OR HAZE
[NO. OF DAYS WITH]      [WEATHER - DAYS WITH]      9 = BLOWING SNOW
                                                   X = TORNADO
MAX 32 OR BELOW:   0    0.01 INCH OR MORE:   7
MAX 90 OR ABOVE:   0    0.10 INCH OR MORE:   5
MIN 32 OR BELOW:   1    0.50 INCH OR MORE:   4
MIN  0 OR BELOW:   0    1.00 INCH OR MORE:   3

[HDD (BASE 65) ]
TOTAL THIS MO.    98    CLEAR  (SCALE 0-3)   7
DPTR FM NORMAL   -66    PTCLDY (SCALE 4-7)  13
TOTAL FM JUL 1  2747    CLOUDY (SCALE 8-10)  7
DPTR FM NORMAL  -576

[CDD (BASE 65) ]
TOTAL THIS MO.    30
DPTR FM NORMAL   -14    [PRESSURE DATA]
TOTAL FM JAN 1    42    HIGHEST SLP M ON M
DPTR FM NORMAL   -15    LOWEST  SLP 29.43 ON 26

[REMARKS]
