000
CXUS56 KOTX 240900
CF6OMK
PRELIMINARY LOCAL CLIMATOLOGICAL DATA (WS FORM: F-6)

                                          STATION:   OMAK WA AIRPORT
                                          MONTH:     OCTOBER
                                          YEAR:      2014
                                          LATITUDE:   48 27 N
                                          LONGITUDE: 119 31 W

  TEMPERATURE IN F:       :PCPN:    SNOW:  WIND      :SUNSHINE: SKY     :PK WND
================================================================================
1   2   3   4   5  6A  6B    7    8   9   10  11  12  13   14  15   16   17  18
                                     12Z  AVG MX 2MIN
DY MAX MIN AVG DEP HDD CDD  WTR  SNW DPTH SPD SPD DIR MIN PSBL S-S WX    SPD DR
================================================================================

 1  71  33  52  -4  13   0 0.00    M    M  5.8 16 170   M    M   0        21 170
 2  67  41  54  -2  11   0 0.00    M    M  8.2 20  10   M    M   1 8      24  20
 3  68  33  51  -4  14   0 0.00    M    M  4.9 14 200   M    M   0        17 200
 4  65  44  55   0  10   0 0.00    M    M  2.2  8 310   M    M   1         9 160
 5  78  41  60   6   5   0 0.00    M    M  4.0 10 300   M    M   0        13 290
 6  85  45  65  11   0   0 0.00    M    M  5.9 17 360   M    M   0        24 360
 7  82  53  68  15   0   3 0.00    M    M  6.9 15 350   M    M   0        22 350
 8  75  54  65  12   0   0 0.00    M    M  9.0 15 360   M    M   0        19 330
 9  77  48  63  11   2   0 0.00    M    M  8.0 17 350   M    M   0        20 350
10  76  37  57   5   8   0 0.00    M    M  5.8 17 170   M    M   1        21 180
11  70  42  56   5   9   0    T    M    M  6.1 15 210   M    M   3        19 290
12  66  34  50  -1  15   0 0.00    M    M  4.4 12 200   M    M   2 8      15 200
13  68  41  55   5  10   0 0.00    M    M  7.2 16 200   M    M   1        20 190
14  68  52  60  10   5   0 0.01    M    M  7.4 16 160   M    M   4        23 200
15  58  44  51   2  14   0 0.10    M    M  4.1 14 150   M    M   7 1      17 160
16  57  35  46  -3  19   0 0.00    M    M  3.8  8 310   M    M   2        11 230
17  56  38  47  -1  18   0 0.08    M    M  2.3  8 180   M    M   7        10 180
18  57  46  52   4  13   0    T    M    M  4.2 12 220   M    M  10        15 220
19  69  44  57  10   8   0 0.00    M    M  3.2 10 210   M    M   3 1      12 220
20  56  41  49   2  16   0 0.07    M    M  4.7 12 190   M    M   7 1      16 200
21  63  48  56  10   9   0 0.00    M    M  9.3 16 160   M    M   6        20 150
22  55  47  51   5  14   0 0.86    M    M  6.9 17 190   M    M   9 1      23 190
23  60  38  49   3  16   0    T    M    M  9.8 20 160   M    M   5        25 150
================================================================================
SM 1547  979       229   3  1.12    M    134.1          M       69
================================================================================
AV 67.3 42.6                               5.8 FASTST   M    M   3    MAX(MPH)
                                 MISC ---->  # 20  10               # 25  150
================================================================================
NOTES:
# LAST OF SEVERAL OCCURRENCES

COLUMN 17 PEAK WIND IN M.P.H.

PRELIMINARY LOCAL CLIMATOLOGICAL DATA (WS FORM: F-6) , PAGE 2

                                          STATION:  OMAK WA AIRPORT
                                          MONTH:    OCTOBER
                                          YEAR:     2014
                                          LATITUDE:   48 27 N
                                          LONGITUDE: 119 31 W

[TEMPERATURE DATA]      [PRECIPITATION DATA]       SYMBOLS USED IN COLUMN 16

AVERAGE MONTHLY: 54.9   TOTAL FOR MONTH:   1.12    1 = FOG OR MIST
DPTR FM NORMAL:   4.1   DPTR FM NORMAL:    0.41    2 = FOG REDUCING VISIBILITY
HIGHEST:    85 ON  6    GRTST 24HR  0.86 ON 21-22      TO 1/4 MILE OR LESS
LOWEST:     33 ON  3, 1                            3 = THUNDER
                        SNOW, ICE PELLETS, HAIL    4 = ICE PELLETS
                        TOTAL MONTH:    M          5 = HAIL
                        GRTST 24HR    M  ON   M    6 = FREEZING RAIN OR DRIZZLE
                        GRTST DEPTH:  M  ON   M    7 = DUSTSTORM OR SANDSTORM:
                                                       VSBY 1/2 MILE OR LESS
                                                   8 = SMOKE OR HAZE
[NO. OF DAYS WITH]      [WEATHER - DAYS WITH]      9 = BLOWING SNOW
                                                   X = TORNADO
MAX 32 OR BELOW:   0    0.01 INCH OR MORE:   5
MAX 90 OR ABOVE:   0    0.10 INCH OR MORE:   2
MIN 32 OR BELOW:   0    0.50 INCH OR MORE:   1
MIN  0 OR BELOW:   0    1.00 INCH OR MORE:   0

[HDD (BASE 65) ]
TOTAL THIS MO.   229    CLEAR  (SCALE 0-3)  15
DPTR FM NORMAL   -99    PTCLDY (SCALE 4-7)   6
TOTAL FM JUL 1   318    CLOUDY (SCALE 8-10)  2
DPTR FM NORMAL  -171

[CDD (BASE 65) ]
TOTAL THIS MO.     3
DPTR FM NORMAL     3    [PRESSURE DATA]
TOTAL FM JAN 1   873    HIGHEST SLP M ON M
DPTR FM NORMAL   209    LOWEST  SLP  0.00 ON M

[REMARKS]
