000
CXUS56 KOTX 211500
CF6OMK
PRELIMINARY LOCAL CLIMATOLOGICAL DATA (WS FORM: F-6)

                                          STATION:   OMAK WA AIRPORT
                                          MONTH:     JULY
                                          YEAR:      2014
                                          LATITUDE:   48 27 N
                                          LONGITUDE: 119 31 W

  TEMPERATURE IN F:       :PCPN:    SNOW:  WIND      :SUNSHINE: SKY     :PK WND
================================================================================
1   2   3   4   5  6A  6B    7    8   9   10  11  12  13   14  15   16   17  18
                                     12Z  AVG MX 2MIN
DY MAX MIN AVG DEP HDD CDD  WTR  SNW DPTH SPD SPD DIR MIN PSBL S-S WX    SPD DR
================================================================================

 1  93  51  72   3   0   7 0.00    M    M  7.4 16 360   M    M   0        20  10
 2  95  55  75   6   0  10 0.00    M    M  5.1 12 170   M    M   0        15 220
 3  92  58  75   5   0  10 0.00    M    M  8.4 17 220   M    M   0        22 210
 4  90  62  76   6   0  11 0.00    M    M  9.8 18 300   M    M   1        22  10
 5  90  66  78   8   0  13 0.00    M    M  7.3 15  10   M    M   2        20 210
 6  95  67  81  11   0  16 0.00    M    M 10.2 24  10   M    M   0        33  10
 7  94  64  79   8   0  14 0.00    M    M  9.1 18  20   M    M   0        23  20
 8  99  63  81  10   0  16 0.00    M    M  7.3 16  10   M    M   0        22  20
 9 100  64  82  11   0  17 0.00    M    M  8.5 18 360   M    M   0        24 360
10  95  64  80   8   0  15 0.00    M    M 13.2 22  20   M    M   0        28  30
11  99  62  81   9   0  16 0.00    M    M 10.9 20  20   M    M   0        26  10
12 101  67  84  12   0  19 0.00    M    M  9.0 18  10   M    M   0        22  20
13 105  63  84  12   0  19 0.00    M    M  7.2 16 350   M    M   0        20 350
14 100  67  84  11   0  19 0.08    M    M 12.0 26 300   M    M   0 3      37 300
15 105  60  83  10   0  18 0.00    M    M  6.6 14 350   M    M   0        18 360
16 105  65  85  12   0  20 0.00    M    M  5.7 12 220   M    M   1        16 210
17  98  67  83  10   0  18 0.00    M    M  8.5 18  10   M    M   4 8      25 360
18  94  66  80   6   0  15 0.00    M    M  7.8 18 360   M    M   2 8      25 360
19  88  67  78   4   0  13 0.00    M    M 10.2 24 250   M    M   2 8      32 240
20  84  61  73  -1   0   8 0.00    M    M  7.4 16  10   M    M   1 8      22 360
================================================================================
SM 1922 1259         0 294  0.08    M    171.6          M       13
================================================================================
AV 96.1 63.0                               8.6 FASTST   M    M   1    MAX(MPH)
                                 MISC ---->  # 26 300               # 37  300
================================================================================
NOTES:
# LAST OF SEVERAL OCCURRENCES

COLUMN 17 PEAK WIND IN M.P.H.

PRELIMINARY LOCAL CLIMATOLOGICAL DATA (WS FORM: F-6) , PAGE 2

                                          STATION:  OMAK WA AIRPORT
                                          MONTH:    JULY
                                          YEAR:     2014
                                          LATITUDE:   48 27 N
                                          LONGITUDE: 119 31 W

[TEMPERATURE DATA]      [PRECIPITATION DATA]       SYMBOLS USED IN COLUMN 16

AVERAGE MONTHLY: 79.5   TOTAL FOR MONTH:   0.08    1 = FOG OR MIST
DPTR FM NORMAL:   7.9   DPTR FM NORMAL:   -0.49    2 = FOG REDUCING VISIBILITY
HIGHEST:   105 ON 16,15 GRTST 24HR  0.08 ON 14-14      TO 1/4 MILE OR LESS
LOWEST:     51 ON  1                               3 = THUNDER
                        SNOW, ICE PELLETS, HAIL    4 = ICE PELLETS
                        TOTAL MONTH:    M          5 = HAIL
                        GRTST 24HR    M  ON   M    6 = FREEZING RAIN OR DRIZZLE
                        GRTST DEPTH:  M  ON   M    7 = DUSTSTORM OR SANDSTORM:
                                                       VSBY 1/2 MILE OR LESS
                                                   8 = SMOKE OR HAZE
[NO. OF DAYS WITH]      [WEATHER - DAYS WITH]      9 = BLOWING SNOW
                                                   X = TORNADO
MAX 32 OR BELOW:   0    0.01 INCH OR MORE:   1
MAX 90 OR ABOVE:  18    0.10 INCH OR MORE:   0
MIN 32 OR BELOW:   0    0.50 INCH OR MORE:   0
MIN  0 OR BELOW:   0    1.00 INCH OR MORE:   0

[HDD (BASE 65) ]
TOTAL THIS MO.     0    CLEAR  (SCALE 0-3)  19
DPTR FM NORMAL   -11    PTCLDY (SCALE 4-7)   1
TOTAL FM JUL 1     0    CLOUDY (SCALE 8-10)  0
DPTR FM NORMAL   -11

[CDD (BASE 65) ]
TOTAL THIS MO.   294
DPTR FM NORMAL   150    [PRESSURE DATA]
TOTAL FM JAN 1   373    HIGHEST SLP M ON M
DPTR FM NORMAL   122    LOWEST  SLP  0.00 ON M

[REMARKS]
