000
CXUS56 KBOI 301002
CF6ONO
PRELIMINARY LOCAL CLIMATOLOGICAL DATA (WS FORM: F-6)

                                          STATION:   ONTARIO OR
                                          MONTH:     SEPTEMBER
                                          YEAR:      2014
                                          LATITUDE:   44  1 N
                                          LONGITUDE: 117  1 W

  TEMPERATURE IN F:       :PCPN:    SNOW:  WIND      :SUNSHINE: SKY     :PK WND
================================================================================
1   2   3   4   5  6A  6B    7    8   9   10  11  12  13   14  15   16   17  18
                                     12Z  AVG MX 2MIN
DY MAX MIN AVG DEP HDD CDD  WTR  SNW DPTH SPD SPD DIR MIN PSBL S-S WX    SPD DR
================================================================================

 1  80  54  67  -1   0   2 0.00    M    M  4.3 16 300   M    M   0        21 300
 2  88  44  66  -2   0   1 0.00    M    M  4.9 32 320   M    M   0        43 320
 3  76  53  65  -3   0   0 0.00    M    M 11.4 31 320   M    M   0        41 310
 4  78  45  62  -5   3   0 0.00    M    M  3.3  9 240   M    M   0        12 300
 5  85  43  64  -3   1   0 0.00    M    M  2.0  8 250   M    M   0        10 100
 6  88  42  65  -2   0   0 0.00    M    M  2.2  7 250   M    M   0        11 150
 7  90  45  68   2   0   3 0.00    M    M  3.5 14 300   M    M   0        17 300
 8  91  49  70   4   0   5 0.00    M    M  4.2 20 330   M    M   0 8      27 320
 9  82  61  72   6   0   7 0.00    M    M 16.8 28 320   M    M   0        36 320
10  81  54  68   3   0   3 0.00    M    M 11.2 24 320   M    M   0        32 320
11  75  45  60  -5   5   0 0.00    M    M  6.9 20 340   M    M   0        26 320
12  77  42  60  -4   5   0 0.00    M    M  5.1 14 110   M    M   0        20 120
13  82  39  61  -3   4   0 0.00    M    M  2.4  9 250   M    M   0        12 100
14  89  42  66   2   0   1 0.00    M    M  1.5  7 240   M    M   0        12 210
15  90  45  68   5   0   3 0.01    M    M  2.4 20 250   M    M   0 3      26 260
16  93  58  76  13   0  11    T    M    M  2.6 16 100   M    M   0 38     20  90
17  91  59  75  13   0  10 0.00    M    M  2.7 10 240   M    M   0 8      12 240
18  88  64  76  14   0  11    T    M    M  6.2 23 320   M    M   2        30 320
19  86  59  73  11   0   8 0.00    M    M  7.1 22 310   M    M   0 8      29 320
20  87  53  70   9   0   5 0.00    M    M  3.5 10 320   M    M   0 8      13 310
21  85  49  67   6   0   2 0.00    M    M  4.6 20 140   M    M   1        26 140
22  81  63  72  11   0   7    T    M    M  2.3 18 310   M    M   2 8      25 310
23  81  58  70  10   0   5 0.00    M    M  3.1 12 130   M    M   0 8      17 100
24  92  48  70  10   0   5 0.00    M    M  3.3 14 320   M    M   0 8      18 330
25  81  51  66   7   0   1    T    M    M 10.4 35 260   M    M   2 8      45 270
26  74  50  62   3   3   0 0.00    M    M  6.7 18 330   M    M   1        25 340
27  72  58  65   7   0   0 0.06    M    M 12.2 23 300   M    M   9        28 300
28  70  57  64   6   1   0 0.04    M    M  4.8 22 180   M    M   7        30 150
29  60  53  57  -1   8   0 0.30    M    M  3.6 23 160   M    M   6 1      28 150
================================================================================
SM 2393 1483        30  90  0.41    M    155.2          M       30
================================================================================
AV 82.5 51.1                               5.4 FASTST   M    M   1    MAX(MPH)
                                 MISC ---->  # 35 260               # 45  270
================================================================================
NOTES:
# LAST OF SEVERAL OCCURRENCES

COLUMN 17 PEAK WIND IN M.P.H.

PRELIMINARY LOCAL CLIMATOLOGICAL DATA (WS FORM: F-6) , PAGE 2

                                          STATION:  ONTARIO OR
                                          MONTH:    SEPTEMBER
                                          YEAR:     2014
                                          LATITUDE:   44  1 N
                                          LONGITUDE: 117  1 W

[TEMPERATURE DATA]      [PRECIPITATION DATA]       SYMBOLS USED IN COLUMN 16

AVERAGE MONTHLY: 66.8   TOTAL FOR MONTH:   0.41    1 = FOG OR MIST
DPTR FM NORMAL:   3.7   DPTR FM NORMAL:    0.02    2 = FOG REDUCING VISIBILITY
HIGHEST:    93 ON 16    GRTST 24HR  0.33 ON 28-29      TO 1/4 MILE OR LESS
LOWEST:     39 ON 13                               3 = THUNDER
                        SNOW, ICE PELLETS, HAIL    4 = ICE PELLETS
                        TOTAL MONTH:    M          5 = HAIL
                        GRTST 24HR    M  ON   M    6 = FREEZING RAIN OR DRIZZLE
                        GRTST DEPTH:  M  ON   M    7 = DUSTSTORM OR SANDSTORM:
                                                       VSBY 1/2 MILE OR LESS
                                                   8 = SMOKE OR HAZE
[NO. OF DAYS WITH]      [WEATHER - DAYS WITH]      9 = BLOWING SNOW
                                                   X = TORNADO
MAX 32 OR BELOW:   0    0.01 INCH OR MORE:   4
MAX 90 OR ABOVE:   6    0.10 INCH OR MORE:   1
MIN 32 OR BELOW:   0    0.50 INCH OR MORE:   0
MIN  0 OR BELOW:   0    1.00 INCH OR MORE:   0

[HDD (BASE 65) ]
TOTAL THIS MO.    30    CLEAR  (SCALE 0-3)  26
DPTR FM NORMAL   -79    PTCLDY (SCALE 4-7)   2
TOTAL FM JUL 1    31    CLOUDY (SCALE 8-10)  1
DPTR FM NORMAL   -94

[CDD (BASE 65) ]
TOTAL THIS MO.    90
DPTR FM NORMAL    34    [PRESSURE DATA]
TOTAL FM JAN 1  1087    HIGHEST SLP M ON M
DPTR FM NORMAL   238    LOWEST  SLP 29.58 ON M

[REMARKS]
