000
CXUS56 KBOI 251002
CF6ONO
PRELIMINARY LOCAL CLIMATOLOGICAL DATA (WS FORM: F-6)

                                          STATION:   ONTARIO OR
                                          MONTH:     DECEMBER
                                          YEAR:      2014
                                          LATITUDE:   44  1 N
                                          LONGITUDE: 117  1 W

  TEMPERATURE IN F:       :PCPN:    SNOW:  WIND      :SUNSHINE: SKY     :PK WND
================================================================================
1   2   3   4   5  6A  6B    7    8   9   10  11  12  13   14  15   16   17  18
                                     12Z  AVG MX 2MIN
DY MAX MIN AVG DEP HDD CDD  WTR  SNW DPTH SPD SPD DIR MIN PSBL S-S WX    SPD DR
================================================================================

 1  31  20  26  -5  39   0 0.21    M    M  4.5  8 260   M    M   9 16     10 250
 2  36  30  33   2  32   0    T    M    M  3.9  9 240   M    M  10 1      20 270
 3  36  33  35   5  30   0 0.37    M    M  4.8 10 240   M    M  10 1      12 240
 4  45  35  40  10  25   0 0.03    M    M  3.7  9 250   M    M   9 1      11 240
 5  43  36  40  10  25   0 0.00    M    M  3.2  8 260   M    M  10 12     11 240
 6  54  37  46  16  19   0 0.17    M    M  3.6 14 250   M    M   5 1      17 250
 7  46  31  39  10  26   0    T    M    M  0.8  6  20   M    M   8 12      9  40
 8  45  36  41  12  24   0 0.01    M    M  1.4  8 320   M    M   8 12     12  50
 9  48  35  42  13  23   0    T    M    M  2.3  7 280   M    M   7 12      8 260
10  52  34  43  15  22   0    T    M    M  4.0 18 240   M    M   6 12     24 120
11  56  45  51  23  14   0    T    M    M  7.0 30 130   M    M  10        37 120
12  56  41  49  21  16   0 0.04    M    M  7.4 25 310   M    M   7        33 310
13  50  33  42  14  23   0 0.00    M    M 11.0 21 310   M    M   4        25 300
14  47  29  38  10  27   0 0.00    M    M  6.4 14 250   M    M   0        16 250
15  39  22  31   4  34   0 0.01    M    M  4.6  9 100   M    M   3        13 100
16  44  35  40  13  25   0 0.02    M    M  4.8 14 140   M    M  10        18 120
17  42  31  37  10  28   0 0.00    M    M  2.5  8 240   M    M   8 1      10 150
18  44  33  39  12  26   0 0.04    M    M  2.3  7 270   M    M   9 1       8 270
19  46  33  40  13  25   0 0.22    M    M  2.5 10 160   M    M   9 1      13 150
20  45  33  39  12  26   0 0.70    M    M  4.2 15 150   M    M  10 12     19 150
21  50  41  46  19  19   0 0.23    M    M  5.6 30 310   M    M   9 1      37 310
22  51  34  43  16  22   0 0.06    M    M  8.1 31 310   M    M   4 1      39 320
23  42  26  34   8  31   0 0.00    M    M  1.3  6 330   M    M   5         7  50
24  39  28  34   8  31   0 0.27    M    M  8.4 36 310   M    M   7 12     44 310
================================================================================
SM 1087  791       612   0  2.38    M    108.3          M      177
================================================================================
AV 45.3 33.0                               4.5 FASTST   M    M   7    MAX(MPH)
                                 MISC ---->  # 36 310               # 44  310
================================================================================
NOTES:
# LAST OF SEVERAL OCCURRENCES

COLUMN 17 PEAK WIND IN M.P.H.

PRELIMINARY LOCAL CLIMATOLOGICAL DATA (WS FORM: F-6) , PAGE 2

                                          STATION:  ONTARIO OR
                                          MONTH:    DECEMBER
                                          YEAR:     2014
                                          LATITUDE:   44  1 N
                                          LONGITUDE: 117  1 W

[TEMPERATURE DATA]      [PRECIPITATION DATA]       SYMBOLS USED IN COLUMN 16

AVERAGE MONTHLY: 39.1   TOTAL FOR MONTH:   2.38    1 = FOG OR MIST
DPTR FM NORMAL:  10.9   DPTR FM NORMAL:    1.10    2 = FOG REDUCING VISIBILITY
HIGHEST:    56 ON 12,11 GRTST 24HR  0.74 ON 20-21      TO 1/4 MILE OR LESS
LOWEST:     20 ON  1                               3 = THUNDER
                        SNOW, ICE PELLETS, HAIL    4 = ICE PELLETS
                        TOTAL MONTH:    M          5 = HAIL
                        GRTST 24HR    M  ON   M    6 = FREEZING RAIN OR DRIZZLE
                        GRTST DEPTH:  M  ON   M    7 = DUSTSTORM OR SANDSTORM:
                                                       VSBY 1/2 MILE OR LESS
                                                   8 = SMOKE OR HAZE
[NO. OF DAYS WITH]      [WEATHER - DAYS WITH]      9 = BLOWING SNOW
                                                   X = TORNADO
MAX 32 OR BELOW:   1    0.01 INCH OR MORE:  14
MAX 90 OR ABOVE:   0    0.10 INCH OR MORE:   7
MIN 32 OR BELOW:   8    0.50 INCH OR MORE:   1
MIN  0 OR BELOW:   0    1.00 INCH OR MORE:   0

[HDD (BASE 65) ]
TOTAL THIS MO.   612    CLEAR  (SCALE 0-3)   2
DPTR FM NORMAL  -271    PTCLDY (SCALE 4-7)   9
TOTAL FM JUL 1  1893    CLOUDY (SCALE 8-10) 13
DPTR FM NORMAL  -418

[CDD (BASE 65) ]
TOTAL THIS MO.     0
DPTR FM NORMAL     0    [PRESSURE DATA]
TOTAL FM JAN 1  1088    HIGHEST SLP M ON M
DPTR FM NORMAL   236    LOWEST  SLP 29.49 ON 24

[REMARKS]
