000
CXUS55 KLOT 260700
CF6ORD
PRELIMINARY LOCAL CLIMATOLOGICAL DATA (WS FORM: F-6)

                                          STATION:   CHICAGO-OHARE
                                          MONTH:     JUNE
                                          YEAR:      2017
                                          LATITUDE:   41 58 N
                                          LONGITUDE:  87 54 W

  TEMPERATURE IN F:       :PCPN:    SNOW:  WIND      :SUNSHINE: SKY     :PK WND
================================================================================
1   2   3   4   5  6A  6B    7    8   9   10  11  12  13   14  15   16   17  18
                                     12Z  AVG MX 2MIN
DY MAX MIN AVG DEP HDD CDD  WTR  SNW DPTH SPD SPD DIR MIN PSBL S-S WX    SPD DR
================================================================================

 1  81  51  66   2   0   1 0.00  0.0    0  4.7 14 100   M    M   1        18 320
 2  86  53  70   6   0   5 0.00  0.0    0  5.4 16  80   M    M   1 8      24 100
 3  84  57  71   6   0   6    T  0.0    0  6.1 22 260   M    M   5 8      30 250
 4  92  66  79  14   0  14 0.00  0.0    0  8.4 21 270   M    M   6        28 260
 5  75  59  67   1   0   2 0.00  0.0    0 14.1 25  20   M    M   1 8      32  30
 6  76  54  65  -1   0   0 0.00  0.0    0 13.8 22  40   M    M   1        32  10
 7  77  56  67   1   0   2 0.00  0.0    0  8.1 18  60   M    M   2        25  60
 8  83  53  68   2   0   3 0.06  0.0    0  4.2 13 300   M    M   5 38     19 280
 9  87  65  76   9   0  11    T  0.0    0  8.9 17 310   M    M   5        23 230
10  90  64  77  10   0  12 0.00  0.0    0 14.1 31 190   M    M   4        39 230
11  93  73  83  15   0  18 0.00  0.0    0 15.0 24 190   M    M   4        34 180
12  95  73  84  16   0  19 0.00  0.0    0 11.7 26 350   M    M   4        33 350
13  88  68  78  10   0  13 0.00  0.0    0  6.9 20  20   M    M   7 3      24  20
14  92  68  80  11   0  15 0.59  0.0    0  9.9 25 300   M    M   7 138    33 300
15  91  68  80  11   0  15 0.07  0.0    0  7.8 30 310   M    M   6 13     39 280
16  86  67  77   8   0  12 0.22  0.0    0 10.3 31 190   M    M   6 3      39 200
17  87  69  78   8   0  13 0.42  0.0    0  8.6 20 280   M    M   9 13     25 280
18  79  69  74   4   0   9    T  0.0    0 13.6 28 260   M    M   7        35 270
19  80  62  71   1   0   6 0.03    T    0 10.0 29 350   M    M   6 35     36 340
20  80  58  69  -1   0   4    T  0.0    0  9.6 28  50   M    M   4        32  50
21  80  55  68  -3   0   3 0.00  0.0    0  7.2 20 120   M    M   5        23 120
22  88  68  78   7   0  13    T  0.0    0 14.5 25 200   M    M   7        31 210
23  83  66  75   4   0  10 0.71  0.0    0 12.2 25 340   M    M   7 13     32 340
24  75  59  67  -5   0   2 0.02  0.0    0 12.4 28 280   M    M   4        36 280
25  72  54  63  -9   2   0 0.00  0.0    0 12.7 22 280   M    M   5        32 260
================================================================================
SM 2100 1555         2 208  2.12    T    250.2          M      119
================================================================================
AV 84.0 62.2                              10.0 FASTST   M    M   5    MAX(MPH)
                                 MISC ---->  # 31 190               # 39  230
================================================================================
NOTES:
# LAST OF SEVERAL OCCURRENCES

COLUMN 17 PEAK WIND IN M.P.H.

PRELIMINARY LOCAL CLIMATOLOGICAL DATA (WS FORM: F-6) , PAGE 2

                                          STATION:  CHICAGO-OHARE
                                          MONTH:    JUNE
                                          YEAR:     2017
                                          LATITUDE:   41 58 N
                                          LONGITUDE:  87 54 W

[TEMPERATURE DATA]      [PRECIPITATION DATA]       SYMBOLS USED IN COLUMN 16

AVERAGE MONTHLY: 73.1   TOTAL FOR MONTH:   2.12    1 = FOG OR MIST
DPTR FM NORMAL:   4.9   DPTR FM NORMAL:   -0.79    2 = FOG REDUCING VISIBILITY
HIGHEST:    95 ON 12    GRTST 24HR  0.71 ON 23-23      TO 1/4 MILE OR LESS
LOWEST:     51 ON  1                               3 = THUNDER
                        SNOW, ICE PELLETS, HAIL    4 = ICE PELLETS
                        TOTAL MONTH:    T          5 = HAIL
                        GRTST 24HR    T  ON 19-19  6 = FREEZING RAIN OR DRIZZLE
                        GRTST DEPTH:   0           7 = DUSTSTORM OR SANDSTORM:
                                                       VSBY 1/2 MILE OR LESS
                                                   8 = SMOKE OR HAZE
[NO. OF DAYS WITH]      [WEATHER - DAYS WITH]      9 = BLOWING SNOW
                                                   X = TORNADO
MAX 32 OR BELOW:   0    0.01 INCH OR MORE:   8
MAX 90 OR ABOVE:   6    0.10 INCH OR MORE:   4
MIN 32 OR BELOW:   0    0.50 INCH OR MORE:   2
MIN  0 OR BELOW:   0    1.00 INCH OR MORE:   0

[HDD (BASE 65) ]
TOTAL THIS MO.     2    CLEAR  (SCALE 0-3)   5
DPTR FM NORMAL   -46    PTCLDY (SCALE 4-7)  19
TOTAL FM JUL 1  5286    CLOUDY (SCALE 8-10)  1
DPTR FM NORMAL -1054

[CDD (BASE 65) ]
TOTAL THIS MO.   208
DPTR FM NORMAL    84    [PRESSURE DATA]
TOTAL FM JAN 1   241    HIGHEST SLP M ON M
DPTR FM NORMAL    63    LOWEST  SLP 29.53 ON 18

[REMARKS]
