000
CXUS55 KLOT 280700
CF6ORD
PRELIMINARY LOCAL CLIMATOLOGICAL DATA (WS FORM: F-6)

                                          STATION:   CHICAGO-OHARE
                                          MONTH:     NOVEMBER
                                          YEAR:      2014
                                          LATITUDE:   41 58 N
                                          LONGITUDE:  87 54 W

  TEMPERATURE IN F:       :PCPN:    SNOW:  WIND      :SUNSHINE: SKY     :PK WND
================================================================================
1   2   3   4   5  6A  6B    7    8   9   10  11  12  13   14  15   16   17  18
                                     12Z  AVG MX 2MIN
DY MAX MIN AVG DEP HDD CDD  WTR  SNW DPTH SPD SPD DIR MIN PSBL S-S WX    SPD DR
================================================================================

 1  43  29  36 -11  29   0 0.00  0.0    0  8.7 18  50   M    M   6        26 340
 2  51  25  38  -9  27   0 0.00  0.0    0  9.8 22 190   M    M   5 18     29 190
 3  62  43  53   7  12   0 0.00  0.0    0 15.2 26 210   M    M   8 8      36 210
 4  60  44  52   6  13   0    T  0.0    0 15.5 24 260   M    M   9 8      33 210
 5  60  34  47   2  18   0    T  0.0    0  9.2 20 190   M    M   6        26 210
 6  51  38  45   0  20   0    T  0.0    0 17.0 31 340   M    M  10        37 340
 7  43  29  36  -8  29   0 0.00  0.0    0  8.2 16 320   M    M   8        22 200
 8  47  36  42  -2  23   0 0.01  0.0    0 11.7 25 330   M    M   9        32 320
 9  52  35  44   0  21   0    T  0.0    0  9.0 24 210   M    M  10        31 210
10  62  41  52   9  13   0 0.00  0.0    0 13.1 28 180   M    M   8        36 180
11  58  31  45   2  20   0 0.21  0.0    0 15.3 24 310   M    M  10 18     34 300
12  31  24  28 -14  37   0    T    T    0 13.4 21 300   M    M   9        26 280
13  29  24  27 -15  38   0    T    T    0 12.3 18 300   M    M   9 8      24 290
14  27  21  24 -17  41   0    T    T    0  7.9 14 300   M    M  10        18 300
15  31  17  24 -17  41   0 0.04  1.4    0  5.5 14 210   M    M   7 1      17 250
16  31  18  25 -15  40   0 0.01  0.2    0  7.7 20 280   M    M  10 18     25 280
17  21  11  16 -24  49   0    T  0.3    0 16.0 30 280   M    M   6        38 270
18  19   9  14 -25  51   0    T    T    0 16.7 25 270   M    M   7        33 270
19  32  17  25 -14  40   0    T    T    0 15.2 28 280   M    M   9        38 280
20  27  14  21 -17  44   0 0.00  0.0    0 14.9 25 270   M    M   1        33 280
21  35   7  21 -17  44   0 0.00  0.0    0  8.5 21 190   M    M   3        24 180
22  52  33  43   6  22   0 0.07  0.0    0 13.2 21 200   M    M  10 18     28 200
23  52  48  50  13  15   0 0.63  0.0    0 10.4 21 190   M    M  10 1      27 200
24  49  24  37   1  28   0 0.43  0.7    0 17.2 33 250   M    M  10 124    45 260
25  26  18  22 -14  43   0 0.01  0.2    0 10.3 22 280   M    M   6 1      29 270
26  29  17  23 -12  42   0    T    T    0  5.1 14 330   M    M   9 18     16 350
27  27  15  21 -14  44   0    T    T    T  9.9 21 320   M    M   8 8      25 300
================================================================================
SM 1107  702       844   0  1.41     2.8 316.9          M      213
================================================================================
AV 41.0 26.0                              11.7 FASTST   M    M   8    MAX(MPH)
                                 MISC ---->  # 33 250               # 45  260
================================================================================
NOTES:
# LAST OF SEVERAL OCCURRENCES

COLUMN 17 PEAK WIND IN M.P.H.

PRELIMINARY LOCAL CLIMATOLOGICAL DATA (WS FORM: F-6) , PAGE 2

                                          STATION:  CHICAGO-OHARE
                                          MONTH:    NOVEMBER
                                          YEAR:     2014
                                          LATITUDE:   41 58 N
                                          LONGITUDE:  87 54 W

[TEMPERATURE DATA]      [PRECIPITATION DATA]       SYMBOLS USED IN COLUMN 16

AVERAGE MONTHLY: 33.5   TOTAL FOR MONTH:   1.41    1 = FOG OR MIST
DPTR FM NORMAL:  -7.6   DPTR FM NORMAL:   -1.43    2 = FOG REDUCING VISIBILITY
HIGHEST:    62 ON 10, 3 GRTST 24HR  1.03 ON 23-24      TO 1/4 MILE OR LESS
LOWEST:      7 ON 21                               3 = THUNDER
                        SNOW, ICE PELLETS, HAIL    4 = ICE PELLETS
                        TOTAL MONTH:   2.8 INCHES  5 = HAIL
                        GRTST 24HR   1.4 ON   M    6 = FREEZING RAIN OR DRIZZLE
                        GRTST DEPTH:   T           7 = DUSTSTORM OR SANDSTORM:
                                                       VSBY 1/2 MILE OR LESS
                                                   8 = SMOKE OR HAZE
[NO. OF DAYS WITH]      [WEATHER - DAYS WITH]      9 = BLOWING SNOW
                                                   X = TORNADO
MAX 32 OR BELOW:  12    0.01 INCH OR MORE:   8
MAX 90 OR ABOVE:   0    0.10 INCH OR MORE:   3
MIN 32 OR BELOW:  18    0.50 INCH OR MORE:   1
MIN  0 OR BELOW:   0    1.00 INCH OR MORE:   0

[HDD (BASE 65) ]
TOTAL THIS MO.   844    CLEAR  (SCALE 0-3)   2
DPTR FM NORMAL   199    PTCLDY (SCALE 4-7)  10
TOTAL FM JUL 1  1351    CLOUDY (SCALE 8-10) 15
DPTR FM NORMAL   191

[CDD (BASE 65) ]
TOTAL THIS MO.     0
DPTR FM NORMAL     0    [PRESSURE DATA]
TOTAL FM JAN 1   799    HIGHEST SLP M ON M
DPTR FM NORMAL   -44    LOWEST  SLP 29.10 ON 24

[REMARKS]
