231
CXUS51 KAKQ 231010
CF6ORF
PRELIMINARY LOCAL CLIMATOLOGICAL DATA (WS FORM: F-6)

                                          STATION:   NORFOLK VA
                                          MONTH:     AUGUST
                                          YEAR:      2017
                                          LATITUDE:   36 54 N
                                          LONGITUDE:  76 12 W

  TEMPERATURE IN F:       :PCPN:    SNOW:  WIND      :SUNSHINE: SKY     :PK WND
================================================================================
1   2   3   4   5  6A  6B    7    8   9   10  11  12  13   14  15   16   17  18
                                     12Z  AVG MX 2MIN
DY MAX MIN AVG DEP HDD CDD  WTR  SNW DPTH SPD SPD DIR MIN PSBL S-S WX    SPD DR
================================================================================

 1  87  65  76  -3   0  11 0.00  0.0    0  5.3 10  40   M    M   0        16 190
 2  89  71  80   1   0  15 0.00  0.0    0  6.5 13 150   M    M   0        19 130
 3  91  72  82   3   0  17 0.00  0.0    0  7.3 15 190   M    M   0        23 180
 4  89  72  81   2   0  16 0.00  0.0    0  7.3 17 220   M    M   2        21 210
 5  86  75  81   2   0  16 0.00  0.0    0 10.7 17  30   M    M   1        20 210
 6  84  68  76  -3   0  11 0.00  0.0    0  6.8 15  50   M    M   2        23 130
 7  88  75  82   3   0  17 1.73  0.0    0 12.0 25 190   M    M   7 1      34 190
 8  77  72  75  -4   0  10 0.95  0.0    0  9.8 20  10   M    M   9 1      27 360
 9  79  71  75  -4   0  10 0.00  0.0    0  8.8 15  60   M    M   4        22  70
10  80  71  76  -2   0  11 0.00  0.0    0  7.4 12  60   M    M   2 8      19  80
11  85  70  78   0   0  13 0.24  0.0    0  6.2 16 140   M    M   7 1      20 200
12  85  74  80   2   0  15 1.21  0.0    0  9.2 18 210   M    M   6 1      23 210
13  83  75  79   1   0  14 0.01  0.0    0  6.3 15  10   M    M   7        21  60
14  82  75  79   1   0  14 0.02  0.0    0  6.2 13  90   M    M   9 1      15 100
15  91  76  84   6   0  19 0.27  0.0    0  5.9 22  20   M    M   7 1      27  20
16  86  75  81   3   0  16 0.00  0.0    0  5.9 14  20   M    M   4        17  20
17  91  73  82   4   0  17 0.00  0.0    0  6.7 14 160   M    M   2 1      19 150
18  96  78  87   9   0  22    T  0.0    0 10.7 24 190   M    M   4 8      29 200
19  88  75  82   4   0  17 0.38  0.0    0  4.7 14 340   M    M   2 1      22 340
20  86  74  80   2   0  15 0.00  0.0    0  5.6 13  70   M    M   1        17  90
21  90  75  83   5   0  18 0.00  0.0    0  5.8 13 160   M    M   1 1      20 140
22  92  76  84   7   0  19 0.00  0.0    0 11.2 21 200   M    M   1        25 210
================================================================================
SM 1905 1608         0 333  4.81     0.0 166.3          M       78
================================================================================
AV 86.6 73.1                               7.6 FASTST   M    M   4    MAX(MPH)
                                 MISC ---->  # 25 190               # 34  190
================================================================================
NOTES:
# LAST OF SEVERAL OCCURRENCES

COLUMN 17 PEAK WIND IN M.P.H.

PRELIMINARY LOCAL CLIMATOLOGICAL DATA (WS FORM: F-6) , PAGE 2

                                          STATION:  NORFOLK VA
                                          MONTH:    AUGUST
                                          YEAR:     2017
                                          LATITUDE:   36 54 N
                                          LONGITUDE:  76 12 W

[TEMPERATURE DATA]      [PRECIPITATION DATA]       SYMBOLS USED IN COLUMN 16

AVERAGE MONTHLY: 79.8   TOTAL FOR MONTH:   4.81    1 = FOG OR MIST
DPTR FM NORMAL:   1.5   DPTR FM NORMAL:    0.77    2 = FOG REDUCING VISIBILITY
HIGHEST:    96 ON 18    GRTST 24HR  1.73 ON  7- 7      TO 1/4 MILE OR LESS
LOWEST:     65 ON  1                               3 = THUNDER
                        SNOW, ICE PELLETS, HAIL    4 = ICE PELLETS
                        TOTAL MONTH:   0.0 INCH    5 = HAIL
                        GRTST 24HR     0.0         6 = FREEZING RAIN OR DRIZZLE
                        GRTST DEPTH:   0           7 = DUSTSTORM OR SANDSTORM:
                                                       VSBY 1/2 MILE OR LESS
                                                   8 = SMOKE OR HAZE
[NO. OF DAYS WITH]      [WEATHER - DAYS WITH]      9 = BLOWING SNOW
                                                   X = TORNADO
MAX 32 OR BELOW:   0    0.01 INCH OR MORE:   8
MAX 90 OR ABOVE:   6    0.10 INCH OR MORE:   6
MIN 32 OR BELOW:   0    0.50 INCH OR MORE:   3
MIN  0 OR BELOW:   0    1.00 INCH OR MORE:   2

[HDD (BASE 65) ]
TOTAL THIS MO.     0    CLEAR  (SCALE 0-3)  12
DPTR FM NORMAL     0    PTCLDY (SCALE 4-7)   8
TOTAL FM JUL 1     0    CLOUDY (SCALE 8-10)  2
DPTR FM NORMAL     0

[CDD (BASE 65) ]
TOTAL THIS MO.   333
DPTR FM NORMAL    38    [PRESSURE DATA]
TOTAL FM JAN 1  1584    HIGHEST SLP M ON M
DPTR FM NORMAL   354    LOWEST  SLP 29.79 ON 18

[REMARKS]
