000
CXUS51 KAKQ 211010
CF6ORF
PRELIMINARY LOCAL CLIMATOLOGICAL DATA (WS FORM: F-6)

                                          STATION:   NORFOLK VA
                                          MONTH:     OCTOBER
                                          YEAR:      2017
                                          LATITUDE:   36 54 N
                                          LONGITUDE:  76 12 W

  TEMPERATURE IN F:       :PCPN:    SNOW:  WIND      :SUNSHINE: SKY     :PK WND
================================================================================
1   2   3   4   5  6A  6B    7    8   9   10  11  12  13   14  15   16   17  18
                                     12Z  AVG MX 2MIN
DY MAX MIN AVG DEP HDD CDD  WTR  SNW DPTH SPD SPD DIR MIN PSBL S-S WX    SPD DR
================================================================================

 1  73  57  65  -2   0   0 0.00  0.0    0 13.1 24  20   M    M   3        31  30
 2  73  56  65  -2   0   0 0.00  0.0    0  4.0 14  40   M    M   2        18  80
 3  74  55  65  -1   0   0 0.00  0.0    0  6.3 15  30   M    M   3        19  20
 4  76  59  68   2   0   3 0.00  0.0    0  6.2 13  40   M    M   1        17 140
 5  85  60  73   7   0   8 0.00  0.0    0  6.4 14 240   M    M   0 1      19 200
 6  85  61  73   8   0   8 0.00  0.0    0  6.1 15 220   M    M   0        20 220
 7  86  67  77  12   0  12 0.00  0.0    0  7.8 15 170   M    M   4        22 160
 8  88  74  81  16   0  16 0.19  0.0    0  9.8 20 200   M    M   4 1      24 200
 9  88  76  82  18   0  17    T  0.0    0 15.2 26 210   M    M   6        34 210
10  87  77  82  18   0  17 0.25  0.0    0  7.1 17 220   M    M   8 1      19 220
11  86  74  80  16   0  15 1.61  0.0    0  6.8 13 350   M    M   8 1      18 310
12  76  68  72   9   0   7 0.27  0.0    0 14.5 28  60   M    M  10 1      36  60
13  70  67  69   6   0   4 0.40  0.0    0 16.1 22  20   M    M  10 1      30  60
14  70  68  69   6   0   4 0.16  0.0    0  9.2 16 350   M    M  10 1      23 350
15  82  67  75  13   0  10 0.01  0.0    0 10.8 18 200   M    M   5 1      24 230
16  71  60  66   4   0   1    T  0.0    0 14.2 22  30   M    M   7        31 360
17  61  47  54  -8  11   0 0.00  0.0    0 11.5 26  20   M    M   1        32  30
18  68  46  57  -4   8   0 0.00  0.0    0  4.0 13  30   M    M   0        17  30
19  73  51  62   1   3   0 0.00  0.0    0  2.6 10  70   M    M   0        13 110
20  75  52  64   3   1   0 0.00  0.0    0  3.5 10 360   M    M   0        13  10
================================================================================
SM 1547 1242        23 122  2.89     0.0 175.2          M       82
================================================================================
AV 77.4 62.1                               8.8 FASTST   M    M   4    MAX(MPH)
                                 MISC ---->  # 28  60               # 36   60
================================================================================
NOTES:
# LAST OF SEVERAL OCCURRENCES

COLUMN 17 PEAK WIND IN M.P.H.

PRELIMINARY LOCAL CLIMATOLOGICAL DATA (WS FORM: F-6) , PAGE 2

                                          STATION:  NORFOLK VA
                                          MONTH:    OCTOBER
                                          YEAR:     2017
                                          LATITUDE:   36 54 N
                                          LONGITUDE:  76 12 W

[TEMPERATURE DATA]      [PRECIPITATION DATA]       SYMBOLS USED IN COLUMN 16

AVERAGE MONTHLY: 69.7   TOTAL FOR MONTH:   2.89    1 = FOG OR MIST
DPTR FM NORMAL:   5.9   DPTR FM NORMAL:    0.67    2 = FOG REDUCING VISIBILITY
HIGHEST:    88 ON  9, 8 GRTST 24HR  1.61 ON 11-11      TO 1/4 MILE OR LESS
LOWEST:     46 ON 18                               3 = THUNDER
                        SNOW, ICE PELLETS, HAIL    4 = ICE PELLETS
                        TOTAL MONTH:   0.0 INCH    5 = HAIL
                        GRTST 24HR     0.0         6 = FREEZING RAIN OR DRIZZLE
                        GRTST DEPTH:   0           7 = DUSTSTORM OR SANDSTORM:
                                                       VSBY 1/2 MILE OR LESS
                                                   8 = SMOKE OR HAZE
[NO. OF DAYS WITH]      [WEATHER - DAYS WITH]      9 = BLOWING SNOW
                                                   X = TORNADO
MAX 32 OR BELOW:   0    0.01 INCH OR MORE:   7
MAX 90 OR ABOVE:   0    0.10 INCH OR MORE:   6
MIN 32 OR BELOW:   0    0.50 INCH OR MORE:   1
MIN  0 OR BELOW:   0    1.00 INCH OR MORE:   1

[HDD (BASE 65) ]
TOTAL THIS MO.    23    CLEAR  (SCALE 0-3)   8
DPTR FM NORMAL   -46    PTCLDY (SCALE 4-7)   8
TOTAL FM JUL 1    23    CLOUDY (SCALE 8-10)  4
DPTR FM NORMAL   -57

[CDD (BASE 65) ]
TOTAL THIS MO.   122
DPTR FM NORMAL    77    [PRESSURE DATA]
TOTAL FM JAN 1  2081    HIGHEST SLP M ON M
DPTR FM NORMAL   471    LOWEST  SLP 29.92 ON 16

[REMARKS]
