000
CXUS51 KBOX 251200
CF6ORH
PRELIMINARY LOCAL CLIMATOLOGICAL DATA (WS FORM: F-6)

                                          STATION:   WORCESTER MA
                                          MONTH:     JULY
                                          YEAR:      2017
                                          LATITUDE:   42 16 N
                                          LONGITUDE:  71 52 W

  TEMPERATURE IN F:       :PCPN:    SNOW:  WIND      :SUNSHINE: SKY     :PK WND
================================================================================
1   2   3   4   5  6A  6B    7    8   9   10  11  12  13   14  15   16   17  18
                                     12Z  AVG MX 2MIN
DY MAX MIN AVG DEP HDD CDD  WTR  SNW DPTH SPD SPD DIR MIN PSBL S-S WX    SPD DR
================================================================================

 1  82  66  74   5   0   9    T  0.0    M 12.9 24 180   M    M   7 12     33 170
 2  82  67  75   6   0  10 0.12  0.0    M 11.5 22 270   M    M   3 1      29 270
 3  80  62  71   2   0   6 0.00  0.0    M 10.6 18 250   M    M   1        26 280
 4  79  60  70   1   0   5 0.00  0.0    M  6.2 13 340   M    M   3        16 310
 5  80  62  71   1   0   6 0.00  0.0    M  6.9 16 160   M    M   0        20 160
 6  78  59  69  -1   0   4 0.00  0.0    M  9.3 16 170   M    M   1        20 170
 7  67  61  64  -6   1   0 0.51  0.0    M  5.7 14 100   M    M   9 12     18  90
 8  82  61  72   2   0   7 0.02  0.0    M 11.0 22 230   M    M   7 123    29 230
 9  77  59  68  -2   0   3 0.00  0.0    M 10.7 17 280   M    M   1        24 280
10  81  60  71   1   0   6 0.00  0.0    M 10.5 21 220   M    M   2        27 210
11  80  65  73   3   0   8 0.16  0.0    M  8.2 14 250   M    M   5 1      23 270
12  83  66  75   5   0  10 0.17  0.0    M  5.6 21 220   M    M   4 13     26 220
13  71  54  63  -7   2   0 0.05  0.0    M  6.9 14  40   M    M   9 12     22  30
14  62  54  58 -12   7   0 0.07  0.0    M  5.3 10 130   M    M  10 12     14 120
15  79  60  70  -1   0   5    T  0.0    M  6.0 14 260   M    M   6 12     17 230
16  83  64  74   3   0   9 0.00  0.0    M  7.4 13 290   M    M   1        25 230
17  82  65  74   3   0   9 0.00  0.0    M  8.3 15 180   M    M   1        20 190
18  83  66  75   4   0  10 0.21  0.0    M  8.2 15 210   M    M   7 1      18 230
19  86  68  77   6   0  12 0.00  0.0    M  9.3 18 240   M    M   2 1      23 250
20  87  67  77   6   0  12 0.00  0.0    M  8.4 16 240   M    M   1        21 220
21  85  64  75   4   0  10 0.00  0.0    M  9.3 16 280   M    M   0        22 270
22  82  66  74   3   0   9    T  0.0    M  5.9 13 280   M    M   3        18 290
23  74  62  68  -3   0   3 0.00  0.0    M  8.2 16  30   M    M   4        24  50
24  61  52  57 -14   8   0 0.88  0.0    M 10.3 20  70   M    M  10 1      28  60
================================================================================
SM 1886 1490        18 153  2.19     0.0 202.6          M       97
================================================================================
AV 78.6 62.1                               8.4 FASTST   M    M   4    MAX(MPH)
                                 MISC ---->  # 24 180               # 33  170
================================================================================
NOTES:
# LAST OF SEVERAL OCCURRENCES

COLUMN 17 PEAK WIND IN M.P.H.

PRELIMINARY LOCAL CLIMATOLOGICAL DATA (WS FORM: F-6) , PAGE 2

                                          STATION:  WORCESTER MA
                                          MONTH:    JULY
                                          YEAR:     2017
                                          LATITUDE:   42 16 N
                                          LONGITUDE:  71 52 W

[TEMPERATURE DATA]      [PRECIPITATION DATA]       SYMBOLS USED IN COLUMN 16

AVERAGE MONTHLY: 70.3   TOTAL FOR MONTH:   2.19    1 = FOG OR MIST
DPTR FM NORMAL:   0.2   DPTR FM NORMAL:   -1.04    2 = FOG REDUCING VISIBILITY
HIGHEST:    87 ON 20    GRTST 24HR  0.88 ON 24-24      TO 1/4 MILE OR LESS
LOWEST:     52 ON 24                               3 = THUNDER
                        SNOW, ICE PELLETS, HAIL    4 = ICE PELLETS
                        TOTAL MONTH:   0.0 INCH    5 = HAIL
                        GRTST 24HR     0.0         6 = FREEZING RAIN OR DRIZZLE
                        GRTST DEPTH:  M  ON   M    7 = DUSTSTORM OR SANDSTORM:
                                                       VSBY 1/2 MILE OR LESS
                                                   8 = SMOKE OR HAZE
[NO. OF DAYS WITH]      [WEATHER - DAYS WITH]      9 = BLOWING SNOW
                                                   X = TORNADO
MAX 32 OR BELOW:   0    0.01 INCH OR MORE:   9
MAX 90 OR ABOVE:   0    0.10 INCH OR MORE:   6
MIN 32 OR BELOW:   0    0.50 INCH OR MORE:   2
MIN  0 OR BELOW:   0    1.00 INCH OR MORE:   0

[HDD (BASE 65) ]
TOTAL THIS MO.    18    CLEAR  (SCALE 0-3)  12
DPTR FM NORMAL     9    PTCLDY (SCALE 4-7)   8
TOTAL FM JUL 1    18    CLOUDY (SCALE 8-10)  4
DPTR FM NORMAL     9

[CDD (BASE 65) ]
TOTAL THIS MO.   153
DPTR FM NORMAL    18    [PRESSURE DATA]
TOTAL FM JAN 1   293    HIGHEST SLP M ON M
DPTR FM NORMAL    52    LOWEST  SLP 29.65 ON  8

[REMARKS]
