000
CXUS51 KBOX 191200
CF6ORH
PRELIMINARY LOCAL CLIMATOLOGICAL DATA (WS FORM: F-6)

                                          STATION:   WORCESTER MA
                                          MONTH:     JANUARY
                                          YEAR:      2018
                                          LATITUDE:   42 16 N
                                          LONGITUDE:  71 52 W

  TEMPERATURE IN F:       :PCPN:    SNOW:  WIND      :SUNSHINE: SKY     :PK WND
================================================================================
1   2   3   4   5  6A  6B    7    8   9   10  11  12  13   14  15   16   17  18
                                     12Z  AVG MX 2MIN
DY MAX MIN AVG DEP HDD CDD  WTR  SNW DPTH SPD SPD DIR MIN PSBL S-S WX    SPD DR
================================================================================

 1   8  -5   2 -23  63   0 0.00  0.0    M 13.5 23 300   M    M   0        32 300
 2  15   0   8 -17  57   0 0.00  0.0    M 10.7 22 290   M    M   0        30 290
 3  23   8  16  -9  49   0 0.00  0.0    M  8.6 14 270   M    M   0        18 270
 4  26  15  21  -4  44   0 1.03 16.8    M 22.8 44 290   M    M  10 1289   57 310
 5  17   1   9 -15  56   0 0.00  0.0    M 25.7 39 270   M    M   5 9      52 280
 6   6  -4   1 -23  64   0 0.00  0.0    M 23.0 37 270   M    M   0 89     53 280
 7  13  -9   2 -22  63   0 0.00  0.0    M 12.7 23 220   M    M   1        29 230
 8  30  13  22  -2  43   0 0.02  0.4    M 16.3 24 220   M    M   7 1      32 230
 9  37  24  31   7  34   0 0.00  0.0    M 12.6 26 300   M    M   5 8      35 260
10  33  16  25   1  40   0 0.00  0.0    M  8.5 20 230   M    M   0        26 230
11  50  30  40  16  25   0 0.00  0.0    M 17.3 24 240   M    M   8 12     29 240
12  59  45  52  28  13   0 0.71  0.0    M 14.6 25 190   M    M  10 12     36 180
13  59  13  36  12  29   0 0.31  0.0    M 18.3 33 200   M    M   5 1      48 210
14  20   8  14 -10  51   0 0.00  0.0    M  9.1 17 320   M    M   0        24 320
15  17   6  12 -12  53   0    T    T    M  9.1 15  10   M    M   7        21  20
16  29  17  23  -1  42   0 0.00  0.0    M  4.4 16 230   M    M  10        19 230
17  30  23  27   3  38   0 0.30  3.9    M  5.8 15 280   M    M  10 1      21 310
18  25  12  19  -5  46   0 0.00  0.0    M 11.6 18 300   M    M   1        21 300
================================================================================
SM  497  213       810   0  2.37    21.1 244.6          M       79
================================================================================
AV 27.6 11.8                              13.6 FASTST   M    M   4    MAX(MPH)
                                 MISC ---->  # 44 290               # 57  310
================================================================================
NOTES:
# LAST OF SEVERAL OCCURRENCES

COLUMN 17 PEAK WIND IN M.P.H.

PRELIMINARY LOCAL CLIMATOLOGICAL DATA (WS FORM: F-6) , PAGE 2

                                          STATION:  WORCESTER MA
                                          MONTH:    JANUARY
                                          YEAR:     2018
                                          LATITUDE:   42 16 N
                                          LONGITUDE:  71 52 W

[TEMPERATURE DATA]      [PRECIPITATION DATA]       SYMBOLS USED IN COLUMN 16

AVERAGE MONTHLY: 19.7   TOTAL FOR MONTH:   2.37    1 = FOG OR MIST
DPTR FM NORMAL:  -4.4   DPTR FM NORMAL:    0.36    2 = FOG REDUCING VISIBILITY
HIGHEST:    59 ON 13,12 GRTST 24HR  1.03 ON  4- 4      TO 1/4 MILE OR LESS
LOWEST:     -9 ON  7                               3 = THUNDER
                        SNOW, ICE PELLETS, HAIL    4 = ICE PELLETS
                        TOTAL MONTH:  21.1 INCHES  5 = HAIL
                        GRTST 24HR  16.8 ON  4- 4  6 = FREEZING RAIN OR DRIZZLE
                        GRTST DEPTH:  M  ON   M    7 = DUSTSTORM OR SANDSTORM:
                                                       VSBY 1/2 MILE OR LESS
                                                   8 = SMOKE OR HAZE
[NO. OF DAYS WITH]      [WEATHER - DAYS WITH]      9 = BLOWING SNOW
                                                   X = TORNADO
MAX 32 OR BELOW:  13    0.01 INCH OR MORE:   5
MAX 90 OR ABOVE:   0    0.10 INCH OR MORE:   4
MIN 32 OR BELOW:  17    0.50 INCH OR MORE:   2
MIN  0 OR BELOW:   4    1.00 INCH OR MORE:   1

[HDD (BASE 65) ]
TOTAL THIS MO.   810    CLEAR  (SCALE 0-3)   8
DPTR FM NORMAL    76    PTCLDY (SCALE 4-7)   6
TOTAL FM JUL 1  3176    CLOUDY (SCALE 8-10)  4
DPTR FM NORMAL   -62

[CDD (BASE 65) ]
TOTAL THIS MO.     0
DPTR FM NORMAL     0    [PRESSURE DATA]
TOTAL FM JAN 1     0    HIGHEST SLP M ON M
DPTR FM NORMAL     0    LOWEST  SLP 28.85 ON  4

[REMARKS]
