000
CXUS52 KMLB 011237
CF6ORL
PRELIMINARY LOCAL CLIMATOLOGICAL DATA (WS FORM: F-6)

                                          STATION:   ORLANDO EXEC
                                          MONTH:     JANUARY
                                          YEAR:      2015
                                          LATITUDE:   28 32 N
                                          LONGITUDE:  81 20 W

  TEMPERATURE IN F:       :PCPN:    SNOW:  WIND      :SUNSHINE: SKY     :PK WND
================================================================================
1   2   3   4   5  6A  6B    7    8   9   10  11  12  13   14  15   16   17  18
                                     12Z  AVG MX 2MIN
DY MAX MIN AVG DEP HDD CDD  WTR  SNW DPTH SPD SPD DIR MIN PSBL S-S WX    SPD DR
================================================================================

 1  74  60  67   7   0   2    T  0.0    0  7.9 13 360   M    M  10 18     17 360
 2  79  61  70  10   0   5 0.00  0.0    0  5.2 14  70   M    M   8 12     18  60
 3  84  68  76  16   0  11 0.00  0.0    0  8.1 17 170   M    M   5 12     23 170
 4  84  68  76  16   0  11 0.00  0.0    0  8.4 20 190   M    M   3 1      28 200
 5  73  57  65   5   0   0 0.00  0.0    0  7.6 14  30   M    M   4        18 350
 6  78  54  66   6   0   1 0.00  0.0    0  5.6 15 300   M    M   1        19 290
 7  68  50  59  -1   6   0 0.00  0.0    0  8.1 18 340   M    M   0        24 360
 8  60  38  49 -11  16   0 0.00  0.0    0 14.2 24  10   M    M   2        32 350
 9  55  45  50 -10  15   0    T    M    0  6.0 13 310   M    M   6 18     17 330
10  68  44  56  -4   9   0 0.00  0.0    0  8.4 15  30   M    M   0        20  30
11  79  53  66   6   0   1 0.27  0.0    0  5.9 17 110   M    M   4 18     23 140
12  78  62  70  10   0   5 3.47  0.0    0  5.5 23 310   M    M   7 123    34 320
13  76  62  69   9   0   4 0.00  0.0    0  6.8 15  10   M    M   8 12     18  10
14  65  52  59  -1   6   0 0.00  0.0    0  9.5 16  20   M    M  10 1      20  10
15  63  53  58  -2   7   0 0.03  0.0    0  7.3 14  10   M    M  10 8      17 330
16  65  51  58  -2   7   0 0.02  0.0    0  6.6 14  60   M    M   5 1      19 340
17  74  49  62   2   3   0 0.00  0.0    0  6.5 16 100   M    M   1        20 110
18  70  55  63   3   2   0 0.00  0.0    0  8.6 21 290   M    M   1        28 310
19  70  48  59  -1   6   0 0.00  0.0    0  4.3 14  10   M    M   0 8      17  10
20  71  50  61   1   4   0 0.00  0.0    0  1.8 12 130   M    M   1        14 140
21  78  53  66   6   0   1 0.00  0.0    0  2.9 13  90   M    M   1 1      14  90
22  78  55  67   7   0   2 0.00  0.0    0  5.4 17  80   M    M   2 1      20  70
23  79  62  71  11   0   6    T  0.0    0 12.2 24 160   M    M   7        30 170
24  71  49  60  -1   5   0 0.29  0.0    0 16.3 30 270   M    M   5 13     38 270
25  64  45  55  -6  10   0 0.00  0.0    0  5.4 12 270   M    M   0        14 250
26  66  52  59  -2   6   0 0.20  0.0    0 15.2 35 280   M    M   2 1      45 280
27  67  44  56  -5   9   0 0.00  0.0    0 12.6 28 280   M    M   0        35 280
28  62  46  54  -7  11   0 0.00  0.0    0  7.6 15  20   M    M   0        20 360
29  71  43  57  -4   8   0 0.00  0.0    0  4.4 12 100   M    M   0        17  90
30  72  49  61   0   4   0 0.00  0.0    0  6.8 17 300   M    M   2        23 280
31  70  49  60  -1   5   0 0.00  0.0    0  7.9 17  80   M    M   1        24  70
================================================================================
SM 2212 1627       139  49  4.28     0.0 239.0          M      106
================================================================================
AV 71.4 52.5                               7.7 FASTST   M    M   3    MAX(MPH)
                                 MISC ---->  # 35 280               # 45  280
================================================================================
NOTES:
# LAST OF SEVERAL OCCURRENCES

COLUMN 17 PEAK WIND IN M.P.H.

PRELIMINARY LOCAL CLIMATOLOGICAL DATA (WS FORM: F-6) , PAGE 2

                                          STATION:  ORLANDO EXEC
                                          MONTH:    JANUARY
                                          YEAR:     2015
                                          LATITUDE:   28 32 N
                                          LONGITUDE:  81 20 W

[TEMPERATURE DATA]      [PRECIPITATION DATA]       SYMBOLS USED IN COLUMN 16

AVERAGE MONTHLY: 61.9   TOTAL FOR MONTH:   4.28    1 = FOG OR MIST
DPTR FM NORMAL:   1.7   DPTR FM NORMAL:    1.54    2 = FOG REDUCING VISIBILITY
HIGHEST:    84 ON  4, 3 GRTST 24HR  3.71 ON 11-12      TO 1/4 MILE OR LESS
LOWEST:     38 ON  8                               3 = THUNDER
                        SNOW, ICE PELLETS, HAIL    4 = ICE PELLETS
                        TOTAL MONTH:   0.0 INCH    5 = HAIL
                        GRTST 24HR     0.0         6 = FREEZING RAIN OR DRIZZLE
                        GRTST DEPTH:   0           7 = DUSTSTORM OR SANDSTORM:
                                                       VSBY 1/2 MILE OR LESS
                                                   8 = SMOKE OR HAZE
[NO. OF DAYS WITH]      [WEATHER - DAYS WITH]      9 = BLOWING SNOW
                                                   X = TORNADO
MAX 32 OR BELOW:   0    0.01 INCH OR MORE:   6
MAX 90 OR ABOVE:   0    0.10 INCH OR MORE:   4
MIN 32 OR BELOW:   0    0.50 INCH OR MORE:   1
MIN  0 OR BELOW:   0    1.00 INCH OR MORE:   1

[HDD (BASE 65) ]
TOTAL THIS MO.   139    CLEAR  (SCALE 0-3)  18
DPTR FM NORMAL   -52    PTCLDY (SCALE 4-7)   9
TOTAL FM JUL 1   309    CLOUDY (SCALE 8-10)  4
DPTR FM NORMAL   -55

[CDD (BASE 65) ]
TOTAL THIS MO.    49
DPTR FM NORMAL     5    [PRESSURE DATA]
TOTAL FM JAN 1    49    HIGHEST SLP 30.43 ON 10
DPTR FM NORMAL     9    LOWEST  SLP 29.80 ON 24

[REMARKS]
#FINAL-01-15#
