000
CXUS52 KMLB 220634
CF6ORL
PRELIMINARY LOCAL CLIMATOLOGICAL DATA (WS FORM: F-6)

                                          STATION:   ORLANDO EXEC
                                          MONTH:     JUNE
                                          YEAR:      2017
                                          LATITUDE:   28 32 N
                                          LONGITUDE:  81 20 W

  TEMPERATURE IN F:       :PCPN:    SNOW:  WIND      :SUNSHINE: SKY     :PK WND
================================================================================
1   2   3   4   5  6A  6B    7    8   9   10  11  12  13   14  15   16   17  18
                                     12Z  AVG MX 2MIN
DY MAX MIN AVG DEP HDD CDD  WTR  SNW DPTH SPD SPD DIR MIN PSBL S-S WX    SPD DR
================================================================================

 1  93  72  83   2   0  18 0.86  0.0    0  4.7 22  80   M    M   3 13     27  90
 2  88  72  80  -1   0  15 0.89  0.0    0  4.7 23 110   M    M   4 18     27 110
 3  90  71  81   0   0  16    T  0.0    0  5.3 17 190   M    M   5 13     23  70
 4  83  72  78  -3   0  13 0.05  0.0    0  5.3 16 160   M    M   4 123    20 140
 5  86  75  81   0   0  16 0.01  0.0    0  8.1 16 210   M    M   5 3      20 220
 6  86  73  80  -1   0  15 0.66  0.0    0  9.2 20 310   M    M   7 13     26 310
 7  82  72  77  -4   0  12 0.23  0.0    0 11.3 24 240   M    M   9 13     31 240
 8  82  72  77  -5   0  12 1.53  0.0    0  8.3 20 200   M    M   9 13     25 210
 9  88  70  79  -3   0  14 0.00  0.0    0  8.6 22  80   M    M   3        26  80
10  90  74  82   0   0  17 0.01  0.0    0  6.8 32 210   M    M   4 3      39 200
11  92  73  83   1   0  18 2.91  0.0    0  6.3 29 200   M    M   2 13     33 200
12  88  74  81  -1   0  16 0.18  0.0    0  5.4 25 100   M    M   4 13     32 110
13  88  71  80  -2   0  15 0.18  0.0    0  4.9 28 120   M    M   1 13     37 110
14  86  73  80  -2   0  15    T  0.0    0  4.1 26 170   M    M   4 123    33 170
15  89  71  80  -2   0  15 0.69  0.0    0  5.4 29 120   M    M   4 138    35 130
16  88  71  80  -2   0  15 0.07  0.0    0  5.7 25 220   M    M   3 13     32 250
17  92  72  82   0   0  17 0.00  0.0    0  4.5 23 150   M    M   2 3      29 150
18  93  74  84   2   0  19 0.02  0.0    0  4.3 17 150   M    M   2 13      M  M
19  89  74  82   0   0  17 0.46  0.0    0  8.1 30 150   M    M   3 138    36 140
20  91  75  83   1   0  18 0.07  0.0    0 11.1 20 140   M    M   2 18     25 130
21  93  77  85   3   0  20 0.05  0.0    0  9.0 24 160   M    M   3 138    29 150
================================================================================
SM 1857 1528         0 333  8.87     0.0 141.1          M       83
================================================================================
AV 88.4 72.8                               6.7 FASTST   M    M   4    MAX(MPH)
                                 MISC ---->  # 32 210               # 39  200
================================================================================
NOTES:
# LAST OF SEVERAL OCCURRENCES

COLUMN 17 PEAK WIND IN M.P.H.

PRELIMINARY LOCAL CLIMATOLOGICAL DATA (WS FORM: F-6) , PAGE 2

                                          STATION:  ORLANDO EXEC
                                          MONTH:    JUNE
                                          YEAR:     2017
                                          LATITUDE:   28 32 N
                                          LONGITUDE:  81 20 W

[TEMPERATURE DATA]      [PRECIPITATION DATA]       SYMBOLS USED IN COLUMN 16

AVERAGE MONTHLY: 80.6   TOTAL FOR MONTH:   8.87    1 = FOG OR MIST
DPTR FM NORMAL:  -1.1   DPTR FM NORMAL:    2.70    2 = FOG REDUCING VISIBILITY
HIGHEST:    93 ON 21,18 GRTST 24HR  2.91 ON 11-11      TO 1/4 MILE OR LESS
LOWEST:     70 ON  9                               3 = THUNDER
                        SNOW, ICE PELLETS, HAIL    4 = ICE PELLETS
                        TOTAL MONTH:   0.0 INCH    5 = HAIL
                        GRTST 24HR     0.0         6 = FREEZING RAIN OR DRIZZLE
                        GRTST DEPTH:   0           7 = DUSTSTORM OR SANDSTORM:
                                                       VSBY 1/2 MILE OR LESS
                                                   8 = SMOKE OR HAZE
[NO. OF DAYS WITH]      [WEATHER - DAYS WITH]      9 = BLOWING SNOW
                                                   X = TORNADO
MAX 32 OR BELOW:   0    0.01 INCH OR MORE:  17
MAX 90 OR ABOVE:   8    0.10 INCH OR MORE:  10
MIN 32 OR BELOW:   0    0.50 INCH OR MORE:   6
MIN  0 OR BELOW:   0    1.00 INCH OR MORE:   2

[HDD (BASE 65) ]
TOTAL THIS MO.     0    CLEAR  (SCALE 0-3)   9
DPTR FM NORMAL     0    PTCLDY (SCALE 4-7)  10
TOTAL FM JUL 1   192    CLOUDY (SCALE 8-10)  2
DPTR FM NORMAL  -338

[CDD (BASE 65) ]
TOTAL THIS MO.   333
DPTR FM NORMAL   -17    [PRESSURE DATA]
TOTAL FM JAN 1  1516    HIGHEST SLP M ON M
DPTR FM NORMAL   328    LOWEST  SLP 29.69 ON M

[REMARKS]
